-- Table structure for table `glpi_rackmodels`
--

CREATE TABLE `glpi_rackmodels` (
  `id` int(10) unsigned NOT NULL AUTO_INCREMENT,
  `name` varchar(255) COLLATE utf8mb4_unicode_ci DEFAULT NULL,
  `comment` text COLLATE utf8mb4_unicode_ci,
  `product_number` varchar(255) COLLATE utf8mb4_unicode_ci DEFAULT NULL,
  `date_mod` timestamp NULL DEFAULT NULL,
  `date_creation` timestamp NULL DEFAULT NULL,
  `pictures` text COLLATE utf8mb4_unicode_ci,
  PRIMARY KEY (`id`),
  KEY `name` (`name`),
  KEY `product_number` (`product_number`),
  KEY `date_creation` (`date_creation`),
  KEY `date_mod` (`date_mod`)
) ENGINE=InnoDB DEFAULT CHARSET=utf8mb4 COLLATE=utf8mb4_unicode_ci ROW_FORMAT=DYNAMIC;

--
-- Dumping data for table `glpi_rackmodels`
--


--
-- Table structure for table `glpi_racks`
--

CREATE TABLE `glpi_racks` (
  `id` int(10) unsigned NOT NULL AUTO_INCREMENT,
  `name` varchar(255) COLLATE utf8mb4_unicode_ci DEFAULT NULL,
  `comment` text COLLATE utf8mb4_unicode_ci,
  `entities_id` int(10) unsigned NOT NULL DEFAULT '0',
  `is_recursive` tinyint(4) NOT NULL DEFAULT '0',
  `locations_id` int(10) unsigned NOT NULL DEFAULT '0',
  `serial` varchar(255) COLLATE utf8mb4_unicode_ci DEFAULT NULL,
  `otherserial` varchar(255) COLLATE utf8mb4_unicode_ci DEFAULT NULL,
  `rackmodels_id` int(10) unsigned DEFAULT NULL,
  `manufacturers_id` int(10) unsigned NOT NULL DEFAULT '0',
  `racktypes_id` int(10) unsigned NOT NULL DEFAULT '0',
  `states_id` int(10) unsigned NOT NULL DEFAULT '0',
  `users_id_tech` int(10) unsigned NOT NULL DEFAULT '0',
  `groups_id_tech` int(10) unsigned NOT NULL DEFAULT '0',
  `width` int(11) DEFAULT NULL,
  `height` int(11) DEFAULT NULL,
  `depth` int(11) DEFAULT NULL,
  `number_units` int(11) DEFAULT '0',
  `is_template` tinyint(4) NOT NULL DEFAULT '0',
  `template_name` varchar(255) COLLATE utf8mb4_unicode_ci DEFAULT NULL,
  `is_deleted` tinyint(4) NOT NULL DEFAULT '0',
  `dcrooms_id` int(10) unsigned NOT NULL DEFAULT '0',
  `room_orientation` int(11) NOT NULL DEFAULT '0',
  `position` varchar(50) COLLATE utf8mb4_unicode_ci DEFAULT NULL,
  `bgcolor` varchar(7) COLLATE utf8mb4_unicode_ci DEFAULT NULL,
  `max_power` int(11) NOT NULL DEFAULT '0',
  `mesured_power` int(11) NOT NULL DEFAULT '0',
  `max_weight` int(11) NOT NULL DEFAULT '0',
  `date_mod` timestamp NULL DEFAULT NULL,
  `date_creation` timestamp NULL DEFAULT NULL,
  PRIMARY KEY (`id`),
  KEY `name` (`name`),
  KEY `entities_id` (`entities_id`),
  KEY `is_recursive` (`is_recursive`),
  KEY `locations_id` (`locations_id`),
  KEY `rackmodels_id` (`rackmodels_id`),
  KEY `manufacturers_id` (`manufacturers_id`),
  KEY `racktypes_id` (`racktypes_id`),
  KEY `states_id` (`states_id`),
  KEY `users_id_tech` (`users_id_tech`),
  KEY `group_id_tech` (`groups_id_tech`),
  KEY `is_template` (`is_template`),
  KEY `is_deleted` (`is_deleted`),
  KEY `dcrooms_id` (`dcrooms_id`),
  KEY `date_creation` (`date_creation`),
  KEY `date_mod` (`date_mod`)
) ENGINE=InnoDB DEFAULT CHARSET=utf8mb4 COLLATE=utf8mb4_unicode_ci ROW_FORMAT=DYNAMIC;

--
-- Dumping data for table `glpi_racks`
--


--
-- Table structure for table `glpi_racktypes`
--

CREATE TABLE `glpi_racktypes` (
  `id` int(10) unsigned NOT NULL AUTO_INCREMENT,
  `entities_id` int(10) unsigned NOT NULL DEFAULT '0',
  `is_recursive` tinyint(4) NOT NULL DEFAULT '0',
  `name` varchar(255) COLLATE utf8mb4_unicode_ci DEFAULT NULL,
  `comment` text COLLATE utf8mb4_unicode_ci,
  `date_creation` timestamp NULL DEFAULT NULL,
  `date_mod` timestamp NULL DEFAULT NULL,
  PRIMARY KEY (`id`),
  KEY `entities_id` (`entities_id`),
  KEY `is_recursive` (`is_recursive`),
  KEY `name` (`name`),
  KEY `date_creation` (`date_creation`),
  KEY `date_mod` (`date_mod`)
) ENGINE=InnoDB DEFAULT CHARSET=utf8mb4 COLLATE=utf8mb4_unicode_ci ROW_FORMAT=DYNAMIC;

--
-- Dumping data for table `glpi_racktypes`
--


--
-- Table structure for table `glpi_recurrentchanges`
--

CREATE TABLE `glpi_recurrentchanges` (
  `id` int(10) unsigned NOT NULL AUTO_INCREMENT,
  `name` varchar(255) COLLATE utf8mb4_unicode_ci DEFAULT NULL,
  `comment` text COLLATE utf8mb4_unicode_ci,
  `entities_id` int(10) unsigned NOT NULL DEFAULT '0',
  `is_recursive` tinyint(4) NOT NULL DEFAULT '0',
  `is_active` tinyint(4) NOT NULL DEFAULT '0',
  `changetemplates_id` int(10) unsigned NOT NULL DEFAULT '0',
  `begin_date` timestamp NULL DEFAULT NULL,
  `periodicity` varchar(255) COLLATE utf8mb4_unicode_ci DEFAULT NULL,
  `create_before` int(11) NOT NULL DEFAULT '0',
  `next_creation_date` timestamp NULL DEFAULT NULL,
  `calendars_id` int(10) unsigned NOT NULL DEFAULT '0',
  `end_date` timestamp NULL DEFAULT NULL,
  PRIMARY KEY (`id`),
  KEY `name` (`name`),
  KEY `entities_id` (`entities_id`),
  KEY `is_recursive` (`is_recursive`),
  KEY `is_active` (`is_active`),
  KEY `changetemplates_id` (`changetemplates_id`),
  KEY `next_creation_date` (`next_creation_date`),
  KEY `calendars_id` (`calendars_id`)
) ENGINE=InnoDB DEFAULT CHARSET=utf8mb4 COLLATE=utf8mb4_unicode_ci ROW_FORMAT=DYNAMIC;

--
-- Dumping data for table `glpi_recurrentchanges`
--


--
-- Table structure for table `glpi_refusedequipments`
--

CREATE TABLE `glpi_refusedequipments` (
  `id` int(10) unsigned NOT NULL AUTO_INCREMENT,
  `name` varchar(255) COLLATE utf8mb4_unicode_ci DEFAULT NULL,
  `itemtype` varchar(100) COLLATE utf8mb4_unicode_ci DEFAULT NULL,
  `entities_id` int(10) unsigned NOT NULL DEFAULT '0',
  `ip` varchar(255) COLLATE utf8mb4_unicode_ci DEFAULT NULL,
  `mac` varchar(255) COLLATE utf8mb4_unicode_ci DEFAULT NULL,
  `rules_id` int(10) unsigned NOT NULL DEFAULT '0',
  `method` varchar(255) COLLATE utf8mb4_unicode_ci DEFAULT NULL,
  `serial` varchar(255) COLLATE utf8mb4_unicode_ci DEFAULT NULL,
  `uuid` varchar(255) COLLATE utf8mb4_unicode_ci DEFAULT NULL,
  `agents_id` int(10) unsigned NOT NULL DEFAULT '0',
  `autoupdatesystems_id` int(10) unsigned NOT NULL DEFAULT '0',
  `date_creation` timestamp NULL DEFAULT NULL,
  `date_mod` timestamp NULL DEFAULT NULL,
  PRIMARY KEY (`id`),
  KEY `name` (`name`),
  KEY `entities_id` (`entities_id`),
  KEY `agents_id` (`agents_id`),
  KEY `autoupdatesystems_id` (`autoupdatesystems_id`),
  KEY `rules_id` (`rules_id`),
  KEY `date_creation` (`date_creation`),
  KEY `date_mod` (`date_mod`)
) ENGINE=InnoDB DEFAULT CHARSET=utf8mb4 COLLATE=utf8mb4_unicode_ci ROW_FORMAT=DYNAMIC;

--
-- Dumping data for table `glpi_refusedequipments`
--


--
-- Table structure for table `glpi_registeredids`
--

CREATE TABLE `glpi_registeredids` (
  `id` int(10) unsigned NOT NULL AUTO_INCREMENT,
  `name` varchar(255) COLLATE utf8mb4_unicode_ci DEFAULT NULL,
  `items_id` int(10) unsigned NOT NULL DEFAULT '0',
  `itemtype` varchar(100) COLLATE utf8mb4_unicode_ci NOT NULL,
  `device_type` varchar(100) COLLATE utf8mb4_unicode_ci NOT NULL COMMENT 'USB, PCI ...',
  PRIMARY KEY (`id`),
  KEY `name` (`name`),
  KEY `item` (`itemtype`,`items_id`),
  KEY `device_type` (`device_type`)
) ENGINE=InnoDB DEFAULT CHARSET=utf8mb4 COLLATE=utf8mb4_unicode_ci ROW_FORMAT=DYNAMIC;

--
-- Dumping data for table `glpi_registeredids`
--


--
-- Table structure for table `glpi_reminders`
--

CREATE TABLE `glpi_reminders` (
  `id` int(10) unsigned NOT NULL AUTO_INCREMENT,
  `uuid` varchar(255) COLLATE utf8mb4_unicode_ci DEFAULT NULL,
  `date` timestamp NULL DEFAULT NULL,
  `users_id` int(10) unsigned NOT NULL DEFAULT '0',
  `name` varchar(255) COLLATE utf8mb4_unicode_ci DEFAULT NULL,
  `text` text COLLATE utf8mb4_unicode_ci,
  `begin` timestamp NULL DEFAULT NULL,
  `end` timestamp NULL DEFAULT NULL,
  `is_planned` tinyint(4) NOT NULL DEFAULT '0',
  `date_mod` timestamp NULL DEFAULT NULL,
  `state` int(11) NOT NULL DEFAULT '0',
  `begin_view_date` timestamp NULL DEFAULT NULL,
  `end_view_date` timestamp NULL DEFAULT NULL,
  `date_creation` timestamp NULL DEFAULT NULL,
  PRIMARY KEY (`id`),
  UNIQUE KEY `uuid` (`uuid`),
  KEY `name` (`name`),
  KEY `date` (`date`),
  KEY `begin` (`begin`),
  KEY `end` (`end`),
  KEY `users_id` (`users_id`),
  KEY `is_planned` (`is_planned`),
  KEY `state` (`state`),
  KEY `date_mod` (`date_mod`),
  KEY `date_creation` (`date_creation`)
) ENGINE=InnoDB DEFAULT CHARSET=utf8mb4 COLLATE=utf8mb4_unicode_ci ROW_FORMAT=DYNAMIC;

--
-- Dumping data for table `glpi_reminders`
--


--
-- Table structure for table `glpi_reminders_users`
--

CREATE TABLE `glpi_reminders_users` (
  `id` int(10) unsigned NOT NULL AUTO_INCREMENT,
  `reminders_id` int(10) unsigned NOT NULL DEFAULT '0',
  `users_id` int(10) unsigned NOT NULL DEFAULT '0',
  PRIMARY KEY (`id`),
  KEY `reminders_id` (`reminders_id`),
  KEY `users_id` (`users_id`)
) ENGINE=InnoDB DEFAULT CHARSET=utf8mb4 COLLATE=utf8mb4_unicode_ci ROW_FORMAT=DYNAMIC;

--
-- Dumping data for table `glpi_reminders_users`
--


--
-- Table structure for table `glpi_remindertranslations`
--

CREATE TABLE `glpi_remindertranslations` (
  `id` int(10) unsigned NOT NULL AUTO_INCREMENT,
  `reminders_id` int(10) unsigned NOT NULL DEFAULT '0',
  `language` varchar(5) COLLATE utf8mb4_unicode_ci DEFAULT NULL,
  `name` text COLLATE utf8mb4_unicode_ci,
  `text` longtext COLLATE utf8mb4_unicode_ci,
  `users_id` int(10) unsigned NOT NULL DEFAULT '0',
  `date_mod` timestamp NULL DEFAULT NULL,
  `date_creation` timestamp NULL DEFAULT NULL,
  PRIMARY KEY (`id`),
  KEY `item` (`reminders_id`,`language`),
  KEY `users_id` (`users_id`),
  KEY `date_creation` (`date_creation`),
  KEY `date_mod` (`date_mod`)
) ENGINE=InnoDB DEFAULT CHARSET=utf8mb4 COLLATE=utf8mb4_unicode_ci ROW_FORMAT=DYNAMIC;

--
-- Dumping data for table `glpi_remindertranslations`
--


--
-- Table structure for table `glpi_requesttypes`
--

CREATE TABLE `glpi_requesttypes` (
  `id` int(10) unsigned NOT NULL AUTO_INCREMENT,
  `name` varchar(255) COLLATE utf8mb4_unicode_ci DEFAULT NULL,
  `is_helpdesk_default` tinyint(4) NOT NULL DEFAULT '0',
  `is_followup_default` tinyint(4) NOT NULL DEFAULT '0',
  `is_mail_default` tinyint(4) NOT NULL DEFAULT '0',
  `is_mailfollowup_default` tinyint(4) NOT NULL DEFAULT '0',
  `is_active` tinyint(4) NOT NULL DEFAULT '1',
  `is_ticketheader` tinyint(4) NOT NULL DEFAULT '1',
  `is_itilfollowup` tinyint(4) NOT NULL DEFAULT '1',
  `comment` text COLLATE utf8mb4_unicode_ci,
  `date_mod` timestamp NULL DEFAULT NULL,
  `date_creation` timestamp NULL DEFAULT NULL,
  PRIMARY KEY (`id`),
  KEY `name` (`name`),
  KEY `is_helpdesk_default` (`is_helpdesk_default`),
  KEY `is_followup_default` (`is_followup_default`),
  KEY `is_mail_default` (`is_mail_default`),
  KEY `is_mailfollowup_default` (`is_mailfollowup_default`),
  KEY `date_mod` (`date_mod`),
  KEY `date_creation` (`date_creation`),
  KEY `is_active` (`is_active`),
  KEY `is_ticketheader` (`is_ticketheader`),
  KEY `is_itilfollowup` (`is_itilfollowup`)
) ENGINE=InnoDB AUTO_INCREMENT=8 DEFAULT CHARSET=utf8mb4 COLLATE=utf8mb4_unicode_ci ROW_FORMAT=DYNAMIC;

--
-- Dumping data for table `glpi_requesttypes`
--

INSERT INTO `glpi_requesttypes` VALUES (1,'Helpdesk',1,1,0,0,1,1,1,NULL,NULL,NULL),(2,'E-Mail',0,0,1,1,1,1,1,NULL,NULL,NULL),(3,'Phone',0,0,0,0,1,1,1,NULL,NULL,NULL),(4,'Direct',0,0,0,0,1,1,1,NULL,NULL,NULL),(5,'Written',0,0,0,0,1,1,1,NULL,NULL,NULL),(6,'Other',0,0,0,0,1,1,1,NULL,NULL,NULL),(7,'Formcreator',0,0,0,0,1,1,1,NULL,NULL,NULL);

--
-- Table structure for table `glpi_reservationitems`
--

CREATE TABLE `glpi_reservationitems` (
  `id` int(10) unsigned NOT NULL AUTO_INCREMENT,
  `itemtype` varchar(100) COLLATE utf8mb4_unicode_ci NOT NULL,
  `entities_id` int(10) unsigned NOT NULL DEFAULT '0',
  `is_recursive` tinyint(4) NOT NULL DEFAULT '0',
  `items_id` int(10) unsigned NOT NULL DEFAULT '0',
  `comment` text COLLATE utf8mb4_unicode_ci,
  `is_active` tinyint(4) NOT NULL DEFAULT '1',
  PRIMARY KEY (`id`),
  UNIQUE KEY `unicity` (`itemtype`,`items_id`),
  KEY `is_active` (`is_active`),
  KEY `item` (`itemtype`,`items_id`),
  KEY `entities_id` (`entities_id`),
  KEY `is_recursive` (`is_recursive`)
) ENGINE=InnoDB DEFAULT CHARSET=utf8mb4 COLLATE=utf8mb4_unicode_ci ROW_FORMAT=DYNAMIC;

--
-- Dumping data for table `glpi_reservationitems`
--


--
-- Table structure for table `glpi_reservations`
--

CREATE TABLE `glpi_reservations` (
  `id` int(10) unsigned NOT NULL AUTO_INCREMENT,
  `reservationitems_id` int(10) unsigned NOT NULL DEFAULT '0',
  `begin` timestamp NULL DEFAULT NULL,
  `end` timestamp NULL DEFAULT NULL,
  `users_id` int(10) unsigned NOT NULL DEFAULT '0',
  `comment` text COLLATE utf8mb4_unicode_ci,
  `group` int(11) NOT NULL DEFAULT '0',
  PRIMARY KEY (`id`),
  KEY `begin` (`begin`),
  KEY `end` (`end`),
  KEY `users_id` (`users_id`),
  KEY `resagroup` (`reservationitems_id`,`group`)
) ENGINE=InnoDB DEFAULT CHARSET=utf8mb4 COLLATE=utf8mb4_unicode_ci ROW_FORMAT=DYNAMIC;

--
-- Dumping data for table `glpi_reservations`
--


--
-- Table structure for table `glpi_rssfeeds`
--

CREATE TABLE `glpi_rssfeeds` (
  `id` int(10) unsigned NOT NULL AUTO_INCREMENT,
  `name` varchar(255) COLLATE utf8mb4_unicode_ci DEFAULT NULL,
  `users_id` int(10) unsigned NOT NULL DEFAULT '0',
  `comment` text COLLATE utf8mb4_unicode_ci,
  `url` text COLLATE utf8mb4_unicode_ci,
  `refresh_rate` int(11) NOT NULL DEFAULT '86400',
  `max_items` int(11) NOT NULL DEFAULT '20',
  `have_error` tinyint(4) NOT NULL DEFAULT '0',
  `is_active` tinyint(4) NOT NULL DEFAULT '0',
  `date_mod` timestamp NULL DEFAULT NULL,
  `date_creation` timestamp NULL DEFAULT NULL,
  PRIMARY KEY (`id`),
  KEY `name` (`name`),
  KEY `users_id` (`users_id`),
  KEY `date_mod` (`date_mod`),
  KEY `have_error` (`have_error`),
  KEY `is_active` (`is_active`),
  KEY `date_creation` (`date_creation`)
) ENGINE=InnoDB DEFAULT CHARSET=utf8mb4 COLLATE=utf8mb4_unicode_ci ROW_FORMAT=DYNAMIC;

--
-- Dumping data for table `glpi_rssfeeds`
--


--
-- Table structure for table `glpi_rssfeeds_users`
--

CREATE TABLE `glpi_rssfeeds_users` (
  `id` int(10) unsigned NOT NULL AUTO_INCREMENT,
  `rssfeeds_id` int(10) unsigned NOT NULL DEFAULT '0',
  `users_id` int(10) unsigned NOT NULL DEFAULT '0',
  PRIMARY KEY (`id`),
  KEY `rssfeeds_id` (`rssfeeds_id`),
  KEY `users_id` (`users_id`)
) ENGINE=InnoDB DEFAULT CHARSET=utf8mb4 COLLATE=utf8mb4_unicode_ci ROW_FORMAT=DYNAMIC;

--
-- Dumping data for table `glpi_rssfeeds_users`
--


--
-- Table structure for table `glpi_ruleactions`
--

CREATE TABLE `glpi_ruleactions` (
  `id` int(10) unsigned NOT NULL AUTO_INCREMENT,
  `rules_id` int(10) unsigned NOT NULL DEFAULT '0',
  `action_type` varchar(255) COLLATE utf8mb4_unicode_ci DEFAULT NULL COMMENT 'VALUE IN (assign, regex_result, append_regex_result, affectbyip, affectbyfqdn, affectbymac)',
  `field` varchar(255) COLLATE utf8mb4_unicode_ci DEFAULT NULL,
  `value` varchar(255) COLLATE utf8mb4_unicode_ci DEFAULT NULL,
  PRIMARY KEY (`id`),
  KEY `rules_id` (`rules_id`),
  KEY `field_value` (`field`(50),`value`(50))
) ENGINE=InnoDB AUTO_INCREMENT=92 DEFAULT CHARSET=utf8mb4 COLLATE=utf8mb4_unicode_ci ROW_FORMAT=DYNAMIC;

--
-- Dumping data for table `glpi_ruleactions`
--

INSERT INTO `glpi_ruleactions` VALUES (1,1,'assign','_inventory','2'),(2,2,'assign','_inventory','0'),(3,3,'assign','_inventory','0'),(4,4,'assign','_inventory','0'),(5,5,'assign','_inventory','0'),(6,6,'assign','_inventory','0'),(7,7,'assign','_inventory','0'),(8,8,'assign','_inventory','0'),(9,9,'assign','_inventory','0'),(10,10,'assign','_inventory','2'),(11,11,'assign','_inventory','0'),(12,12,'assign','_inventory','0'),(13,13,'assign','_inventory','0'),(14,14,'assign','_inventory','0'),(15,15,'assign','_inventory','0'),(16,16,'assign','_inventory','0'),(17,17,'assign','_inventory','0'),(18,18,'assign','_inventory','0'),(19,19,'assign','_inventory','0'),(20,20,'assign','_inventory','0'),(21,21,'assign','_inventory','0'),(22,22,'assign','_inventory','2'),(23,23,'assign','_inventory','2'),(24,24,'assign','_inventory','0'),(25,25,'assign','_inventory','0'),(26,26,'assign','_inventory','0'),(27,27,'assign','_inventory','0'),(28,28,'assign','_inventory','2'),(29,29,'assign','_inventory','2'),(30,30,'assign','_inventory','0'),(31,31,'assign','_inventory','0'),(32,32,'assign','_inventory','0'),(33,33,'assign','_inventory','0'),(34,34,'assign','_inventory','2'),(35,35,'assign','_inventory','0'),(36,36,'assign','_inventory','0'),(37,37,'assign','_inventory','2'),(38,38,'assign','_inventory','0'),(39,39,'assign','_inventory','0'),(40,40,'assign','_inventory','2'),(41,41,'assign','_inventory','2'),(42,42,'assign','_inventory','0'),(43,43,'assign','_inventory','0'),(44,44,'assign','_inventory','2'),(45,45,'assign','_inventory','0'),(46,46,'assign','_inventory','0'),(47,47,'assign','_inventory','2'),(48,48,'assign','_inventory','0'),(49,49,'assign','_inventory','0'),(50,50,'assign','_inventory','2'),(51,51,'assign','_inventory','2'),(52,52,'assign','_inventory','0'),(53,53,'assign','_inventory','0'),(54,54,'assign','_inventory','0'),(55,55,'assign','_inventory','0'),(56,56,'assign','_inventory','2'),(57,57,'assign','_inventory','0'),(58,58,'assign','_inventory','0'),(59,59,'assign','_inventory','2'),(60,60,'assign','_inventory','0'),(61,61,'assign','_inventory','0'),(62,62,'assign','_inventory','2'),(63,63,'assign','entities_id','0'),(64,64,'assign','_refuse_email_no_response','1'),(65,65,'assign','_refuse_email_no_response','1'),(66,66,'assign','entities_id','0'),(67,67,'assign','_import_category','1'),(70,70,'regex_result','_affect_user_by_regex','#0'),(71,71,'regex_result','_affect_user_by_regex','#0'),(72,72,'regex_result','_affect_user_by_regex','#0'),(73,73,'append_regex_result','name','#0'),(74,74,'append_regex_result','name','#1'),(75,75,'append_regex_result','name','#1 #2'),(76,76,'append_regex_result','name','#1'),(77,77,'append_regex_result','name','#2'),(78,78,'append_regex_result','name','#3'),(79,79,'append_regex_result','name','#2'),(80,80,'append_regex_result','name','#4'),(81,81,'append_regex_result','name','#4'),(82,82,'fromitem','locations_id','1'),(83,83,'fromuser','locations_id','1'),(84,85,'assign','_groups_id_requester','7'),(85,86,'assign','_groups_id_requester','9'),(86,87,'assign','_groups_id_requester','8'),(87,88,'assign','_groups_id_requester','6'),(88,89,'assign','_groups_id_requester','4'),(89,90,'assign','_groups_id_requester','5'),(90,91,'assign','assign_project','5'),(91,88,'append','_groups_id_requester','6');

--
-- Table structure for table `glpi_rulecriterias`
--

CREATE TABLE `glpi_rulecriterias` (
  `id` int(10) unsigned NOT NULL AUTO_INCREMENT,
  `rules_id` int(10) unsigned NOT NULL DEFAULT '0',
  `criteria` varchar(255) COLLATE utf8mb4_unicode_ci DEFAULT NULL,
  `condition` int(11) NOT NULL DEFAULT '0' COMMENT 'see define.php PATTERN_* and REGEX_* constant',
  `pattern` text COLLATE utf8mb4_unicode_ci,
  PRIMARY KEY (`id`),
  KEY `rules_id` (`rules_id`),
  KEY `condition` (`condition`)
) ENGINE=InnoDB AUTO_INCREMENT=191 DEFAULT CHARSET=utf8mb4 COLLATE=utf8mb4_unicode_ci ROW_FORMAT=DYNAMIC;

--
-- Dumping data for table `glpi_rulecriterias`
--

INSERT INTO `glpi_rulecriterias` VALUES (1,1,'partial',0,'1'),(2,1,'itemtype',9,'1'),(3,2,'itemtype',9,'1'),(4,2,'mac',10,'1'),(5,2,'mac',8,'1'),(6,2,'ifnumber',10,'1'),(7,2,'ifnumber',8,'1'),(8,2,'link_criteria_port',203,'1'),(9,3,'itemtype',9,'1'),(10,3,'mac',10,'1'),(11,3,'mac',8,'1'),(12,3,'ifnumber',10,'1'),(13,3,'ifnumber',8,'1'),(14,4,'itemtype',9,'1'),(15,4,'mac',8,'1'),(16,4,'ifnumber',8,'1'),(17,5,'itemtype',9,'1'),(18,5,'ip',10,'1'),(19,5,'ip',8,'1'),(20,5,'ifdescr',10,'1'),(21,5,'ifdescr',8,'1'),(22,5,'link_criteria_port',203,'1'),(23,6,'itemtype',9,'1'),(24,6,'ip',10,'1'),(25,6,'ip',8,'1'),(26,6,'ifdescr',10,'1'),(27,6,'ifdescr',8,'1'),(28,7,'itemtype',9,'1'),(29,7,'ip',8,'1'),(30,7,'ifdescr',8,'1'),(31,8,'itemtype',9,'1'),(32,8,'mac',10,'1'),(33,8,'mac',8,'1'),(34,8,'only_these_criteria',204,'1'),(35,9,'itemtype',9,'1'),(36,9,'mac',8,'1'),(37,9,'only_these_criteria',204,'1'),(38,10,'itemtype',0,'Computer'),(39,10,'name',9,'1'),(40,11,'itemtype',0,'Computer'),(41,11,'serial',10,'1'),(42,11,'serial',8,'1'),(43,11,'uuid',10,'1'),(44,11,'uuid',8,'1'),(45,12,'itemtype',0,'Computer'),(46,12,'serial',10,'1'),(47,12,'serial',8,'1'),(48,12,'uuid',30,'1'),(49,13,'itemtype',0,'Computer'),(50,13,'uuid',8,'1'),(51,13,'serial',8,'1'),(52,14,'itemtype',0,'Computer'),(53,14,'serial',10,'1'),(54,14,'serial',8,'1'),(55,15,'itemtype',0,'Computer'),(56,15,'uuid',10,'1'),(57,15,'uuid',8,'1'),(58,16,'itemtype',0,'Computer'),(59,16,'mac',10,'1'),(60,16,'mac',8,'1'),(61,17,'itemtype',0,'Computer'),(62,17,'name',10,'1'),(63,17,'name',8,'1'),(64,18,'itemtype',0,'Computer'),(65,18,'serial',8,'1'),(66,19,'itemtype',0,'Computer'),(67,19,'uuid',8,'1'),(68,20,'itemtype',0,'Computer'),(69,20,'mac',8,'1'),(70,21,'itemtype',0,'Computer'),(71,21,'name',8,'1'),(72,22,'itemtype',0,'Computer'),(73,23,'itemtype',0,'Printer'),(74,23,'name',9,'1'),(75,24,'itemtype',0,'Printer'),(76,24,'serial',8,'1'),(77,24,'serial',10,'1'),(78,25,'itemtype',0,'Printer'),(79,25,'mac',8,'1'),(80,25,'mac',10,'1'),(81,26,'itemtype',0,'Printer'),(82,26,'serial',8,'1'),(83,27,'itemtype',0,'Printer'),(84,27,'mac',8,'1'),(85,28,'itemtype',0,'Printer'),(86,29,'itemtype',0,'NetworkEquipment'),(87,29,'name',9,'1'),(88,30,'itemtype',0,'NetworkEquipment'),(89,30,'serial',8,'1'),(90,30,'serial',10,'1'),(91,31,'itemtype',0,'NetworkEquipment'),(92,31,'mac',8,'1'),(93,31,'mac',10,'1'),(94,32,'itemtype',0,'NetworkEquipment'),(95,32,'serial',8,'1'),(96,33,'itemtype',0,'NetworkEquipment'),(97,33,'mac',8,'1'),(98,34,'itemtype',0,'NetworkEquipment'),(99,35,'itemtype',0,'Peripheral'),(100,35,'serial',8,'1'),(101,35,'serial',10,'1'),(102,36,'itemtype',0,'Peripheral'),(103,36,'serial',8,'1'),(104,37,'itemtype',0,'Peripheral'),(105,38,'itemtype',0,'Monitor'),(106,38,'serial',8,'1'),(107,38,'serial',10,'1'),(108,39,'itemtype',0,'Monitor'),(109,39,'serial',8,'1'),(110,40,'itemtype',0,'Monitor'),(111,41,'itemtype',0,'Phone'),(112,41,'name',9,'1'),(113,42,'itemtype',0,'Phone'),(114,42,'mac',10,'1'),(115,42,'mac',8,'1'),(116,43,'itemtype',0,'Phone'),(117,43,'mac',8,'1'),(118,44,'itemtype',0,'Phone'),(119,45,'itemtype',0,'Cluster'),(120,45,'uuid',8,'1'),(121,45,'uuid',10,'1'),(122,46,'itemtype',0,'Cluster'),(123,46,'uuid',8,'1'),(124,47,'itemtype',0,'Cluster'),(125,48,'itemtype',0,'Enclosure'),(126,48,'serial',8,'1'),(127,48,'serial',10,'1'),(128,49,'itemtype',0,'Enclosure'),(129,49,'serial',8,'1'),(130,50,'itemtype',0,'Enclosure'),(131,51,'name',9,'1'),(132,52,'serial',8,'1'),(133,52,'serial',10,'1'),(134,53,'mac',8,'1'),(135,53,'mac',10,'1'),(136,54,'serial',8,'1'),(137,55,'mac',8,'1'),(138,56,'itemtype',0,''),(139,57,'itemtype',0,'DatabaseInstance'),(140,57,'name',8,'1'),(141,57,'name',10,'1'),(142,57,'linked_item',10,'1'),(143,58,'itemtype',0,'DatabaseInstance'),(144,58,'name',8,'1'),(145,59,'itemtype',0,'DatabaseInstance'),(146,60,'itemtype',0,'Unmanaged'),(147,60,'name',8,'1'),(148,60,'name',10,'1'),(149,61,'itemtype',0,'Unmanaged'),(150,61,'name',8,'1'),(151,62,'itemtype',0,'Unmanaged'),(152,63,'subject',6,'/.*/'),(153,64,'x-auto-response-suppress',6,'/\\S+/'),(154,65,'auto-submitted',6,'/^(?!.*no).+$/i'),(155,66,'TYPE',0,'3'),(156,66,'TYPE',0,'2'),(157,67,'name',0,'*'),(162,70,'_itemtype',0,'Computer'),(163,70,'_auto',0,'1'),(164,70,'contact',6,'/(.*)@/'),(165,71,'_itemtype',0,'Computer'),(166,71,'_auto',0,'1'),(167,71,'contact',6,'/(.*)[,|\\/]/'),(168,72,'_itemtype',0,'Computer'),(169,72,'_auto',0,'1'),(170,72,'contact',6,'/(.*)/'),(171,73,'os_name',6,'/(SUSE|SunOS|Red Hat|CentOS|Ubuntu|Debian|Fedora|AlmaLinux|Oracle)(?:\\D+|)([\\d.]*) ?(?:\\(?([\\w ]+)\\)?)?/'),(172,74,'os_name',6,'/(Microsoft)(?&#62;\\(R\\)|®)? (Windows) (XP|\\d\\.\\d|\\d{1,4}|Vista)(™)? ?(.*)/'),(173,75,'os_name',6,'/(Microsoft)(?&#62;\\(R\\)|®)? (?:(Hyper-V|Windows)(?:\\(R\\))?) ((?:Server|))(?:\\(R\\)|®)? (\\d{4}(?: R2)?)(?:[,\\s]++)?([^\\s]*)(?: Edition(?: x64)?)?$/'),(174,76,'os_name',6,'/(SUSE|SunOS|Red Hat|CentOS|Ubuntu|Debian|Fedora|AlmaLinux|Oracle)(?:\\D+|)([\\d.]+) ?(?:\\(?([\\w ]+)\\)?)?/'),(175,77,'os_name',6,'/(Microsoft)(?&#62;\\(R\\)|®)? (Windows) (XP|\\d\\.\\d|\\d{1,4}|Vista)(™)? ?(.*)/'),(176,78,'os_name',6,'/(Microsoft)(?&#62;\\(R\\)|®)? (?:(Hyper-V|Windows)(?:\\(R\\))?) ((?:Server|))(?:\\(R\\)|®)? (\\d{4}(?: R2)?)(?:[,\\s]++)?([^\\s]*)(?: Edition(?: x64)?)?$/'),(177,79,'os_name',6,'/(SUSE|SunOS|Red Hat|CentOS|Ubuntu|Debian|Fedora|AlmaLinux|Oracle)(?:\\D+|)([\\d.]+) ?(?:\\(?([\\w ]+)\\)?)?/'),(178,80,'os_name',6,'/(Microsoft)(?&#62;\\(R\\)|®)? (Windows) (XP|\\d\\.\\d|\\d{1,4}|Vista)(™)? ?(.*)/'),(179,81,'os_name',6,'/(Microsoft)(?&#62;\\(R\\)|®)? (?:(Hyper-V|Windows)(?:\\(R\\))?) ((?:Server|))(?:\\(R\\)|®)? (\\d{4}(?: R2)?)(?:[,\\s]++)?([^\\s]*)(?: Edition(?: x64)?)?$/'),(180,82,'locations_id',9,'1'),(181,82,'items_locations',8,'1'),(182,83,'locations_id',9,'1'),(183,83,'_locations_id_of_requester',8,'1'),(184,85,'_groups_id_of_requester',0,'7'),(185,86,'_groups_id_of_requester',0,'9'),(186,87,'_groups_id_of_requester',0,'8'),(187,88,'_groups_id_of_requester',0,'6'),(188,89,'_groups_id_of_requester',0,'4'),(189,90,'_groups_id_of_requester',0,'5'),(190,91,'_groups_id_of_requester',0,'9');

--
-- Table structure for table `glpi_rulematchedlogs`
--

CREATE TABLE `glpi_rulematchedlogs` (
  `id` int(10) unsigned NOT NULL AUTO_INCREMENT,
  `date` timestamp NULL DEFAULT NULL,
  `items_id` int(10) unsigned NOT NULL DEFAULT '0',
  `itemtype` varchar(100) COLLATE utf8mb4_unicode_ci DEFAULT NULL,
  `rules_id` int(10) unsigned DEFAULT NULL,
  `agents_id` int(10) unsigned NOT NULL DEFAULT '0',
  `method` varchar(255) COLLATE utf8mb4_unicode_ci DEFAULT NULL,
  PRIMARY KEY (`id`),
  KEY `agents_id` (`agents_id`),
  KEY `item` (`itemtype`,`items_id`),
  KEY `rules_id` (`rules_id`)
) ENGINE=InnoDB DEFAULT CHARSET=utf8mb4 COLLATE=utf8mb4_unicode_ci ROW_FORMAT=DYNAMIC;

--
-- Dumping data for table `glpi_rulematchedlogs`
--


--
-- Table structure for table `glpi_rulerightparameters`
--

CREATE TABLE `glpi_rulerightparameters` (
  `id` int(10) unsigned NOT NULL AUTO_INCREMENT,
  `name` varchar(255) COLLATE utf8mb4_unicode_ci DEFAULT NULL,
  `value` varchar(255) COLLATE utf8mb4_unicode_ci DEFAULT NULL,
  `comment` text COLLATE utf8mb4_unicode_ci,
  `date_mod` timestamp NULL DEFAULT NULL,
  `date_creation` timestamp NULL DEFAULT NULL,
  PRIMARY KEY (`id`),
  KEY `name` (`name`),
  KEY `date_mod` (`date_mod`),
  KEY `date_creation` (`date_creation`)
) ENGINE=InnoDB AUTO_INCREMENT=15 DEFAULT CHARSET=utf8mb4 COLLATE=utf8mb4_unicode_ci ROW_FORMAT=DYNAMIC;

--
-- Dumping data for table `glpi_rulerightparameters`
--

INSERT INTO `glpi_rulerightparameters` VALUES (1,'(LDAP)Organization','o',NULL,NULL,NULL),(2,'(LDAP)Common Name','cn',NULL,NULL,NULL),(3,'(LDAP)Department Number','departmentnumber',NULL,NULL,NULL),(4,'(LDAP)Email','mail',NULL,NULL,NULL),(5,'Object Class','objectclass',NULL,NULL,NULL),(6,'(LDAP)User ID','uid',NULL,NULL,NULL),(7,'(LDAP)Telephone Number','phone',NULL,NULL,NULL),(8,'(LDAP)Employee Number','employeenumber',NULL,NULL,NULL),(9,'(LDAP)Manager','manager',NULL,NULL,NULL),(10,'(LDAP)DistinguishedName','dn',NULL,NULL,NULL),(12,'(AD)User ID','samaccountname',NULL,NULL,NULL),(13,'(LDAP) Title','title',NULL,NULL,NULL),(14,'(LDAP) MemberOf','memberof',NULL,NULL,NULL);

--
-- Table structure for table `glpi_rules`
--

CREATE TABLE `glpi_rules` (
  `id` int(10) unsigned NOT NULL AUTO_INCREMENT,
  `entities_id` int(10) unsigned NOT NULL DEFAULT '0',
  `sub_type` varchar(255) COLLATE utf8mb4_unicode_ci NOT NULL DEFAULT '',
  `ranking` int(11) NOT NULL DEFAULT '0',
  `name` varchar(255) COLLATE utf8mb4_unicode_ci DEFAULT NULL,
  `description` text COLLATE utf8mb4_unicode_ci,
  `match` char(10) COLLATE utf8mb4_unicode_ci DEFAULT NULL COMMENT 'see define.php *_MATCHING constant',
  `is_active` tinyint(4) NOT NULL DEFAULT '1',
  `comment` text COLLATE utf8mb4_unicode_ci,
  `date_mod` timestamp NULL DEFAULT NULL,
  `is_recursive` tinyint(4) NOT NULL DEFAULT '0',
  `uuid` varchar(255) COLLATE utf8mb4_unicode_ci DEFAULT NULL,
  `condition` int(11) NOT NULL DEFAULT '0',
  `date_creation` timestamp NULL DEFAULT NULL,
  PRIMARY KEY (`id`),
  KEY `name` (`name`),
  KEY `entities_id` (`entities_id`),
  KEY `is_active` (`is_active`),
  KEY `sub_type` (`sub_type`),
  KEY `date_mod` (`date_mod`),
  KEY `is_recursive` (`is_recursive`),
  KEY `condition` (`condition`),
  KEY `date_creation` (`date_creation`)
) ENGINE=InnoDB AUTO_INCREMENT=92 DEFAULT CHARSET=utf8mb4 COLLATE=utf8mb4_unicode_ci ROW_FORMAT=DYNAMIC;

--
-- Dumping data for table `glpi_rules`
--

INSERT INTO `glpi_rules` VALUES (1,0,'RuleImportAsset',1,'No creation on partial import','','AND',1,'','2023-06-16 18:51:19',1,'glpi_rule_import_asset_no_creation_on_partial_import',0,'2023-06-16 18:51:19'),(2,0,'RuleImportAsset',2,'Global update (by mac+ifnumber restricted port)','','AND',1,'','2023-06-16 18:51:19',1,'glpi_rule_import_asset_global_update_mac_ifnumber_restricted_port',0,'2023-06-16 18:51:19'),(3,0,'RuleImportAsset',3,'Global update (by mac+ifnumber not restricted port)','','AND',1,'','2023-06-16 18:51:19',1,'glpi_rule_import_asset_global_update_mac_ifnumber_no_restricted_port',0,'2023-06-16 18:51:19'),(4,0,'RuleImportAsset',4,'Global import (by mac+ifnumber)','','AND',1,'','2023-06-16 18:51:19',1,'glpi_rule_import_asset_global_import_mac_ifnumber',0,'2023-06-16 18:51:19'),(5,0,'RuleImportAsset',5,'Global update (by ip+ifdescr restricted port)','','AND',1,'','2023-06-16 18:51:19',1,'glpi_rule_import_asset_global_update_mac_ifdescr_restricted_port',0,'2023-06-16 18:51:19'),(6,0,'RuleImportAsset',6,'Global update (by ip+ifdescr not restricted port)','','AND',1,'','2023-06-16 18:51:19',1,'glpi_rule_import_asset_global_update_ip_ifdescr_no_restricted_port',0,'2023-06-16 18:51:19'),(7,0,'RuleImportAsset',7,'Global import (by ip+ifdescr)','','AND',1,'','2023-06-16 18:51:19',1,'glpi_rule_import_asset_global_import_ip_ifdescr',0,'2023-06-16 18:51:19'),(8,0,'RuleImportAsset',8,'Update only mac address (mac on switch port)','','AND',1,'','2023-06-16 18:51:19',1,'glpi_rule_import_asset_update_only_mac_adress',0,'2023-06-16 18:51:19'),(9,0,'RuleImportAsset',9,'Import only mac address (mac on switch port)','','AND',1,'','2023-06-16 18:51:19',1,'glpi_rule_import_asset_import_only_mac_adress',0,'2023-06-16 18:51:19'),(10,0,'RuleImportAsset',10,'Computer constraint (name)','','AND',1,'','2023-06-16 18:51:19',1,'glpi_rule_import_asset_computer_constraint_name',0,'2023-06-16 18:51:19'),(11,0,'RuleImportAsset',11,'Computer update (by serial + uuid)','','AND',1,'','2023-06-16 18:51:19',1,'glpi_rule_import_asset_computer_update_serial_uuid',0,'2023-06-16 18:51:19'),(12,0,'RuleImportAsset',12,'Computer update (by serial + uuid is empty in GLPI)','','AND',1,'','2023-06-16 18:51:19',1,'glpi_rule_import_asset_computer_update_serial_uuid_empty',0,'2023-06-16 18:51:19'),(13,0,'RuleImportAsset',13,'Computer import (by serial + uuid)','','AND',1,'','2023-06-16 18:51:19',1,'glpi_rule_import_asset_computer_import_serial_uuid',0,'2023-06-16 18:51:19'),(14,0,'RuleImportAsset',14,'Computer update (by serial)','','AND',1,'','2023-06-16 18:51:19',1,'glpi_rule_import_asset_computer_update_serial',0,'2023-06-16 18:51:19'),(15,0,'RuleImportAsset',15,'Computer update (by uuid)','','AND',0,'','2023-06-16 18:51:19',1,'glpi_rule_import_asset_computer_update_uuid',0,'2023-06-16 18:51:19'),(16,0,'RuleImportAsset',16,'Computer update (by mac)','','AND',0,'','2023-06-16 18:51:19',1,'glpi_rule_import_asset_computer_update_mac',0,'2023-06-16 18:51:19'),(17,0,'RuleImportAsset',17,'Computer update (by name)','','AND',1,'','2023-06-16 18:51:19',1,'glpi_rule_import_asset_computer_update_name',0,'2023-06-16 18:51:19'),(18,0,'RuleImportAsset',18,'Computer import (by serial)','','AND',1,'','2023-06-16 18:51:19',1,'glpi_rule_import_asset_computer_import_serial',0,'2023-06-16 18:51:19'),(19,0,'RuleImportAsset',19,'Computer import (by uuid)','','AND',0,'','2023-06-16 18:51:19',1,'glpi_rule_import_asset_computer_import_uuid',0,'2023-06-16 18:51:19'),(20,0,'RuleImportAsset',20,'Computer import (by mac)','','AND',0,'','2023-06-16 18:51:19',1,'glpi_rule_import_asset_computer_import_mac',0,'2023-06-16 18:51:19'),(21,0,'RuleImportAsset',21,'Computer import (by name)','','AND',1,'','2023-06-16 18:51:19',1,'glpi_rule_import_asset_computer_import_name',0,'2023-06-16 18:51:19'),(22,0,'RuleImportAsset',22,'Computer import denied','','AND',1,'','2023-06-16 18:51:19',1,'glpi_rule_import_asset_computer_import_denied',0,'2023-06-16 18:51:19'),(23,0,'RuleImportAsset',23,'Printer constraint (name)','','AND',1,'','2023-06-16 18:51:19',1,'glpi_rule_import_asset_printer_constraint_name',0,'2023-06-16 18:51:19'),(24,0,'RuleImportAsset',24,'Printer update (by serial)','','AND',1,'','2023-06-16 18:51:19',1,'glpi_rule_import_asset_printer_update_serial',0,'2023-06-16 18:51:19'),(25,0,'RuleImportAsset',25,'Printer update (by mac)','','AND',0,'','2023-06-16 18:51:19',1,'glpi_rule_import_asset_printer_update_mac',0,'2023-06-16 18:51:19'),(26,0,'RuleImportAsset',26,'Printer import (by serial)','','AND',1,'','2023-06-16 18:51:19',1,'glpi_rule_import_asset_printer_import_serial',0,'2023-06-16 18:51:19'),(27,0,'RuleImportAsset',27,'Printer import (by mac)','','AND',0,'','2023-06-16 18:51:19',1,'glpi_rule_import_asset_printer_import_mac',0,'2023-06-16 18:51:19'),(28,0,'RuleImportAsset',28,'Printer import denied','','AND',1,'','2023-06-16 18:51:19',1,'glpi_rule_import_asset_printer_import_denied',0,'2023-06-16 18:51:19'),(29,0,'RuleImportAsset',29,'NetworkEquipment constraint (name)','','AND',1,'','2023-06-16 18:51:19',1,'glpi_rule_import_asset_networkequipment_constraint_name',0,'2023-06-16 18:51:19'),(30,0,'RuleImportAsset',30,'NetworkEquipment update (by serial)','','AND',1,'','2023-06-16 18:51:19',1,'glpi_rule_import_asset_networkequipment_update_serial',0,'2023-06-16 18:51:19'),(31,0,'RuleImportAsset',31,'NetworkEquipment update (by mac)','','AND',0,'','2023-06-16 18:51:19',1,'glpi_rule_import_asset_networkequipment_update_mac',0,'2023-06-16 18:51:19'),(32,0,'RuleImportAsset',32,'NetworkEquipment import (by serial)','','AND',1,'','2023-06-16 18:51:19',1,'glpi_rule_import_asset_networkequipment_import_serial',0,'2023-06-16 18:51:19'),(33,0,'RuleImportAsset',33,'NetworkEquipment import (by mac)','','AND',0,'','2023-06-16 18:51:19',1,'glpi_rule_import_asset_networkequipment_import_mac',0,'2023-06-16 18:51:19'),(34,0,'RuleImportAsset',34,'NetworkEquipment import denied','','AND',1,'','2023-06-16 18:51:19',1,'glpi_rule_import_asset_networkequipment_import_denied',0,'2023-06-16 18:51:19'),(35,0,'RuleImportAsset',35,'Device update (by serial)','','AND',1,'','2023-06-16 18:51:19',1,'glpi_rule_import_asset_device_update_serial',0,'2023-06-16 18:51:19'),(36,0,'RuleImportAsset',36,'Device import (by serial)','','AND',1,'','2023-06-16 18:51:19',1,'glpi_rule_import_asset_device_importe_serial',0,'2023-06-16 18:51:19'),(37,0,'RuleImportAsset',37,'Device import denied','','AND',1,'','2023-06-16 18:51:19',1,'glpi_rule_import_asset_device_import_denied',0,'2023-06-16 18:51:19'),(38,0,'RuleImportAsset',38,'Monitor update (by serial)','','AND',1,'','2023-06-16 18:51:19',1,'glpi_rule_import_asset_monitor_update_serial',0,'2023-06-16 18:51:19'),(39,0,'RuleImportAsset',39,'Monitor import (by serial)','','AND',1,'','2023-06-16 18:51:19',1,'glpi_rule_import_asset_monitor_import_serial',0,'2023-06-16 18:51:19'),(40,0,'RuleImportAsset',40,'Monitor import denied','','AND',1,'','2023-06-16 18:51:19',1,'glpi_rule_import_asset_monitor_import_denied',0,'2023-06-16 18:51:19'),(41,0,'RuleImportAsset',41,'Phone constraint (name)','','AND',0,'','2023-06-16 18:51:19',1,'glpi_rule_import_asset_phone_constraint_name',0,'2023-06-16 18:51:19'),(42,0,'RuleImportAsset',42,'Phone update (by mac)','','AND',0,'','2023-06-16 18:51:19',1,'glpi_rule_import_asset_phone_update_mac',0,'2023-06-16 18:51:19'),(43,0,'RuleImportAsset',43,'Phone import (by mac)','','AND',0,'','2023-06-16 18:51:19',1,'glpi_rule_import_asset_phone_import_mac',0,'2023-06-16 18:51:19'),(44,0,'RuleImportAsset',44,'Phone import denied','','AND',0,'','2023-06-16 18:51:19',1,'glpi_rule_import_asset_phone_import_denied',0,'2023-06-16 18:51:19'),(45,0,'RuleImportAsset',45,'Cluster update (by uuid)','','AND',1,'','2023-06-16 18:51:19',1,'glpi_rule_import_asset_cluster_update_uuid',0,'2023-06-16 18:51:19'),(46,0,'RuleImportAsset',46,'Cluster import (by uuid)','','AND',1,'','2023-06-16 18:51:19',1,'glpi_rule_import_asset_cluster_import_uuid',0,'2023-06-16 18:51:19'),(47,0,'RuleImportAsset',47,'Cluster import denied','','AND',1,'','2023-06-16 18:51:19',1,'glpi_rule_import_asset_cluster_import_denied',0,'2023-06-16 18:51:19'),(48,0,'RuleImportAsset',48,'Enclosure update (by serial)','','AND',1,'','2023-06-16 18:51:19',1,'glpi_rule_import_asset_enclosure_update_serial',0,'2023-06-16 18:51:19'),(49,0,'RuleImportAsset',49,'Enclosure import (by serial)','','AND',1,'','2023-06-16 18:51:19',1,'glpi_rule_import_asset_enclosure_import_serial',0,'2023-06-16 18:51:19'),(50,0,'RuleImportAsset',50,'Enclosure import denied','','AND',1,'','2023-06-16 18:51:19',1,'glpi_rule_import_asset_enclosure_import_denied',0,'2023-06-16 18:51:19'),(51,0,'RuleImportAsset',51,'Global constraint (name)','','AND',1,'','2023-06-16 18:51:19',1,'glpi_rule_import_asset_global_constraint_name',0,'2023-06-16 18:51:19'),(52,0,'RuleImportAsset',52,'Global update (by serial)','','AND',1,'','2023-06-16 18:51:19',1,'glpi_rule_import_asset_global_update_serial',0,'2023-06-16 18:51:19'),(53,0,'RuleImportAsset',53,'Global update (by mac)','','AND',0,'','2023-06-16 18:51:19',1,'glpi_rule_import_asset_global_update_mac',0,'2023-06-16 18:51:19'),(54,0,'RuleImportAsset',54,'Global import (by serial)','','AND',1,'','2023-06-16 18:51:19',1,'glpi_rule_import_asset_global_import_serial',0,'2023-06-16 18:51:19'),(55,0,'RuleImportAsset',55,'Global import (by mac)','','AND',0,'','2023-06-16 18:51:19',1,'glpi_rule_import_asset_global_import_mac',0,'2023-06-16 18:51:19'),(56,0,'RuleImportAsset',56,'Global import denied','','AND',1,'','2023-06-16 18:51:19',1,'glpi_rule_import_asset_global_import_denied',0,'2023-06-16 18:51:19'),(57,0,'RuleImportAsset',57,'Database update (by name)','','AND',1,'','2023-06-16 18:51:19',1,'glpi_rule_import_asset_database_update_name',0,'2023-06-16 18:51:19'),(58,0,'RuleImportAsset',58,'Database import (by name)','','AND',1,'','2023-06-16 18:51:19',1,'glpi_rule_import_asset_database_import_name',0,'2023-06-16 18:51:19'),(59,0,'RuleImportAsset',59,'Database import denied','','AND',1,'','2023-06-16 18:51:19',1,'glpi_rule_import_asset_database_import_denied',0,'2023-06-16 18:51:19'),(60,0,'RuleImportAsset',60,'Unmanaged update (by name)','','AND',1,'','2023-06-16 18:51:19',1,'glpi_rule_import_asset_unmanaged_update_name',0,'2023-06-16 18:51:19'),(61,0,'RuleImportAsset',61,'Unmanaged import (by name)','','AND',1,'','2023-06-16 18:51:19',1,'glpi_rule_import_asset_unmanaged_import_name',0,'2023-06-16 18:51:19'),(62,0,'RuleImportAsset',62,'Unmanaged import denied','','AND',1,'','2023-06-16 18:51:19',1,'glpi_rule_import_asset_unmanaged_import_denied',0,'2023-06-16 18:51:19'),(63,0,'RuleMailCollector',3,'Root','','OR',1,'','2023-06-16 18:51:19',0,'glpi_rule_mail_collector_root',0,'2023-06-16 18:51:19'),(64,0,'RuleMailCollector',1,'X-Auto-Response-Suppress','Exclude Auto-Reply emails using X-Auto-Response-Suppress header','AND',0,'','2023-06-16 18:51:19',1,'glpi_rule_mail_collector_x_auto_response_suppress',0,'2023-06-16 18:51:19'),(65,0,'RuleMailCollector',2,'Auto-Reply Auto-Submitted','Exclude Auto-Reply emails using Auto-Submitted header','OR',1,'','2023-06-16 18:51:19',1,'glpi_rule_mail_collector_auto_reply_auto_submitted',0,'2023-06-16 18:51:19'),(66,0,'RuleRight',1,'Root','','OR',1,'','2023-06-16 18:51:19',0,'glpi_rule_right_root',0,'2023-06-16 18:51:19'),(67,0,'RuleSoftwareCategory',1,'Import category from inventory tool','','AND',0,'','2023-06-16 18:51:19',1,'glpi_rule_rule_software_category_import_category_from_inventory_tool',1,'2023-06-16 18:51:19'),(70,0,'RuleAsset',1,'Domain user assignation','','AND',1,'','2023-06-16 18:51:19',1,'glpi_rule_rule_asset_domain_user_assignation',3,'2023-06-16 18:51:19'),(71,0,'RuleAsset',2,'Multiple users: assign to the first','','AND',1,'','2023-06-16 18:51:19',1,'glpi_rule_rule_asset_multiple_user_assign_to_first',3,'2023-06-16 18:51:19'),(72,0,'RuleAsset',3,'One user assignation','','AND',1,'','2023-06-16 18:51:19',1,'glpi_rule_rule_asset_one_user_assignation',3,'2023-06-16 18:51:19'),(73,0,'RuleDictionnaryOperatingSystem',1,'Clean Linux OS Name','','AND',0,'/(SUSE|SunOS|Red Hat|CentOS|Ubuntu|Debian|Fedora|AlmaLinux|Oracle)(?:\\D+|)([\\d.]*) ?(?:\\(?([\\w ]+)\\)?)?/\n\n            Example :\n            Ubuntu 22.04.1 LTS -&#62; #0 = Ubuntu\n            SUSE Linux Enterprise Server 11 (x86_64)  -&#62;#0 = SUSE\n            SunOS -&#62; #0 = SunOS\n            Red Hat Enterprise Linux Server release 7.9 (Maipo) -&#62; #0 = Red Hat\n            Oracle Linux Server release 7.3 -&#62; #0 = Oracle\n            Fedora release 36 (Thirty Six) -&#62; #0 = Fedora\n            Debian GNU/Linux 9.5 (stretch) -&#62; #0 = Debian\n            CentOS Stream release 8 -&#62; #0 = CentOS\n            AlmaLinux 9.0 (Emerald Puma) -&#62; #0 = AlmaLinux','2023-06-16 18:51:19',1,'clean_linux_os_name',0,'2023-06-16 18:51:19'),(74,0,'RuleDictionnaryOperatingSystem',2,'Clean Windows OS Name','','AND',0,'/(Microsoft)(?&#62;\\(R\\)|®)? (Windows) (XP|\\d\\.\\d|\\d{1,4}|Vista)(™)? ?(.*)/\n\n            Example :\n            Microsoft Windows XP Professionnel -&#62; #1 : Windows\n            Microsoft Windows 7 Enterprise  -&#62; #1 : Windows\n            Microsoft® Windows Vista Professionnel  -&#62; #1 : Windows\n            Microsoft Windows XP Édition familiale  -&#62; #1 : Windows\n            Microsoft Windows 10 Entreprise  -&#62; #1 : Windows\n            Microsoft Windows 10 Professionnel  -&#62; #1 : Windows\n            Microsoft Windows 11 Professionnel  -&#62; #1 : Windows','2023-06-16 18:51:19',1,'clean_windows_os_name',0,'2023-06-16 18:51:19'),(75,0,'RuleDictionnaryOperatingSystem',3,'Clean Windows Server OS Name','','AND',0,'/(Microsoft)(?&#62;\\(R\\)|®)? (?:(Hyper-V|Windows)(?:\\(R\\))?) ((?:Server|))(?:\\(R\\)|®)? (\\d{4}(?: R2)?)(?:[,\\s]++)?([^\\s]*)(?: Edition(?: x64)?)?$/\n\n            Example :\n            Microsoft Windows Server 2012 R2 Datacenter -&#62; #1 #2 : Windows Server\n            Microsoft(R) Windows(R) Server 2003, Standard Edition x64 -&#62; #1 #2 : Windows Server\n            Microsoft Hyper-V Server 2012 R2 -&#62; #1 #2 : Hyper-V Server\n            Microsoft® Windows Server® 2008 Standard -&#62; #1 #2 : Windows Server','2023-06-16 18:51:19',1,'clean_windows_server_os_name',0,'2023-06-16 18:51:19'),(76,0,'RuleDictionnaryOperatingSystemVersion',1,'Clean Linux OS Version','','AND',0,'/(SUSE|SunOS|Red Hat|CentOS|Ubuntu|Debian|Fedora|AlmaLinux|Oracle)(?:\\D+|)([\\d.]+) ?(?:\\(?([\\w ]+)\\)?)?/\n\n            Example :\n            Ubuntu 22.04.1 LTS -&#62; #1 = 22.04.1\n            SUSE Linux Enterprise Server 11 (x86_64) -&#62; #1 =  11\n            SunOS 5.10 -&#62; #1 = 5.10\n            Red Hat Enterprise Linux Server release 7.9 (Maipo) -&#62; #1 = 7.9\n            Oracle Linux Server release 7.3 -&#62; #1 = 7.3\n            Fedora release 36 (Thirty Six) -&#62; #1 =  36\n            Debian GNU/Linux 9.5 (stretch) -&#62; #1 = 9.5\n            CentOS release 6.9 (Final) -&#62; #1 = 6.9\n            AlmaLinux 9.0 (Emerald Puma) -&#62; #1 = 9.0','2023-06-16 18:51:19',1,'clean_linux_os_version',0,'2023-06-16 18:51:19'),(77,0,'RuleDictionnaryOperatingSystemVersion',2,'Clean Windows OS Version','','AND',0,'/(Microsoft)(?&#62;\\(R\\)|®)? (Windows) (XP|\\d\\.\\d|\\d{1,4}|Vista)(™)? ?(.*)/\n\n            Example :\n            Microsoft Windows XP Professionnel -&#62; #2 : XP\n            Microsoft Windows 7 Enterprise  -&#62; #2 : 7\n            Microsoft® Windows Vista Professionnel  -&#62; #2 : Vista\n            Microsoft Windows XP Édition familiale  -&#62; #2 : XP\n            Microsoft Windows 10 Entreprise  -&#62; #2 : 10\n            Microsoft Windows 10 Professionnel  -&#62; #2 : 10\n            Microsoft Windows 11 Professionnel  -&#62; #2 : 11','2023-06-16 18:51:19',1,'clean_windows_os_version',0,'2023-06-16 18:51:19'),(78,0,'RuleDictionnaryOperatingSystemVersion',3,'Clean Windows Server OS Version','','AND',0,'/(Microsoft)(?&#62;\\(R\\)|®)? (?:(Hyper-V|Windows)(?:\\(R\\))?) ((?:Server|))(?:\\(R\\)|®)? (\\d{4}(?: R2)?)(?:[,\\s]++)?([^\\s]*)(?: Edition(?: x64)?)?$/\n\n            Example :\n            Microsoft Windows Server 2012 R2 Datacenter -&#62; #3 : 2012 R2\n            Microsoft(R) Windows(R) Server 2003, Standard Edition x64 -&#62; #3 : 2003\n            Microsoft Hyper-V Server 2012 R2 -&#62; #3 : 2012 R2\n            Microsoft® Windows Server® 2008 Standard -&#62; #3 : 2008','2023-06-16 18:51:19',1,'clean_windows_server_os_version',0,'2023-06-16 18:51:19'),(79,0,'RuleDictionnaryOperatingSystemEdition',1,'Clean Linux OS Edition','','AND',0,'/(SUSE|SunOS|Red Hat|CentOS|Ubuntu|Debian|Fedora|AlmaLinux|Oracle)(?:\\D+|)([\\d.]+) ?(?:\\(?([\\w ]+)\\)?)?/\n\n        Example :\n        Ubuntu 22.04.1 LTS -&#62; #2 = LTS\n        SUSE Linux Enterprise Server 11 (x86_64) -&#62; #2 = x86_64\n        Red Hat Enterprise Linux Server release 7.9 (Maipo) -&#62; #2 = Maipo\n        Red Hat Enterprise Linux Server release 6.10 (Santiago) -&#62; #2 = Santiago\n        Fedora release 36 (Thirty Six) -&#62; #2 = Thirty Six\n        Debian GNU/Linux 9.5 (stretch) -&#62; #2 = stretch\n        Debian GNU/Linux 8.9 (jessie) -&#62; #2 = jessie\n        CentOS Linux release 7.2.1511 (Core) -&#62; #2 = Core\n        AlmaLinux 9.0 (Emerald Puma) -&#62; #2 = Emerald Puma\n        AlmaLinux 8.6 (Sky Tiger) -&#62; #2 = Sky Tiger','2023-06-16 18:51:19',1,'clean_linux_os_edition',0,'2023-06-16 18:51:19'),(80,0,'RuleDictionnaryOperatingSystemEdition',2,'Clean Windows OS Edition','','AND',0,'/(Microsoft)(?&#62;\\(R\\)|®)? (Windows) (XP|\\d\\.\\d|\\d{1,4}|Vista)(™)? ?(.*)/\n\n        Example :\n        Microsoft Windows XP Professionnel -&#62; #4 : Professionnel\n        Microsoft Windows 7 Enterprise  -&#62; #4 : Enterprise\n        Microsoft® Windows Vista Professionnel  -&#62; #4 : Professionnel\n        Microsoft Windows XP Édition familiale  -&#62; #4 : Édition familiale\n        Microsoft Windows 10 Entreprise  -&#62; #4 : Entreprise\n        Microsoft Windows 10 Professionnel  -&#62; #4 : Professionnel\n        Microsoft Windows 11 Professionnel  -&#62; #4 : Professionnel','2023-06-16 18:51:19',1,'clean_windows_os_edition',0,'2023-06-16 18:51:19'),(81,0,'RuleDictionnaryOperatingSystemEdition',3,'Clean Windows Server OS Edition','','AND',0,'/(Microsoft)(?&#62;\\(R\\)|®)? (?:(Hyper-V|Windows)(?:\\(R\\))?) ((?:Server|))(?:\\(R\\)|®)? (\\d{4}(?: R2)?)(?:[,\\s]++)?([^\\s]*)(?: Edition(?: x64)?)?$/\n\n        Example :\n        Microsoft Windows Server 2012 R2 Datacenter -&#62; #4 : Datacenter\n        Microsoft(R) Windows(R) Server 2003, Standard Edition x64 -&#62; #4 : Standard\n        Microsoft Hyper-V Server 2012 R2 -&#62; #4 :\n        Microsoft® Windows Server® 2008 Standard -&#62; #4: Standard','2023-06-16 18:51:19',1,'clean_windows_server_os_edition',0,'2023-06-16 18:51:19'),(82,0,'RuleTicket',1,'Ticket location from item','','AND',0,'','2023-07-18 18:28:19',1,'glpi_rule_rule_ticket_location_from_item',1,'2023-07-18 18:28:19'),(83,0,'RuleTicket',2,'Ticket location from user','','AND',0,'','2023-07-18 18:28:19',1,'glpi_rule_rule_ticket_location_from_user',1,'2023-07-18 18:28:19'),(84,0,'RuleTicket',3,'Chamado de sistemas','','OR',1,'','2023-07-18 18:30:13',0,'95755b8f-e509fb39-64b6da3524a489.86994672',3,'2023-07-18 18:30:13'),(85,0,'RuleTicket',4,'Regra 1','','AND',1,'','2023-10-23 21:17:54',0,'95755b8f-e509fb39-6536cac895d043.83260922',2,'2023-10-23 19:34:32'),(86,0,'RuleTicket',5,'Regra 2','','AND',1,'','2023-10-23 21:18:27',0,'95755b8f-e509fb39-6536e26f924d40.74076363',2,'2023-10-23 21:15:27'),(87,0,'RuleTicket',6,'Regra 3','','AND',1,'','2023-10-23 21:18:25',0,'95755b8f-e509fb39-6536e26f9e8886.88852104',2,'2023-10-23 21:15:27'),(88,0,'RuleTicket',7,'Regra 4','','AND',1,'','2024-03-15 14:22:28',0,'95755b8f-e509fb39-6536e26fa68465.34014628',2,'2023-10-23 21:15:27'),(89,0,'RuleTicket',8,'Regra 5','','AND',1,'','2023-10-23 21:18:23',0,'95755b8f-e509fb39-6536e26fb01b00.17834277',2,'2023-10-23 21:15:27'),(90,0,'RuleTicket',9,'Regra 6','','AND',1,'','2023-10-23 21:18:21',0,'95755b8f-e509fb39-6536e26fba5d75.20469136',2,'2023-10-23 21:15:27'),(91,0,'RuleTicket',10,'Regra Projeto','','AND',0,'','2023-10-24 20:31:33',0,'95755b8f-e509fb39-6538299de9aed3.86891370',2,'2023-10-24 20:31:25');

--
-- Table structure for table `glpi_savedsearches`
--

CREATE TABLE `glpi_savedsearches` (
  `id` int(10) unsigned NOT NULL AUTO_INCREMENT,
  `name` varchar(255) COLLATE utf8mb4_unicode_ci DEFAULT NULL,
  `type` int(11) NOT NULL DEFAULT '0' COMMENT 'see SavedSearch:: constants',
  `itemtype` varchar(100) COLLATE utf8mb4_unicode_ci NOT NULL,
  `users_id` int(10) unsigned NOT NULL DEFAULT '0',
  `is_private` tinyint(4) NOT NULL DEFAULT '1',
  `entities_id` int(10) unsigned NOT NULL DEFAULT '0',
  `is_recursive` tinyint(4) NOT NULL DEFAULT '0',
  `query` text COLLATE utf8mb4_unicode_ci,
  `last_execution_time` int(11) DEFAULT NULL,
  `do_count` tinyint(4) NOT NULL DEFAULT '2' COMMENT 'Do or do not count results on list display see SavedSearch::COUNT_* constants',
  `last_execution_date` timestamp NULL DEFAULT NULL,
  `counter` int(11) NOT NULL DEFAULT '0',
  PRIMARY KEY (`id`),
  KEY `name` (`name`),
  KEY `type` (`type`),
  KEY `itemtype` (`itemtype`),
  KEY `entities_id` (`entities_id`),
  KEY `users_id` (`users_id`),
  KEY `is_private` (`is_private`),
  KEY `is_recursive` (`is_recursive`),
  KEY `last_execution_time` (`last_execution_time`),
  KEY `last_execution_date` (`last_execution_date`),
  KEY `do_count` (`do_count`)
) ENGINE=InnoDB AUTO_INCREMENT=6 DEFAULT CHARSET=utf8mb4 COLLATE=utf8mb4_unicode_ci ROW_FORMAT=DYNAMIC;

--
-- Dumping data for table `glpi_savedsearches`
--

INSERT INTO `glpi_savedsearches` VALUES (1,'Minhas em Aberto',1,'Ticket',24,1,0,0,'is_deleted=0&as_map=0&browse=0&criteria%5B0%5D%5Blink%5D=AND%20NOT&criteria%5B0%5D%5Bfield%5D=12&criteria%5B0%5D%5Bsearchtype%5D=equals&criteria%5B0%5D%5Bvalue%5D=6&criteria%5B1%5D%5Blink%5D=AND%20NOT&criteria%5B1%5D%5Bfield%5D=12&criteria%5B1%5D%5Bsearchtype%5D=equals&criteria%5B1%5D%5Bvalue%5D=5&criteria%5B2%5D%5Blink%5D=AND&criteria%5B2%5D%5Bfield%5D=4&criteria%5B2%5D%5Bsearchtype%5D=equals&criteria%5B2%5D%5Bvalue%5D=24&itemtype=Ticket&sort%5B0%5D=3&order%5B0%5D=DESC',2,2,'2023-10-12 00:50:20',1),(2,'Meus chamados',1,'Ticket',10,1,0,0,'is_deleted=0&as_map=0&browse=0&criteria%5B0%5D%5Blink%5D=AND&criteria%5B0%5D%5Bfield%5D=12&criteria%5B0%5D%5Bsearchtype%5D=equals&criteria%5B0%5D%5Bvalue%5D=notold&criteria%5B1%5D%5Blink%5D=AND&criteria%5B1%5D%5Bfield%5D=5&criteria%5B1%5D%5Bsearchtype%5D=equals&criteria%5B1%5D%5Bvalue%5D=myself&savedsearches_id=2&itemtype=Ticket&sort%5B0%5D=19&order%5B0%5D=DESC',1,2,'2023-10-25 16:04:22',11),(3,'HIAE',1,'Ticket',21,1,0,1,'',1,2,'2024-02-08 16:39:46',15),(4,'HIAE',1,'Ticket',21,1,0,1,'is_deleted=0&as_map=0&browse=0&criteria%5B0%5D%5Blink%5D=AND&criteria%5B0%5D%5Bfield%5D=12&criteria%5B0%5D%5Bsearchtype%5D=equals&criteria%5B0%5D%5Bvalue%5D=notold&criteria%5B1%5D%5Blink%5D=AND&criteria%5B1%5D%5Bcriteria%5D%5B0%5D%5Blink%5D=AND&criteria%5B1%5D%5Bcriteria%5D%5B0%5D%5Bfield%5D=4&criteria%5B1%5D%5Bcriteria%5D%5B0%5D%5Bsearchtype%5D=equals&criteria%5B1%5D%5Bcriteria%5D%5B0%5D%5Bvalue%5D=24&criteria%5B1%5D%5Bcriteria%5D%5B1%5D%5Blink%5D=OR&criteria%5B1%5D%5Bcriteria%5D%5B1%5D%5Bfield%5D=4&criteria%5B1%5D%5Bcriteria%5D%5B1%5D%5Bsearchtype%5D=equals&criteria%5B1%5D%5Bcriteria%5D%5B1%5D%5Bvalue%5D=28&savedsearches_id=3&itemtype=Ticket&sort%5B0%5D=19&order%5B0%5D=DESC',2,2,'2024-02-08 16:39:51',23),(5,'HIAE',1,'Ticket',10,1,0,0,'is_deleted=0&as_map=0&browse=0&criteria%5B0%5D%5Blink%5D=AND&criteria%5B0%5D%5Bfield%5D=12&criteria%5B0%5D%5Bsearchtype%5D=equals&criteria%5B0%5D%5Bvalue%5D=2&criteria%5B1%5D%5Blink%5D=AND&criteria%5B1%5D%5Bfield%5D=71&criteria%5B1%5D%5Bsearchtype%5D=equals&criteria%5B1%5D%5Bvalue%5D=7&itemtype=Ticket&sort%5B0%5D=4&order%5B0%5D=ASC',NULL,2,NULL,0);

--
-- Table structure for table `glpi_savedsearches_alerts`
--

CREATE TABLE `glpi_savedsearches_alerts` (
  `id` int(10) unsigned NOT NULL AUTO_INCREMENT,
  `savedsearches_id` int(10) unsigned NOT NULL DEFAULT '0',
  `name` varchar(255) COLLATE utf8mb4_unicode_ci DEFAULT NULL,
  `is_active` tinyint(4) NOT NULL DEFAULT '0',
  `operator` tinyint(4) NOT NULL,
  `value` int(11) NOT NULL,
  `date_mod` timestamp NULL DEFAULT NULL,
  `date_creation` timestamp NULL DEFAULT NULL,
  `frequency` int(11) NOT NULL DEFAULT '0',
  PRIMARY KEY (`id`),
  UNIQUE KEY `unicity` (`savedsearches_id`,`operator`,`value`),
  KEY `name` (`name`),
  KEY `is_active` (`is_active`),
  KEY `date_mod` (`date_mod`),
  KEY `date_creation` (`date_creation`)
) ENGINE=InnoDB DEFAULT CHARSET=utf8mb4 COLLATE=utf8mb4_unicode_ci ROW_FORMAT=DYNAMIC;

--
-- Dumping data for table `glpi_savedsearches_alerts`
--


--
-- Table structure for table `glpi_savedsearches_users`
--

CREATE TABLE `glpi_savedsearches_users` (
  `id` int(10) unsigned NOT NULL AUTO_INCREMENT,
  `users_id` int(10) unsigned NOT NULL DEFAULT '0',
  `itemtype` varchar(100) COLLATE utf8mb4_unicode_ci NOT NULL,
  `savedsearches_id` int(10) unsigned NOT NULL DEFAULT '0',
  PRIMARY KEY (`id`),
  UNIQUE KEY `unicity` (`users_id`,`itemtype`),
  KEY `savedsearches_id` (`savedsearches_id`)
) ENGINE=InnoDB DEFAULT CHARSET=utf8mb4 COLLATE=utf8mb4_unicode_ci ROW_FORMAT=DYNAMIC;

--
-- Dumping data for table `glpi_savedsearches_users`
--


--
-- Table structure for table `glpi_slalevelactions`
--

CREATE TABLE `glpi_slalevelactions` (
  `id` int(10) unsigned NOT NULL AUTO_INCREMENT,
  `slalevels_id` int(10) unsigned NOT NULL DEFAULT '0',
  `action_type` varchar(255) COLLATE utf8mb4_unicode_ci DEFAULT NULL,
  `field` varchar(255) COLLATE utf8mb4_unicode_ci DEFAULT NULL,
  `value` varchar(255) COLLATE utf8mb4_unicode_ci DEFAULT NULL,
  PRIMARY KEY (`id`),
  KEY `slalevels_id` (`slalevels_id`)
) ENGINE=InnoDB DEFAULT CHARSET=utf8mb4 COLLATE=utf8mb4_unicode_ci ROW_FORMAT=DYNAMIC;

--
-- Dumping data for table `glpi_slalevelactions`
--


--
-- Table structure for table `glpi_slalevelcriterias`
--

CREATE TABLE `glpi_slalevelcriterias` (
  `id` int(10) unsigned NOT NULL AUTO_INCREMENT,
  `slalevels_id` int(10) unsigned NOT NULL DEFAULT '0',
  `criteria` varchar(255) COLLATE utf8mb4_unicode_ci DEFAULT NULL,
  `condition` int(11) NOT NULL DEFAULT '0' COMMENT 'see define.php PATTERN_* and REGEX_* constant',
  `pattern` varchar(255) COLLATE utf8mb4_unicode_ci DEFAULT NULL,
  PRIMARY KEY (`id`),
  KEY `slalevels_id` (`slalevels_id`),
  KEY `condition` (`condition`)
) ENGINE=InnoDB DEFAULT CHARSET=utf8mb4 COLLATE=utf8mb4_unicode_ci ROW_FORMAT=DYNAMIC;

--
-- Dumping data for table `glpi_slalevelcriterias`
--


--
-- Table structure for table `glpi_slalevels`
--

CREATE TABLE `glpi_slalevels` (
  `id` int(10) unsigned NOT NULL AUTO_INCREMENT,
  `name` varchar(255) COLLATE utf8mb4_unicode_ci DEFAULT NULL,
  `slas_id` int(10) unsigned NOT NULL DEFAULT '0',
  `execution_time` int(11) NOT NULL,
  `is_active` tinyint(4) NOT NULL DEFAULT '1',
  `entities_id` int(10) unsigned NOT NULL DEFAULT '0',
  `is_recursive` tinyint(4) NOT NULL DEFAULT '0',
  `match` char(10) COLLATE utf8mb4_unicode_ci DEFAULT NULL COMMENT 'see define.php *_MATCHING constant',
  `uuid` varchar(255) COLLATE utf8mb4_unicode_ci DEFAULT NULL,
  PRIMARY KEY (`id`),
  KEY `name` (`name`),
  KEY `entities_id` (`entities_id`),
  KEY `is_recursive` (`is_recursive`),
  KEY `is_active` (`is_active`),
  KEY `slas_id` (`slas_id`)
) ENGINE=InnoDB DEFAULT CHARSET=utf8mb4 COLLATE=utf8mb4_unicode_ci ROW_FORMAT=DYNAMIC;

--
-- Dumping data for table `glpi_slalevels`
--


--
-- Table structure for table `glpi_slalevels_tickets`
--

CREATE TABLE `glpi_slalevels_tickets` (
  `id` int(10) unsigned NOT NULL AUTO_INCREMENT,
  `tickets_id` int(10) unsigned NOT NULL DEFAULT '0',
  `slalevels_id` int(10) unsigned NOT NULL DEFAULT '0',
  `date` timestamp NULL DEFAULT NULL,
  PRIMARY KEY (`id`),
  UNIQUE KEY `unicity` (`tickets_id`,`slalevels_id`),
  KEY `slalevels_id` (`slalevels_id`)
) ENGINE=InnoDB DEFAULT CHARSET=utf8mb4 COLLATE=utf8mb4_unicode_ci ROW_FORMAT=DYNAMIC;

--
-- Dumping data for table `glpi_slalevels_tickets`
--


--
-- Table structure for table `glpi_slas`
--

CREATE TABLE `glpi_slas` (
  `id` int(10) unsigned NOT NULL AUTO_INCREMENT,
  `name` varchar(255) COLLATE utf8mb4_unicode_ci DEFAULT NULL,
  `entities_id` int(10) unsigned NOT NULL DEFAULT '0',
  `is_recursive` tinyint(4) NOT NULL DEFAULT '0',
  `type` int(11) NOT NULL DEFAULT '0',
  `comment` text COLLATE utf8mb4_unicode_ci,
  `number_time` int(11) NOT NULL,
  `use_ticket_calendar` tinyint(4) NOT NULL DEFAULT '0',
  `calendars_id` int(10) unsigned NOT NULL DEFAULT '0',
  `date_mod` timestamp NULL DEFAULT NULL,
  `definition_time` varchar(255) COLLATE utf8mb4_unicode_ci DEFAULT NULL,
  `end_of_working_day` tinyint(4) NOT NULL DEFAULT '0',
  `date_creation` timestamp NULL DEFAULT NULL,
  `slms_id` int(10) unsigned NOT NULL DEFAULT '0',
  PRIMARY KEY (`id`),
  KEY `name` (`name`),
  KEY `entities_id` (`entities_id`),
  KEY `is_recursive` (`is_recursive`),
  KEY `date_mod` (`date_mod`),
  KEY `date_creation` (`date_creation`),
  KEY `calendars_id` (`calendars_id`),
  KEY `slms_id` (`slms_id`)
) ENGINE=InnoDB DEFAULT CHARSET=utf8mb4 COLLATE=utf8mb4_unicode_ci ROW_FORMAT=DYNAMIC;

--
-- Dumping data for table `glpi_slas`
--


--
-- Table structure for table `glpi_slms`
--

CREATE TABLE `glpi_slms` (
  `id` int(10) unsigned NOT NULL AUTO_INCREMENT,
  `name` varchar(255) COLLATE utf8mb4_unicode_ci DEFAULT NULL,
  `entities_id` int(10) unsigned NOT NULL DEFAULT '0',
  `is_recursive` tinyint(4) NOT NULL DEFAULT '0',
  `comment` text COLLATE utf8mb4_unicode_ci,
  `use_ticket_calendar` tinyint(4) NOT NULL DEFAULT '0',
  `calendars_id` int(10) unsigned NOT NULL DEFAULT '0',
  `date_mod` timestamp NULL DEFAULT NULL,
  `date_creation` timestamp NULL DEFAULT NULL,
  PRIMARY KEY (`id`),
  KEY `name` (`name`),
  KEY `entities_id` (`entities_id`),
  KEY `is_recursive` (`is_recursive`),
  KEY `calendars_id` (`calendars_id`),
  KEY `date_mod` (`date_mod`),
  KEY `date_creation` (`date_creation`)
) ENGINE=InnoDB DEFAULT CHARSET=utf8mb4 COLLATE=utf8mb4_unicode_ci ROW_FORMAT=DYNAMIC;

--
-- Dumping data for table `glpi_slms`
--


--
-- Table structure for table `glpi_socketmodels`
--

CREATE TABLE `glpi_socketmodels` (
  `id` int(10) unsigned NOT NULL AUTO_INCREMENT,
  `name` varchar(255) COLLATE utf8mb4_unicode_ci DEFAULT NULL,
  `comment` text COLLATE utf8mb4_unicode_ci,
  `date_mod` timestamp NULL DEFAULT NULL,
  `date_creation` timestamp NULL DEFAULT NULL,
  PRIMARY KEY (`id`),
  KEY `name` (`name`),
  KEY `date_mod` (`date_mod`),
  KEY `date_creation` (`date_creation`)
) ENGINE=InnoDB DEFAULT CHARSET=utf8mb4 COLLATE=utf8mb4_unicode_ci ROW_FORMAT=DYNAMIC;

--
-- Dumping data for table `glpi_socketmodels`
--


--
-- Table structure for table `glpi_sockets`
--

CREATE TABLE `glpi_sockets` (
  `id` int(10) unsigned NOT NULL AUTO_INCREMENT,
  `position` int(11) NOT NULL DEFAULT '0',
  `locations_id` int(10) unsigned NOT NULL DEFAULT '0',
  `name` varchar(255) COLLATE utf8mb4_unicode_ci DEFAULT NULL,
  `socketmodels_id` int(10) unsigned NOT NULL DEFAULT '0',
  `wiring_side` tinyint(4) DEFAULT '1',
  `itemtype` varchar(255) COLLATE utf8mb4_unicode_ci DEFAULT NULL,
  `items_id` int(10) unsigned NOT NULL DEFAULT '0',
  `networkports_id` int(10) unsigned NOT NULL DEFAULT '0',
  `comment` text COLLATE utf8mb4_unicode_ci,
  `date_mod` timestamp NULL DEFAULT NULL,
  `date_creation` timestamp NULL DEFAULT NULL,
  PRIMARY KEY (`id`),
  KEY `name` (`name`),
  KEY `socketmodels_id` (`socketmodels_id`),
  KEY `location_name` (`locations_id`,`name`),
  KEY `item` (`itemtype`,`items_id`),
  KEY `networkports_id` (`networkports_id`),
  KEY `wiring_side` (`wiring_side`),
  KEY `date_mod` (`date_mod`),
  KEY `date_creation` (`date_creation`)
) ENGINE=InnoDB DEFAULT CHARSET=utf8mb4 COLLATE=utf8mb4_unicode_ci ROW_FORMAT=DYNAMIC;

--
-- Dumping data for table `glpi_sockets`
--


--
-- Table structure for table `glpi_softwarecategories`
--

CREATE TABLE `glpi_softwarecategories` (
  `id` int(10) unsigned NOT NULL AUTO_INCREMENT,
  `name` varchar(255) COLLATE utf8mb4_unicode_ci DEFAULT NULL,
  `comment` text COLLATE utf8mb4_unicode_ci,
  `softwarecategories_id` int(10) unsigned NOT NULL DEFAULT '0',
  `completename` text COLLATE utf8mb4_unicode_ci,
  `level` int(11) NOT NULL DEFAULT '0',
  `ancestors_cache` longtext COLLATE utf8mb4_unicode_ci,
  `sons_cache` longtext COLLATE utf8mb4_unicode_ci,
  PRIMARY KEY (`id`),
  KEY `name` (`name`),
  KEY `softwarecategories_id` (`softwarecategories_id`),
  KEY `level` (`level`)
) ENGINE=InnoDB AUTO_INCREMENT=3 DEFAULT CHARSET=utf8mb4 COLLATE=utf8mb4_unicode_ci ROW_FORMAT=DYNAMIC;

--
-- Dumping data for table `glpi_softwarecategories`
--

INSERT INTO `glpi_softwarecategories` VALUES (1,'Inventoried',NULL,0,'Software from inventories',1,NULL,NULL),(2,'Gerenciamento de Arquitetura Corporativa','',0,'Gerenciamento de Arquitetura Corporativa',1,'[]',NULL);

--
-- Table structure for table `glpi_softwarelicenses`
--

CREATE TABLE `glpi_softwarelicenses` (
  `id` int(10) unsigned NOT NULL AUTO_INCREMENT,
  `softwares_id` int(10) unsigned NOT NULL DEFAULT '0',
  `softwarelicenses_id` int(10) unsigned NOT NULL DEFAULT '0',
  `completename` text COLLATE utf8mb4_unicode_ci,
  `level` int(11) NOT NULL DEFAULT '0',
  `ancestors_cache` longtext COLLATE utf8mb4_unicode_ci,
  `sons_cache` longtext COLLATE utf8mb4_unicode_ci,
  `entities_id` int(10) unsigned NOT NULL DEFAULT '0',
  `is_recursive` tinyint(4) NOT NULL DEFAULT '0',
  `number` int(11) NOT NULL DEFAULT '0',
  `softwarelicensetypes_id` int(10) unsigned NOT NULL DEFAULT '0',
  `name` varchar(255) COLLATE utf8mb4_unicode_ci DEFAULT NULL,
  `serial` varchar(255) COLLATE utf8mb4_unicode_ci DEFAULT NULL,
  `otherserial` varchar(255) COLLATE utf8mb4_unicode_ci DEFAULT NULL,
  `softwareversions_id_buy` int(10) unsigned NOT NULL DEFAULT '0',
  `softwareversions_id_use` int(10) unsigned NOT NULL DEFAULT '0',
  `expire` date DEFAULT NULL,
  `comment` text COLLATE utf8mb4_unicode_ci,
  `date_mod` timestamp NULL DEFAULT NULL,
  `is_valid` tinyint(4) NOT NULL DEFAULT '1',
  `date_creation` timestamp NULL DEFAULT NULL,
  `is_deleted` tinyint(4) NOT NULL DEFAULT '0',
  `locations_id` int(10) unsigned NOT NULL DEFAULT '0',
  `users_id_tech` int(10) unsigned NOT NULL DEFAULT '0',
  `users_id` int(10) unsigned NOT NULL DEFAULT '0',
  `groups_id_tech` int(10) unsigned NOT NULL DEFAULT '0',
  `groups_id` int(10) unsigned NOT NULL DEFAULT '0',
  `is_helpdesk_visible` tinyint(4) NOT NULL DEFAULT '0',
  `is_template` tinyint(4) NOT NULL DEFAULT '0',
  `template_name` varchar(255) COLLATE utf8mb4_unicode_ci DEFAULT NULL,
  `states_id` int(10) unsigned NOT NULL DEFAULT '0',
  `manufacturers_id` int(10) unsigned NOT NULL DEFAULT '0',
  `contact` varchar(255) COLLATE utf8mb4_unicode_ci DEFAULT NULL,
  `contact_num` varchar(255) COLLATE utf8mb4_unicode_ci DEFAULT NULL,
  `allow_overquota` tinyint(4) NOT NULL DEFAULT '0',
  `pictures` text COLLATE utf8mb4_unicode_ci,
  PRIMARY KEY (`id`),
  KEY `name` (`name`),
  KEY `is_template` (`is_template`),
  KEY `serial` (`serial`),
  KEY `otherserial` (`otherserial`),
  KEY `expire` (`expire`),
  KEY `softwareversions_id_buy` (`softwareversions_id_buy`),
  KEY `entities_id` (`entities_id`),
  KEY `is_recursive` (`is_recursive`),
  KEY `softwarelicensetypes_id` (`softwarelicensetypes_id`),
  KEY `softwareversions_id_use` (`softwareversions_id_use`),
  KEY `date_mod` (`date_mod`),
  KEY `softwares_id_expire_number` (`softwares_id`,`expire`,`number`),
  KEY `locations_id` (`locations_id`),
  KEY `users_id_tech` (`users_id_tech`),
  KEY `users_id` (`users_id`),
  KEY `groups_id_tech` (`groups_id_tech`),
  KEY `groups_id` (`groups_id`),
  KEY `is_helpdesk_visible` (`is_helpdesk_visible`),
  KEY `is_deleted` (`is_deleted`),
  KEY `date_creation` (`date_creation`),
  KEY `manufacturers_id` (`manufacturers_id`),
  KEY `states_id` (`states_id`),
  KEY `allow_overquota` (`allow_overquota`),
  KEY `softwarelicenses_id` (`softwarelicenses_id`),
  KEY `level` (`level`)
) ENGINE=InnoDB AUTO_INCREMENT=11 DEFAULT CHARSET=utf8mb4 COLLATE=utf8mb4_unicode_ci ROW_FORMAT=DYNAMIC;

--
-- Dumping data for table `glpi_softwarelicenses`
--

INSERT INTO `glpi_softwarelicenses` VALUES (1,1,0,'Orizon',1,NULL,'{\"1\":\"1\"}',0,0,1,3,'Orizon','\\\\liverpool01\\mega\\Licencia\\Licence-Y5663.must','1',0,0,'2024-10-31','','2024-06-05 14:03:27',1,'2023-06-19 19:04:11',0,1,0,0,0,0,0,0,NULL,1,1,NULL,NULL,0,NULL),(2,1,0,'Orizon (cópia)',1,'[]','{\"1\":\"1\"}',0,0,1,3,'Orizon (cópia)','\\\\liverpool01\\mega\\Licencia\\Licence-Y5663.must','1',0,0,'2023-07-31','','2023-06-20 14:07:18',1,'2023-06-20 13:36:03',1,1,0,0,0,3,0,0,NULL,1,1,NULL,NULL,0,NULL),(3,1,0,'Orizon (cópia de 2)',1,'[]','{\"1\":\"1\"}',0,0,1,3,'Orizon (cópia de 2)','\\\\liverpool01\\mega\\Licencia\\Licence-Y5663.must','1',0,0,'2023-07-31','','2023-06-20 13:37:19',1,'2023-06-20 13:36:03',1,1,0,0,0,3,0,0,NULL,1,1,NULL,NULL,0,NULL),(4,1,0,'Orizon (cópia de 3)',1,'[]','{\"1\":\"1\"}',0,0,1,3,'Orizon (cópia de 3)','\\\\liverpool01\\mega\\Licencia\\Licence-Y5663.must','1',0,0,'2023-07-31','','2023-06-20 13:37:19',1,'2023-06-20 13:36:03',1,1,0,0,0,3,0,0,NULL,1,1,NULL,NULL,0,NULL),(5,1,0,'Hiae-Hospital Albert Einstein',1,NULL,'{\"5\":\"5\"}',0,0,1,4,'Hiae-Hospital Albert Einstein','','1',0,0,'2025-12-30','','2024-06-05 14:04:01',1,'2023-06-20 13:42:20',0,1,0,0,0,0,0,0,NULL,1,1,NULL,NULL,0,NULL),(6,1,0,'Petros',1,NULL,'{\"6\":\"6\"}',0,0,1,3,'Petros','\\\\RJ01HOPEX\\Licencia\\Licence-Y6278.must','1',0,0,'2024-06-30','','2024-06-05 14:05:47',1,'2023-06-20 13:52:20',0,1,0,0,0,0,0,0,NULL,1,1,NULL,NULL,0,NULL),(7,1,0,'Arcos dourados',1,NULL,'{\"7\":\"7\"}',0,0,1,3,'Arcos dourados','\\\\CLOUDQWAP01\\LicenciaMega\\Licence-Y6157.must','1',0,0,'2025-05-31','','2024-06-05 14:04:35',1,'2023-06-20 13:56:02',0,1,0,0,0,0,0,0,NULL,1,1,NULL,NULL,0,NULL),(8,2,0,'VITERRA',1,NULL,'{\"8\":\"8\"}',0,0,1,3,'VITERRA','','1',0,0,NULL,'','2023-09-27 13:46:50',1,'2023-06-20 14:03:49',0,1,0,0,0,0,0,0,NULL,1,2,NULL,NULL,0,NULL),(9,2,0,'Hypermarcas',1,NULL,NULL,0,0,1,3,'Hypermarcas','','1',0,0,NULL,'','2023-06-20 14:04:28',1,'2023-06-20 14:04:28',0,1,0,0,0,0,0,0,NULL,1,2,NULL,NULL,0,NULL),(10,1,0,'Stone',1,NULL,'{\"10\":\"10\"}',0,0,1,3,'Stone','\\\\hopex-01\\mega\\License\\Licence-Y6479.must','',0,0,'2024-11-28','','2024-06-05 14:22:28',1,'2024-06-05 14:20:00',0,1,0,0,0,0,0,0,NULL,1,1,NULL,NULL,0,NULL);

--
-- Table structure for table `glpi_softwarelicensetypes`
--

CREATE TABLE `glpi_softwarelicensetypes` (
  `id` int(10) unsigned NOT NULL AUTO_INCREMENT,
  `name` varchar(255) COLLATE utf8mb4_unicode_ci DEFAULT NULL,
  `comment` text COLLATE utf8mb4_unicode_ci,
  `date_mod` timestamp NULL DEFAULT NULL,
  `date_creation` timestamp NULL DEFAULT NULL,
  `softwarelicensetypes_id` int(10) unsigned NOT NULL DEFAULT '0',
  `level` int(11) NOT NULL DEFAULT '0',
  `ancestors_cache` longtext COLLATE utf8mb4_unicode_ci,
  `sons_cache` longtext COLLATE utf8mb4_unicode_ci,
  `entities_id` int(10) unsigned NOT NULL DEFAULT '0',
  `is_recursive` tinyint(4) NOT NULL DEFAULT '0',
  `completename` text COLLATE utf8mb4_unicode_ci,
  PRIMARY KEY (`id`),
  KEY `name` (`name`),
  KEY `entities_id` (`entities_id`),
  KEY `is_recursive` (`is_recursive`),
  KEY `date_mod` (`date_mod`),
  KEY `date_creation` (`date_creation`),
  KEY `softwarelicensetypes_id` (`softwarelicensetypes_id`),
  KEY `level` (`level`)
) ENGINE=InnoDB AUTO_INCREMENT=5 DEFAULT CHARSET=utf8mb4 COLLATE=utf8mb4_unicode_ci ROW_FORMAT=DYNAMIC;

--
-- Dumping data for table `glpi_softwarelicensetypes`
--

INSERT INTO `glpi_softwarelicensetypes` VALUES (2,'Vitalícia','','2023-06-20 12:41:42','2023-06-20 12:41:42',0,1,'[]',NULL,0,0,'Vitalícia'),(3,'Alugada','','2023-06-20 12:41:56','2023-06-20 12:41:56',0,1,'[]',NULL,0,0,'Alugada'),(4,'SaaS Alugada','O item está atualmente ativo. Isso significa que está em pleno funcionamento e disponível para uso. Não há problemas ou restrições conhecidos que afetem a sua utilidade ou operação.','2023-06-20 13:39:43','2023-06-20 13:39:43',0,1,'[]',NULL,0,0,'SaaS Alugada');

--
-- Table structure for table `glpi_softwares`
--

CREATE TABLE `glpi_softwares` (
  `id` int(10) unsigned NOT NULL AUTO_INCREMENT,
  `entities_id` int(10) unsigned NOT NULL DEFAULT '0',
  `is_recursive` tinyint(4) NOT NULL DEFAULT '0',
  `name` varchar(255) COLLATE utf8mb4_unicode_ci DEFAULT NULL,
  `comment` text COLLATE utf8mb4_unicode_ci,
  `locations_id` int(10) unsigned NOT NULL DEFAULT '0',
  `users_id_tech` int(10) unsigned NOT NULL DEFAULT '0',
  `groups_id_tech` int(10) unsigned NOT NULL DEFAULT '0',
  `is_update` tinyint(4) NOT NULL DEFAULT '0',
  `softwares_id` int(10) unsigned NOT NULL DEFAULT '0',
  `manufacturers_id` int(10) unsigned NOT NULL DEFAULT '0',
  `is_deleted` tinyint(4) NOT NULL DEFAULT '0',
  `is_template` tinyint(4) NOT NULL DEFAULT '0',
  `template_name` varchar(255) COLLATE utf8mb4_unicode_ci DEFAULT NULL,
  `date_mod` timestamp NULL DEFAULT NULL,
  `users_id` int(10) unsigned NOT NULL DEFAULT '0',
  `groups_id` int(10) unsigned NOT NULL DEFAULT '0',
  `ticket_tco` decimal(20,4) DEFAULT '0.0000',
  `is_helpdesk_visible` tinyint(4) NOT NULL DEFAULT '1',
  `softwarecategories_id` int(10) unsigned NOT NULL DEFAULT '0',
  `is_valid` tinyint(4) NOT NULL DEFAULT '1',
  `date_creation` timestamp NULL DEFAULT NULL,
  `pictures` text COLLATE utf8mb4_unicode_ci,
  PRIMARY KEY (`id`),
  KEY `date_mod` (`date_mod`),
  KEY `name` (`name`),
  KEY `is_template` (`is_template`),
  KEY `is_update` (`is_update`),
  KEY `softwarecategories_id` (`softwarecategories_id`),
  KEY `entities_id` (`entities_id`),
  KEY `is_recursive` (`is_recursive`),
  KEY `manufacturers_id` (`manufacturers_id`),
  KEY `groups_id` (`groups_id`),
  KEY `users_id` (`users_id`),
  KEY `locations_id` (`locations_id`),
  KEY `users_id_tech` (`users_id_tech`),
  KEY `softwares_id` (`softwares_id`),
  KEY `is_deleted` (`is_deleted`),
  KEY `is_helpdesk_visible` (`is_helpdesk_visible`),
  KEY `groups_id_tech` (`groups_id_tech`),
  KEY `date_creation` (`date_creation`)
) ENGINE=InnoDB AUTO_INCREMENT=3 DEFAULT CHARSET=utf8mb4 COLLATE=utf8mb4_unicode_ci ROW_FORMAT=DYNAMIC;

--
-- Dumping data for table `glpi_softwares`
--

INSERT INTO `glpi_softwares` VALUES (1,0,0,'Hopex','',1,0,0,0,0,1,0,0,NULL,'2023-06-20 13:18:47',0,0,0.0000,1,2,1,'2023-06-19 18:52:33',NULL),(2,0,0,'Qualiware','',1,0,0,0,0,2,0,0,NULL,'2023-06-20 13:49:59',0,0,0.0000,1,0,1,'2023-06-20 13:49:59',NULL);

--
-- Table structure for table `glpi_softwareversions`
--

CREATE TABLE `glpi_softwareversions` (
  `id` int(10) unsigned NOT NULL AUTO_INCREMENT,
  `entities_id` int(10) unsigned NOT NULL DEFAULT '0',
  `is_recursive` tinyint(4) NOT NULL DEFAULT '0',
  `softwares_id` int(10) unsigned NOT NULL DEFAULT '0',
  `states_id` int(10) unsigned NOT NULL DEFAULT '0',
  `name` varchar(255) COLLATE utf8mb4_unicode_ci DEFAULT NULL,
  `arch` varchar(255) COLLATE utf8mb4_unicode_ci DEFAULT NULL,
  `comment` text COLLATE utf8mb4_unicode_ci,
  `operatingsystems_id` int(10) unsigned NOT NULL DEFAULT '0',
  `date_mod` timestamp NULL DEFAULT NULL,
  `date_creation` timestamp NULL DEFAULT NULL,
  PRIMARY KEY (`id`),
  KEY `name` (`name`),
  KEY `arch` (`arch`),
  KEY `softwares_id` (`softwares_id`),
  KEY `states_id` (`states_id`),
  KEY `entities_id` (`entities_id`),
  KEY `is_recursive` (`is_recursive`),
  KEY `operatingsystems_id` (`operatingsystems_id`),
  KEY `date_mod` (`date_mod`),
  KEY `date_creation` (`date_creation`)
) ENGINE=InnoDB DEFAULT CHARSET=utf8mb4 COLLATE=utf8mb4_unicode_ci ROW_FORMAT=DYNAMIC;

--
-- Dumping data for table `glpi_softwareversions`
--


--
-- Table structure for table `glpi_solutiontemplates`
--

CREATE TABLE `glpi_solutiontemplates` (
  `id` int(10) unsigned NOT NULL AUTO_INCREMENT,
  `entities_id` int(10) unsigned NOT NULL DEFAULT '0',
  `is_recursive` tinyint(4) NOT NULL DEFAULT '0',
  `name` varchar(255) COLLATE utf8mb4_unicode_ci DEFAULT NULL,
  `content` text COLLATE utf8mb4_unicode_ci,
  `solutiontypes_id` int(10) unsigned NOT NULL DEFAULT '0',
  `comment` text COLLATE utf8mb4_unicode_ci,
  `date_mod` timestamp NULL DEFAULT NULL,
  `date_creation` timestamp NULL DEFAULT NULL,
  PRIMARY KEY (`id`),
  KEY `name` (`name`),
  KEY `is_recursive` (`is_recursive`),
  KEY `solutiontypes_id` (`solutiontypes_id`),
  KEY `entities_id` (`entities_id`),
  KEY `date_mod` (`date_mod`),
  KEY `date_creation` (`date_creation`)
) ENGINE=InnoDB DEFAULT CHARSET=utf8mb4 COLLATE=utf8mb4_unicode_ci ROW_FORMAT=DYNAMIC;

--
-- Dumping data for table `glpi_solutiontemplates`
--


--
-- Table structure for table `glpi_solutiontypes`
--

CREATE TABLE `glpi_solutiontypes` (
  `id` int(10) unsigned NOT NULL AUTO_INCREMENT,
  `name` varchar(255) COLLATE utf8mb4_unicode_ci DEFAULT NULL,
  `comment` text COLLATE utf8mb4_unicode_ci,
  `entities_id` int(10) unsigned NOT NULL DEFAULT '0',
  `is_recursive` tinyint(4) NOT NULL DEFAULT '1',
  `date_mod` timestamp NULL DEFAULT NULL,
  `date_creation` timestamp NULL DEFAULT NULL,
  PRIMARY KEY (`id`),
  KEY `name` (`name`),
  KEY `entities_id` (`entities_id`),
  KEY `is_recursive` (`is_recursive`),
  KEY `date_mod` (`date_mod`),
  KEY `date_creation` (`date_creation`)
) ENGINE=InnoDB DEFAULT CHARSET=utf8mb4 COLLATE=utf8mb4_unicode_ci ROW_FORMAT=DYNAMIC;

--
-- Dumping data for table `glpi_solutiontypes`
--


--
-- Table structure for table `glpi_ssovariables`
--

CREATE TABLE `glpi_ssovariables` (
  `id` int(10) unsigned NOT NULL AUTO_INCREMENT,
  `name` varchar(255) COLLATE utf8mb4_unicode_ci DEFAULT NULL,
  `comment` text COLLATE utf8mb4_unicode_ci,
  `date_mod` timestamp NULL DEFAULT NULL,
  `date_creation` timestamp NULL DEFAULT NULL,
  PRIMARY KEY (`id`),
  KEY `name` (`name`),
  KEY `date_mod` (`date_mod`),
  KEY `date_creation` (`date_creation`)
) ENGINE=InnoDB AUTO_INCREMENT=7 DEFAULT CHARSET=utf8mb4 COLLATE=utf8mb4_unicode_ci ROW_FORMAT=DYNAMIC;

--
-- Dumping data for table `glpi_ssovariables`
--

INSERT INTO `glpi_ssovariables` VALUES (1,'HTTP_AUTH_USER',NULL,NULL,NULL),(2,'REMOTE_USER',NULL,NULL,NULL),(3,'PHP_AUTH_USER',NULL,NULL,NULL),(4,'USERNAME',NULL,NULL,NULL),(5,'REDIRECT_REMOTE_USER',NULL,NULL,NULL),(6,'HTTP_REMOTE_USER',NULL,NULL,NULL);

--
-- Table structure for table `glpi_states`
--

CREATE TABLE `glpi_states` (
  `id` int(10) unsigned NOT NULL AUTO_INCREMENT,
  `name` varchar(255) COLLATE utf8mb4_unicode_ci DEFAULT NULL,
  `entities_id` int(10) unsigned NOT NULL DEFAULT '0',
  `is_recursive` tinyint(4) NOT NULL DEFAULT '0',
  `comment` text COLLATE utf8mb4_unicode_ci,
  `states_id` int(10) unsigned NOT NULL DEFAULT '0',
  `completename` text COLLATE utf8mb4_unicode_ci,
  `level` int(11) NOT NULL DEFAULT '0',
  `ancestors_cache` longtext COLLATE utf8mb4_unicode_ci,
  `sons_cache` longtext COLLATE utf8mb4_unicode_ci,
  `is_visible_computer` tinyint(4) NOT NULL DEFAULT '1',
  `is_visible_monitor` tinyint(4) NOT NULL DEFAULT '1',
  `is_visible_networkequipment` tinyint(4) NOT NULL DEFAULT '1',
  `is_visible_peripheral` tinyint(4) NOT NULL DEFAULT '1',
  `is_visible_phone` tinyint(4) NOT NULL DEFAULT '1',
  `is_visible_printer` tinyint(4) NOT NULL DEFAULT '1',
  `is_visible_softwareversion` tinyint(4) NOT NULL DEFAULT '1',
  `is_visible_softwarelicense` tinyint(4) NOT NULL DEFAULT '1',
  `is_visible_line` tinyint(4) NOT NULL DEFAULT '1',
  `is_visible_certificate` tinyint(4) NOT NULL DEFAULT '1',
  `is_visible_rack` tinyint(4) NOT NULL DEFAULT '1',
  `is_visible_passivedcequipment` tinyint(4) NOT NULL DEFAULT '1',
  `is_visible_enclosure` tinyint(4) NOT NULL DEFAULT '1',
  `is_visible_pdu` tinyint(4) NOT NULL DEFAULT '1',
  `is_visible_cluster` tinyint(4) NOT NULL DEFAULT '1',
  `is_visible_contract` tinyint(4) NOT NULL DEFAULT '1',
  `is_visible_appliance` tinyint(4) NOT NULL DEFAULT '1',
  `is_visible_databaseinstance` tinyint(4) NOT NULL DEFAULT '1',
  `is_visible_cable` tinyint(4) NOT NULL DEFAULT '1',
  `date_mod` timestamp NULL DEFAULT NULL,
  `date_creation` timestamp NULL DEFAULT NULL,
  PRIMARY KEY (`id`),
  UNIQUE KEY `unicity` (`states_id`,`name`),
  KEY `name` (`name`),
  KEY `entities_id` (`entities_id`),
  KEY `is_recursive` (`is_recursive`),
  KEY `is_visible_computer` (`is_visible_computer`),
  KEY `is_visible_monitor` (`is_visible_monitor`),
  KEY `is_visible_networkequipment` (`is_visible_networkequipment`),
  KEY `is_visible_peripheral` (`is_visible_peripheral`),
  KEY `is_visible_phone` (`is_visible_phone`),
  KEY `is_visible_printer` (`is_visible_printer`),
  KEY `is_visible_softwareversion` (`is_visible_softwareversion`),
  KEY `is_visible_softwarelicense` (`is_visible_softwarelicense`),
  KEY `is_visible_line` (`is_visible_line`),
  KEY `is_visible_certificate` (`is_visible_certificate`),
  KEY `is_visible_rack` (`is_visible_rack`),
  KEY `is_visible_passivedcequipment` (`is_visible_passivedcequipment`),
  KEY `is_visible_enclosure` (`is_visible_enclosure`),
  KEY `is_visible_pdu` (`is_visible_pdu`),
  KEY `is_visible_cluster` (`is_visible_cluster`),
  KEY `is_visible_contract` (`is_visible_contract`),
  KEY `is_visible_appliance` (`is_visible_appliance`),
  KEY `is_visible_databaseinstance` (`is_visible_databaseinstance`),
  KEY `is_visible_cable` (`is_visible_cable`),
  KEY `date_mod` (`date_mod`),
  KEY `date_creation` (`date_creation`),
  KEY `level` (`level`)
) ENGINE=InnoDB AUTO_INCREMENT=4 DEFAULT CHARSET=utf8mb4 COLLATE=utf8mb4_unicode_ci ROW_FORMAT=DYNAMIC;

--
-- Dumping data for table `glpi_states`
--

INSERT INTO `glpi_states` VALUES (1,'Ativo',0,0,'O item está atualmente ativo. Isso significa que está em pleno funcionamento e disponível para uso. Não há problemas ou restrições conhecidos que afetem a sua utilidade ou operação.',0,'Ativo',1,'[]','{\"1\":1}',0,0,0,0,0,0,0,1,0,0,0,0,0,0,0,1,0,0,0,'2023-06-20 13:33:48','2023-06-20 12:53:19'),(3,'Desativado',0,0,'O item está atualmente desativado. Isso significa que ele não está em uso ou não está disponível para ser utilizado. Pode haver uma variedade de razões para que o item tenha sido desativado, como problemas técnicos, manutenção necessária, substituição por um item mais atual ou simplesmente não estar mais em funcionamento.',0,'Desativado',1,'[]','{\"3\":3}',0,0,0,0,0,0,0,1,0,0,0,0,0,0,0,1,0,0,0,'2023-06-20 13:34:17','2023-06-20 13:10:38');

--
-- Table structure for table `glpi_suppliers`
--

CREATE TABLE `glpi_suppliers` (
  `id` int(10) unsigned NOT NULL AUTO_INCREMENT,
  `entities_id` int(10) unsigned NOT NULL DEFAULT '0',
  `is_recursive` tinyint(4) NOT NULL DEFAULT '0',
  `name` varchar(255) COLLATE utf8mb4_unicode_ci DEFAULT NULL,
  `suppliertypes_id` int(10) unsigned NOT NULL DEFAULT '0',
  `registration_number` varchar(255) COLLATE utf8mb4_unicode_ci DEFAULT NULL,
  `address` text COLLATE utf8mb4_unicode_ci,
  `postcode` varchar(255) COLLATE utf8mb4_unicode_ci DEFAULT NULL,
  `town` varchar(255) COLLATE utf8mb4_unicode_ci DEFAULT NULL,
  `state` varchar(255) COLLATE utf8mb4_unicode_ci DEFAULT NULL,
  `country` varchar(255) COLLATE utf8mb4_unicode_ci DEFAULT NULL,
  `website` varchar(255) COLLATE utf8mb4_unicode_ci DEFAULT NULL,
  `phonenumber` varchar(255) COLLATE utf8mb4_unicode_ci DEFAULT NULL,
  `comment` text COLLATE utf8mb4_unicode_ci,
  `is_deleted` tinyint(4) NOT NULL DEFAULT '0',
  `fax` varchar(255) COLLATE utf8mb4_unicode_ci DEFAULT NULL,
  `email` varchar(255) COLLATE utf8mb4_unicode_ci DEFAULT NULL,
  `date_mod` timestamp NULL DEFAULT NULL,
  `date_creation` timestamp NULL DEFAULT NULL,
  `is_active` tinyint(4) NOT NULL DEFAULT '0',
  `pictures` text COLLATE utf8mb4_unicode_ci,
  PRIMARY KEY (`id`),
  KEY `name` (`name`),
  KEY `entities_id` (`entities_id`),
  KEY `is_recursive` (`is_recursive`),
  KEY `suppliertypes_id` (`suppliertypes_id`),
  KEY `is_deleted` (`is_deleted`),
  KEY `date_mod` (`date_mod`),
  KEY `date_creation` (`date_creation`),
  KEY `is_active` (`is_active`)
) ENGINE=InnoDB AUTO_INCREMENT=2 DEFAULT CHARSET=utf8mb4 COLLATE=utf8mb4_unicode_ci ROW_FORMAT=DYNAMIC;

--
-- Dumping data for table `glpi_suppliers`
--

INSERT INTO `glpi_suppliers` VALUES (1,0,0,'MEGA',0,'','','','','','','','','',0,'','','2023-06-20 18:17:50','2023-06-20 18:17:50',1,NULL);

--
-- Table structure for table `glpi_suppliers_tickets`
--

CREATE TABLE `glpi_suppliers_tickets` (
  `id` int(10) unsigned NOT NULL AUTO_INCREMENT,
  `tickets_id` int(10) unsigned NOT NULL DEFAULT '0',
  `suppliers_id` int(10) unsigned NOT NULL DEFAULT '0',
  `type` int(11) NOT NULL DEFAULT '1',
  `use_notification` tinyint(4) NOT NULL DEFAULT '1',
  `alternative_email` varchar(255) COLLATE utf8mb4_unicode_ci DEFAULT NULL,
  PRIMARY KEY (`id`),
  UNIQUE KEY `unicity` (`tickets_id`,`type`,`suppliers_id`),
  KEY `group` (`suppliers_id`,`type`)
) ENGINE=InnoDB AUTO_INCREMENT=92 DEFAULT CHARSET=utf8mb4 COLLATE=utf8mb4_unicode_ci ROW_FORMAT=DYNAMIC;

--
-- Dumping data for table `glpi_suppliers_tickets`
--

INSERT INTO `glpi_suppliers_tickets` VALUES (1,27,1,2,0,''),(2,28,1,2,0,''),(3,30,1,2,0,''),(4,124,1,2,0,''),(5,31,1,2,0,''),(6,29,1,2,1,''),(7,32,1,2,1,''),(8,125,1,2,1,''),(9,2023092901,1,2,1,''),(10,2023092902,1,2,1,''),(11,2023092903,1,2,1,''),(12,2023092904,1,2,1,''),(13,2023092905,1,2,1,''),(14,2023092906,1,2,1,''),(15,2023092907,1,2,1,''),(16,2023092908,1,2,1,''),(17,2023092909,1,2,1,''),(18,2023092910,1,2,1,''),(19,2023092911,1,2,1,''),(20,2023092912,1,2,1,''),(21,2023092913,1,2,1,''),(22,2023092914,1,2,1,''),(23,2023092915,1,2,1,''),(24,2023092916,1,2,1,''),(25,2023092917,1,2,1,''),(26,2023092918,1,2,1,''),(27,2023092920,1,2,1,''),(28,2023092921,1,2,1,''),(29,2023092922,1,2,1,''),(30,2023092923,1,2,1,''),(31,2023092924,1,2,1,''),(32,2023092925,1,2,1,''),(33,2023092926,1,2,1,''),(34,2023092927,1,2,1,''),(35,2023092928,1,2,1,''),(36,2023092929,1,2,1,''),(37,2023092930,1,2,1,''),(38,2023092931,1,2,1,''),(39,2023092932,1,2,1,''),(40,2023092933,1,2,1,''),(41,2023092934,1,2,1,''),(42,2023092935,1,2,1,''),(43,2023092937,1,2,1,''),(44,2023092938,1,2,1,''),(45,2023092939,1,2,1,''),(46,2023092940,1,2,1,''),(47,2023092941,1,2,1,''),(48,2023092942,1,2,1,''),(49,2023100203,1,2,1,''),(50,2023100205,1,2,1,''),(51,2023100207,1,2,1,''),(52,2023100209,1,2,1,''),(53,2023100211,1,2,1,''),(54,2023100212,1,2,1,''),(55,2023100213,1,2,1,''),(56,2023100215,1,2,1,''),(57,2023100216,1,2,1,''),(58,2023100217,1,2,1,''),(59,2023100218,1,2,1,''),(60,2023100220,1,2,1,''),(61,2023100221,1,2,1,''),(62,2023100222,1,2,1,''),(63,2023100223,1,2,1,''),(64,2023100225,1,2,1,''),(65,2023100226,1,2,1,''),(66,2023100227,1,2,1,''),(67,2023100230,1,2,1,''),(68,2023100231,1,2,1,''),(69,2023100234,1,2,1,''),(70,2023100235,1,2,1,''),(71,2023100237,1,2,1,''),(72,2023100238,1,2,1,''),(73,2023100240,1,2,1,''),(74,2023100301,1,2,1,''),(75,2023100302,1,2,1,''),(76,2023100303,1,2,1,''),(77,2023100305,1,2,1,''),(78,2023100306,1,2,1,''),(79,2023100307,1,2,1,''),(80,2023100309,1,2,1,''),(81,2023100902,1,2,0,''),(82,2023100903,1,2,0,''),(83,2023100904,1,2,0,''),(84,2023100905,1,2,0,''),(85,2023100906,1,2,0,''),(87,2023100908,1,2,0,''),(90,2024032103,1,2,0,''),(91,2024011201,1,2,0,'');

--
-- Table structure for table `glpi_suppliertypes`
--

CREATE TABLE `glpi_suppliertypes` (
  `id` int(10) unsigned NOT NULL AUTO_INCREMENT,
  `name` varchar(255) COLLATE utf8mb4_unicode_ci DEFAULT NULL,
  `comment` text COLLATE utf8mb4_unicode_ci,
  `date_mod` timestamp NULL DEFAULT NULL,
  `date_creation` timestamp NULL DEFAULT NULL,
  PRIMARY KEY (`id`),
  KEY `name` (`name`),
  KEY `date_mod` (`date_mod`),
  KEY `date_creation` (`date_creation`)
) ENGINE=InnoDB DEFAULT CHARSET=utf8mb4 COLLATE=utf8mb4_unicode_ci ROW_FORMAT=DYNAMIC;

--
-- Dumping data for table `glpi_suppliertypes`
--


--
-- Table structure for table `glpi_taskcategories`
--

CREATE TABLE `glpi_taskcategories` (
  `id` int(10) unsigned NOT NULL AUTO_INCREMENT,
  `entities_id` int(10) unsigned NOT NULL DEFAULT '0',
  `is_recursive` tinyint(4) NOT NULL DEFAULT '0',
  `taskcategories_id` int(10) unsigned NOT NULL DEFAULT '0',
  `name` varchar(255) COLLATE utf8mb4_unicode_ci DEFAULT NULL,
  `completename` text COLLATE utf8mb4_unicode_ci,
  `comment` text COLLATE utf8mb4_unicode_ci,
  `level` int(11) NOT NULL DEFAULT '0',
  `ancestors_cache` longtext COLLATE utf8mb4_unicode_ci,
  `sons_cache` longtext COLLATE utf8mb4_unicode_ci,
  `is_active` tinyint(4) NOT NULL DEFAULT '1',
  `is_helpdeskvisible` tinyint(4) NOT NULL DEFAULT '1',
  `date_mod` timestamp NULL DEFAULT NULL,
  `date_creation` timestamp NULL DEFAULT NULL,
  `knowbaseitemcategories_id` int(10) unsigned NOT NULL DEFAULT '0',
  PRIMARY KEY (`id`),
  KEY `name` (`name`),
  KEY `taskcategories_id` (`taskcategories_id`),
  KEY `entities_id` (`entities_id`),
  KEY `is_recursive` (`is_recursive`),
  KEY `is_active` (`is_active`),
  KEY `is_helpdeskvisible` (`is_helpdeskvisible`),
  KEY `date_mod` (`date_mod`),
  KEY `date_creation` (`date_creation`),
  KEY `knowbaseitemcategories_id` (`knowbaseitemcategories_id`),
  KEY `level` (`level`)
) ENGINE=InnoDB DEFAULT CHARSET=utf8mb4 COLLATE=utf8mb4_unicode_ci ROW_FORMAT=DYNAMIC;

--
-- Dumping data for table `glpi_taskcategories`
--


--
-- Table structure for table `glpi_tasktemplates`
--

CREATE TABLE `glpi_tasktemplates` (
  `id` int(10) unsigned NOT NULL AUTO_INCREMENT,
  `entities_id` int(10) unsigned NOT NULL DEFAULT '0',
  `is_recursive` tinyint(4) NOT NULL DEFAULT '0',
  `name` varchar(255) COLLATE utf8mb4_unicode_ci DEFAULT NULL,
  `content` text COLLATE utf8mb4_unicode_ci,
  `taskcategories_id` int(10) unsigned NOT NULL DEFAULT '0',
  `actiontime` int(11) NOT NULL DEFAULT '0',
  `comment` text COLLATE utf8mb4_unicode_ci,
  `date_mod` timestamp NULL DEFAULT NULL,
  `date_creation` timestamp NULL DEFAULT NULL,
  `state` int(11) NOT NULL DEFAULT '0',
  `is_private` tinyint(4) NOT NULL DEFAULT '0',
  `users_id_tech` int(10) unsigned NOT NULL DEFAULT '0',
  `groups_id_tech` int(10) unsigned NOT NULL DEFAULT '0',
  PRIMARY KEY (`id`),
  KEY `name` (`name`),
  KEY `is_recursive` (`is_recursive`),
  KEY `taskcategories_id` (`taskcategories_id`),
  KEY `entities_id` (`entities_id`),
  KEY `date_mod` (`date_mod`),
  KEY `date_creation` (`date_creation`),
  KEY `is_private` (`is_private`),
  KEY `users_id_tech` (`users_id_tech`),
  KEY `groups_id_tech` (`groups_id_tech`)
) ENGINE=InnoDB DEFAULT CHARSET=utf8mb4 COLLATE=utf8mb4_unicode_ci ROW_FORMAT=DYNAMIC;

--
-- Dumping data for table `glpi_tasktemplates`
--


--
-- Table structure for table `glpi_ticketcosts`
--

CREATE TABLE `glpi_ticketcosts` (
  `id` int(10) unsigned NOT NULL AUTO_INCREMENT,
  `tickets_id` int(10) unsigned NOT NULL DEFAULT '0',
  `name` varchar(255) COLLATE utf8mb4_unicode_ci DEFAULT NULL,
  `comment` text COLLATE utf8mb4_unicode_ci,
  `begin_date` date DEFAULT NULL,
  `end_date` date DEFAULT NULL,
  `actiontime` int(11) NOT NULL DEFAULT '0',
  `cost_time` decimal(20,4) NOT NULL DEFAULT '0.0000',
  `cost_fixed` decimal(20,4) NOT NULL DEFAULT '0.0000',
  `cost_material` decimal(20,4) NOT NULL DEFAULT '0.0000',
  `budgets_id` int(10) unsigned NOT NULL DEFAULT '0',
  `entities_id` int(10) unsigned NOT NULL DEFAULT '0',
  PRIMARY KEY (`id`),
  KEY `name` (`name`),
  KEY `tickets_id` (`tickets_id`),
  KEY `begin_date` (`begin_date`),
  KEY `end_date` (`end_date`),
  KEY `entities_id` (`entities_id`),
  KEY `budgets_id` (`budgets_id`)
) ENGINE=InnoDB DEFAULT CHARSET=utf8mb4 COLLATE=utf8mb4_unicode_ci ROW_FORMAT=DYNAMIC;

--
-- Dumping data for table `glpi_ticketcosts`
--


--
-- Table structure for table `glpi_ticketrecurrents`
--

CREATE TABLE `glpi_ticketrecurrents` (
  `id` int(10) unsigned NOT NULL AUTO_INCREMENT,
  `name` varchar(255) COLLATE utf8mb4_unicode_ci DEFAULT NULL,
  `comment` text COLLATE utf8mb4_unicode_ci,
  `entities_id` int(10) unsigned NOT NULL DEFAULT '0',
  `is_recursive` tinyint(4) NOT NULL DEFAULT '0',
  `is_active` tinyint(4) NOT NULL DEFAULT '0',
  `tickettemplates_id` int(10) unsigned NOT NULL DEFAULT '0',
  `begin_date` timestamp NULL DEFAULT NULL,
  `periodicity` varchar(255) COLLATE utf8mb4_unicode_ci DEFAULT NULL,
  `create_before` int(11) NOT NULL DEFAULT '0',
  `next_creation_date` timestamp NULL DEFAULT NULL,
  `calendars_id` int(10) unsigned NOT NULL DEFAULT '0',
  `end_date` timestamp NULL DEFAULT NULL,
  PRIMARY KEY (`id`),
  KEY `name` (`name`),
  KEY `entities_id` (`entities_id`),
  KEY `is_recursive` (`is_recursive`),
  KEY `is_active` (`is_active`),
  KEY `tickettemplates_id` (`tickettemplates_id`),
  KEY `next_creation_date` (`next_creation_date`),
  KEY `calendars_id` (`calendars_id`)
) ENGINE=InnoDB DEFAULT CHARSET=utf8mb4 COLLATE=utf8mb4_unicode_ci ROW_FORMAT=DYNAMIC;

--
-- Dumping data for table `glpi_ticketrecurrents`
--


--
-- Table structure for table `glpi_tickets`
--

CREATE TABLE `glpi_tickets` (
  `id` int(10) unsigned NOT NULL AUTO_INCREMENT,
  `entities_id` int(10) unsigned NOT NULL DEFAULT '0',
  `name` varchar(255) COLLATE utf8mb4_unicode_ci DEFAULT NULL,
  `date` timestamp NULL DEFAULT NULL,
  `closedate` timestamp NULL DEFAULT NULL,
  `solvedate` timestamp NULL DEFAULT NULL,
  `takeintoaccountdate` timestamp NULL DEFAULT NULL,
  `date_mod` timestamp NULL DEFAULT NULL,
  `users_id_lastupdater` int(10) unsigned NOT NULL DEFAULT '0',
  `status` int(11) NOT NULL DEFAULT '1',
  `users_id_recipient` int(10) unsigned NOT NULL DEFAULT '0',
  `requesttypes_id` int(10) unsigned NOT NULL DEFAULT '0',
  `content` longtext COLLATE utf8mb4_unicode_ci,
  `urgency` int(11) NOT NULL DEFAULT '1',
  `impact` int(11) NOT NULL DEFAULT '1',
  `priority` int(11) NOT NULL DEFAULT '1',
  `itilcategories_id` int(10) unsigned NOT NULL DEFAULT '0',
  `type` int(11) NOT NULL DEFAULT '1',
  `global_validation` int(11) NOT NULL DEFAULT '1',
  `slas_id_ttr` int(10) unsigned NOT NULL DEFAULT '0',
  `slas_id_tto` int(10) unsigned NOT NULL DEFAULT '0',
  `slalevels_id_ttr` int(10) unsigned NOT NULL DEFAULT '0',
  `time_to_resolve` timestamp NULL DEFAULT NULL,
  `time_to_own` timestamp NULL DEFAULT NULL,
  `begin_waiting_date` timestamp NULL DEFAULT NULL,
  `sla_waiting_duration` int(11) NOT NULL DEFAULT '0',
  `ola_waiting_duration` int(11) NOT NULL DEFAULT '0',
  `olas_id_tto` int(10) unsigned NOT NULL DEFAULT '0',
  `olas_id_ttr` int(10) unsigned NOT NULL DEFAULT '0',
  `olalevels_id_ttr` int(10) unsigned NOT NULL DEFAULT '0',
  `ola_tto_begin_date` timestamp NULL DEFAULT NULL,
  `ola_ttr_begin_date` timestamp NULL DEFAULT NULL,
  `internal_time_to_resolve` timestamp NULL DEFAULT NULL,
  `internal_time_to_own` timestamp NULL DEFAULT NULL,
  `waiting_duration` int(11) NOT NULL DEFAULT '0',
  `close_delay_stat` int(11) NOT NULL DEFAULT '0',
  `solve_delay_stat` int(11) NOT NULL DEFAULT '0',
  `takeintoaccount_delay_stat` int(11) NOT NULL DEFAULT '0',
  `actiontime` int(11) NOT NULL DEFAULT '0',
  `is_deleted` tinyint(4) NOT NULL DEFAULT '0',
  `locations_id` int(10) unsigned NOT NULL DEFAULT '0',
  `validation_percent` int(11) NOT NULL DEFAULT '0',
  `date_creation` timestamp NULL DEFAULT NULL,
  PRIMARY KEY (`id`),
  KEY `date` (`date`),
  KEY `closedate` (`closedate`),
  KEY `status` (`status`),
  KEY `priority` (`priority`),
  KEY `request_type` (`requesttypes_id`),
  KEY `date_mod` (`date_mod`),
  KEY `entities_id` (`entities_id`),
  KEY `users_id_recipient` (`users_id_recipient`),
  KEY `solvedate` (`solvedate`),
  KEY `takeintoaccountdate` (`takeintoaccountdate`),
  KEY `urgency` (`urgency`),
  KEY `impact` (`impact`),
  KEY `global_validation` (`global_validation`),
  KEY `slas_id_tto` (`slas_id_tto`),
  KEY `slas_id_ttr` (`slas_id_ttr`),
  KEY `time_to_resolve` (`time_to_resolve`),
  KEY `time_to_own` (`time_to_own`),
  KEY `olas_id_tto` (`olas_id_tto`),
  KEY `olas_id_ttr` (`olas_id_ttr`),
  KEY `slalevels_id_ttr` (`slalevels_id_ttr`),
  KEY `internal_time_to_resolve` (`internal_time_to_resolve`),
  KEY `internal_time_to_own` (`internal_time_to_own`),
  KEY `users_id_lastupdater` (`users_id_lastupdater`),
  KEY `type` (`type`),
  KEY `itilcategories_id` (`itilcategories_id`),
  KEY `is_deleted` (`is_deleted`),
  KEY `name` (`name`),
  KEY `locations_id` (`locations_id`),
  KEY `date_creation` (`date_creation`),
  KEY `ola_waiting_duration` (`ola_waiting_duration`),
  KEY `olalevels_id_ttr` (`olalevels_id_ttr`)
) ENGINE=InnoDB AUTO_INCREMENT=2024062503 DEFAULT CHARSET=utf8mb4 COLLATE=utf8mb4_unicode_ci ROW_FORMAT=DYNAMIC;

--
-- Dumping data for table `glpi_tickets`
--

INSERT INTO `glpi_tickets` VALUES (27,0,'Direct Assessment in Processes Doesn\'t Work','2023-08-08 00:00:00',NULL,'2024-07-03 13:36:44','2023-09-28 13:53:22','2024-07-03 13:36:44',10,5,11,1,'&#60;p&#62;HI,&#60;br&#62;When we seek to carry out a direct assessment of a Business Process or an Organizational Process after carrying out the assessment, it is not presented. Through the exploration of the object we identify the generation.&#60;br&#62;1. Create a Business Process&#60;br&#62;2. Go to AssessmentTab&#60;br&#62;3. Use the option Direct Assessment (Execution)&#60;br&#62;4. Carry out the assessment&#60;br&#62;5. The assessment don\'t appear&#60;br&#62;6. Make the explorer in the Business Process&#60;br&#62;7. See that the relationship exists&#60;/p&#62;',3,3,3,7,1,1,0,0,0,NULL,NULL,'2024-07-03 13:36:44',0,0,0,0,0,NULL,NULL,NULL,NULL,0,0,28561004,4456402,0,0,0,0,'2023-09-05 14:26:32'),(28,0,'HIAE - Reverse Engineer Removing attribute from Database Object','2023-08-26 00:00:00','2023-10-09 13:59:19','2023-10-09 13:59:19','2023-09-18 20:08:17','2023-10-09 13:59:19',10,6,11,1,'&#60;p&#62;We are currently performing some Reverse Engineer Databases actions in the DEV Environment of the HIAE (Hospital Israelita Albert Einstein) client, using the profile Data Functional Administrator.&#60;br&#62;As the database has a lot of tables, we decided to partition the generation of XML in several files.&#60;br&#62;As we were trying to import the 8th file (cerner_OP.xml) at the database \"V500\" we got the error presented at the the image \"Database Attribute Error.png\"&#60;br&#62;\"O valor (-4593279266076361798) do atributo _DatabaseReport não foi encontrado no objeto SBIB Albert Einstein::V500\"&#60;br&#62;All the XML files with corresponding TXT report files are grouped in a zip named \"Error DATA.zip\"&#60;/p&#62;',3,3,3,7,1,1,0,0,0,NULL,NULL,NULL,0,0,0,0,0,NULL,NULL,'2023-09-07 12:00:00',NULL,0,3851959,3851959,2059697,0,0,0,0,'2023-09-05 16:28:40'),(29,0,'Association on the diagram is shown differently than expected.','2023-08-21 00:00:00','2023-10-23 13:07:08','2023-10-23 13:07:08','2023-09-05 16:31:59','2023-10-23 13:07:08',10,6,11,1,'&#60;p&#62;In this case, the customer is reporting not a failure but something that they note after updating from HOPEX V5 CP6 to HOPEX V5.0 CP6 HF6 noted a difference, to be more specific on the arrow of auto relation on the diagram, did the same test of on the same version and replicate what the customer noted.&#60;/p&#62;',3,3,3,7,1,1,0,0,0,NULL,NULL,NULL,0,0,0,0,0,NULL,NULL,NULL,NULL,0,5490428,5490428,1355519,0,0,0,0,'2023-09-05 16:31:59'),(30,0,'HIAE - Archimate Layered View not showing Software Pieces in PROD Environment','2023-07-26 00:00:00','2023-10-09 14:01:15','2023-10-09 14:01:15','2023-09-05 16:33:16','2023-10-09 14:01:15',10,6,11,1,'&#60;p&#62;Hi,&#60;br&#62;Using HOPEX for Archimate with Archimate Functional Administrator as a profile, I am getting different diagram insert options for PreProd and Prod Environments.&#60;br&#62;For the PreProd Environment, the insert menu is showing the System Software option. The same is not happening for the Prod Environment.&#60;br&#62;Attached are the conditions for Prod and PreProd environments.&#60;br&#62;Regards.&#60;/p&#62;',3,3,3,7,1,1,0,0,0,NULL,NULL,NULL,0,0,0,0,0,NULL,NULL,NULL,NULL,0,6530475,6530475,3601996,0,0,0,0,'2023-09-05 16:33:16'),(31,0,'Strategic Diagram - Lot of bugs','2023-02-11 00:00:00','2024-01-18 16:09:35','2024-01-18 16:09:35','2023-09-05 16:35:01','2024-01-18 16:09:35',11,6,11,1,'&#60;p&#62;Hi,&#60;br&#62;In the Hopex 5 - CP 5 version, in the ITBM module, when we create a Transformation Phase and associate objectives and tactics by placing objects on the phase, the association with Transformation Phase do not happen, compromising understanding. The tactical contribution present in the transformation phase is also not populated, even manually associating the Tactic with the Transformation Phase, complicating the understanding even more.&#60;br&#62;Finally when show Enterprise Estrategic Map Sinteses the Tatic is not present, completing the total misalignment between the diagram, objects and report.&#60;br&#62;Please could you check this important issue.&#60;br&#62;Thanks in advanced.&#60;/p&#62;',3,3,3,7,1,1,0,0,0,NULL,NULL,NULL,0,0,0,0,0,NULL,NULL,NULL,NULL,0,29520575,29520575,17858101,0,0,0,0,'2023-09-05 16:35:01'),(32,0,'HIAE - Change generation path for HOPEX360 website','2023-08-28 00:00:00','2023-10-09 13:55:42','2023-10-09 13:55:42','2023-09-27 22:28:06','2023-10-09 13:55:42',10,6,11,1,'&#60;p&#62;Hi, the client Hospital Israelita Albert Einstein wants to change the generation path for the website evl_HOPEX360 at the PreProd environment. It is currently pointing to a invalid path.&#60;br&#62;Can you, please, change to the environment path for PreProd?&#60;br&#62;Best regards.&#60;br&#62;[Ícone Descrição gerada automaticamente]&#60;br&#62;Marcelo T. Hashimoto&#60;br&#62;Arquiteto Corporativo | eVOLVE Gestão Empresarial&#60;br&#62;Tel. (11) 4191-3426&#38;lt;tel:(11)%204195-0510&#38;gt;&#60;br&#62;Site. &#60;a target=\"_blank\"&#62;www.evolvebr.com&#38;lt;http://www.evolvebr.com/&#38;gt;&#60;/a&#62;&#60;br&#62;Endereço. Av. Sagitário, 138 - City 113&#60;br&#62;[Ícone Descrição gerada automaticamente]&#38;lt;https://www.linkedin.com/company/evolve-gest-o-empresarial/&#38;gt;&#60;br&#62;[Ícone Descrição gerada automaticamente]&#38;lt;https://www.youtube.com/channel/UCJQgCFkieklb6r1KYz_P5KA&#38;gt;&#60;/p&#62;',3,3,3,7,1,1,0,0,0,NULL,NULL,NULL,0,0,0,0,0,NULL,NULL,'2023-10-13 12:00:00',NULL,0,3678942,3678942,2672886,0,0,0,0,'2023-09-05 16:37:37'),(124,0,'improvement in HOPEX for searching for Models in the Archimate module.','2023-09-26 14:02:55','2023-10-23 13:10:34','2023-10-23 13:10:34','2023-09-26 17:06:03','2023-10-23 13:10:34',10,6,10,1,'&#60;p&#62;The search does not work correctly and it is not possible to locate the model layers in the relationship using the diagram name, which is necessary to look at the diagram in the context of the folders.&#60;/p&#62;\n&#60;p&#62;The search only works today for expanded elements and within the view. Test examples below:&#60;/p&#62;\n&#60;p&#62;exemplo 1- Search for the word \"Data\" in the collected folders: nothing is found&#60;/p&#62;\n&#60;p&#62;exemplo 2- Search for the word \"Data\" in partially expanded folders: only finds expanded ones&#60;/p&#62;\n&#60;p&#62;exemplo 3- This doesn\'t work, I need to expand all the items to find it (impossible).&#60;/p&#62;\n&#60;p&#62;Ideal would be to search within the fields: Name / Holder / Tags / Description&#60;/p&#62;\n&#60;p&#62; &#60;/p&#62;',3,3,3,7,2,1,0,0,0,NULL,NULL,NULL,0,0,0,0,0,NULL,NULL,NULL,NULL,0,2329659,2329659,10988,0,0,0,0,'2023-09-26 17:06:03'),(125,0,'Desbloqueio do usuário Arquitetura03 ','2023-09-27 20:43:08','2023-09-29 18:24:04','2023-09-29 18:24:04','2023-09-27 20:48:13','2023-09-29 18:24:04',10,6,12,1,'&#60;p&#62;Desbloquear a conta do arquitetura03 e atribuir a licença de INFA.&#60;/p&#62;\n&#60;p&#62; &#60;/p&#62;\n&#60;p&#62; &#60;/p&#62;',3,3,3,2,2,1,0,0,0,NULL,NULL,NULL,0,0,0,0,0,NULL,NULL,NULL,NULL,0,164456,164456,305,0,0,0,0,'2023-09-27 20:43:08'),(2023092901,0,'HIAE - Install HASPKG in PROD','2023-09-22 00:00:00','2023-10-06 20:23:05','2023-10-06 20:23:05','2023-10-02 14:32:57','2023-10-06 20:23:05',10,6,11,1,'&#60;p&#62;Hi, the client Hospital Israelita Albert Einstein, wants the customization package located in (C:\\ProgramData\\MEGA\\Hopex Application Server\\5000\\Modules\\has.custom) at the DEV Server, to be installed in the PROD environment.&#60;br&#62;Can you proceed with the installation?&#60;br&#62;@Roberta do Prado Squinello&#38;lt;mailto:Roberta.Squinello@einstein.br&#38;gt; or @Gustavo Viel Ferro&#38;lt;mailto:Gustavo.Ferro@einstein.br&#38;gt;, can one of you two, please, aproove this request?&#60;br&#62;Best regards.&#60;br&#62;[Ícone Descrição gerada automaticamente]&#60;br&#62;Marcelo T. Hashimoto&#60;br&#62;Arquiteto Corporativo | eVOLVE Gestão Empresarial&#60;br&#62;Tel. (11) 4191-3426&#38;lt;tel:(11)%204195-0510&#38;gt;&#60;br&#62;Site. &#60;a target=\"_blank\"&#62;www.evolvebr.com&#38;lt;http://www.evolvebr.com/&#38;gt;&#60;/a&#62;&#60;br&#62;Endereço. Av. Sagitário, 138 - City 113&#60;br&#62;[Ícone Descrição gerada automaticamente]&#38;lt;https://www.linkedin.com/company/evolve-gest-o-empresarial/&#38;gt;&#60;br&#62;[Ícone Descrição gerada automaticamente]&#38;lt;https://www.youtube.com/channel/UCJQgCFkieklb6r1KYz_P5KA&#38;gt;&#60;/p&#62;',3,3,3,7,1,1,0,0,0,NULL,NULL,NULL,0,0,0,0,0,NULL,NULL,NULL,NULL,278,1282707,1282707,916377,0,0,0,0,'2023-09-29 13:18:02'),(2023092902,0,'HIAE - Install HASPKG in PREPROD','2023-09-22 00:00:00','2023-10-06 20:23:05','2023-10-06 20:23:05','2023-10-02 14:32:57','2023-10-06 20:23:05',10,6,11,1,'&#60;p&#62;Hi, the client Hospital Israelita Albert Einstein, wants the new customization package located in (C:\\ProgramData\\MEGA\\Hopex Application Server\\5000\\Modules\\has.custom) at the DEV Server, to be installed in the PREPROD environment.&#60;br&#62;Can you proceed with the installation?&#60;br&#62;Best regards.&#60;br&#62;[Ícone Descrição gerada automaticamente]&#60;br&#62;Marcelo T. Hashimoto&#60;br&#62;Arquiteto Corporativo | eVOLVE Gestão Empresarial&#60;br&#62;Tel. (11) 4191-3426&#38;lt;tel:(11)%204195-0510&#38;gt;&#60;br&#62;Site. &#60;a target=\"_blank\"&#62;www.evolvebr.com&#38;lt;http://www.evolvebr.com/&#38;gt;&#60;/a&#62;&#60;br&#62;Endereço. Av. Sagitário, 138 - City 113&#60;br&#62;[Ícone Descrição gerada automaticamente]&#38;lt;https://www.linkedin.com/company/evolve-gest-o-empresarial/&#38;gt;&#60;br&#62;[Ícone Descrição gerada automaticamente]&#38;lt;https://www.youtube.com/channel/UCJQgCFkieklb6r1KYz_P5KA&#38;gt;&#60;/p&#62;',3,3,3,7,2,1,0,0,0,NULL,NULL,NULL,0,0,0,0,0,NULL,NULL,NULL,NULL,278,1282707,1282707,916377,0,0,0,0,'2023-09-29 13:35:45'),(2023092903,0,'HIAE - Permission Compilation PROD','2023-09-20 00:00:00','2023-10-06 20:23:05','2023-10-06 20:23:05','2023-10-02 14:32:57','2023-10-06 20:23:05',10,6,11,1,'&#60;p&#62;Hi, the client Hospital Israelita Albert Einstein (HIAE) is facing some warnings in the PROD environment regarding the compilation of permissions. Can you, please perform a Permission Compilation in the PROD environment?&#60;br&#62;@Roberta do Prado Squinello&#38;lt;mailto:Roberta.Squinello@einstein.br&#38;gt;, can you, please, aproove this request?&#60;br&#62;Best regards.&#60;br&#62;[Ícone Descrição gerada automaticamente]&#60;br&#62;Marcelo T. Hashimoto&#60;br&#62;Arquiteto Corporativo | eVOLVE Gestão Empresarial&#60;br&#62;Tel. (11) 4191-3426&#38;lt;tel:(11)%204195-0510&#38;gt;&#60;br&#62;Site. &#60;a target=\"_blank\"&#62;www.evolvebr.com&#38;lt;http://www.evolvebr.com/&#38;gt;&#60;/a&#62;&#60;br&#62;Endereço. Av. Sagitário, 138 - City 113&#60;br&#62;[Ícone Descrição gerada automaticamente]&#38;lt;https://www.linkedin.com/company/evolve-gest-o-empresarial/&#38;gt;&#60;br&#62;[Ícone Descrição gerada automaticamente]&#38;lt;https://www.youtube.com/channel/UCJQgCFkieklb6r1KYz_P5KA&#38;gt;&#60;/p&#62;',3,3,3,7,1,1,0,0,0,NULL,NULL,NULL,0,0,0,0,0,NULL,NULL,NULL,NULL,278,1455507,1455507,1089177,0,0,0,0,'2023-09-29 13:38:59'),(2023092904,0,'HIAE - Reverse Engineer Removing attribute from Database Object','2023-08-26 00:00:00','2023-10-06 20:23:05','2023-10-06 20:23:05','2023-10-02 14:32:57','2023-10-06 20:23:05',10,6,11,1,'&#60;p&#62;We are currently performing some Reverse Engineer Databases actions in the DEV Environment of the HIAE (Hospital Israelita Albert Einstein) client, using the profile Data Functional Administrator.&#60;br&#62;As the database has a lot of tables, we decided to partition the generation of XML in several files.&#60;br&#62;As we were trying to import the 8th file (cerner_OP.xml) at the database \"V500\" we got the error presented at the the image \"Database Attribute Error.png\"&#60;br&#62;\"O valor (-4593279266076361798) do atributo _DatabaseReport não foi encontrado no objeto SBIB Albert Einstein::V500\"&#60;br&#62;All the XML files with corresponding TXT report files are grouped in a zip named \"Error DATA.zip\"&#60;/p&#62;',3,3,3,7,1,1,0,0,0,NULL,NULL,NULL,0,0,0,0,0,NULL,NULL,NULL,NULL,278,3615507,3615507,3249177,0,0,0,0,'2023-09-29 13:41:20'),(2023092905,0,'HIAE - Install HASPKG in PREPROD','2023-08-25 00:00:00','2023-10-06 20:23:05','2023-10-06 20:23:05','2023-10-02 14:32:57','2023-10-06 20:23:05',10,6,11,1,'&#60;p&#62;Hi, the client Hospital Israelita Albert Einstein, wants the customization package located in (C:\\ProgramData\\MEGA\\Hopex Application Server\\5000\\Modules\\has.custom) at the DEV Server, to be installed in the PREPROD environment.&#60;br&#62;Can you proceed with the installation?&#60;br&#62;[Ícone Descrição gerada automaticamente]&#60;br&#62;Marcelo T. Hashimoto&#60;br&#62;Arquiteto Corporativo | eVOLVE Gestão Empresarial&#60;br&#62;Tel. (11) 4191-3426&#38;lt;tel:(11)%204195-0510&#38;gt;&#60;br&#62;Site. www.evolvebr.com&#38;lt;http://www.evolvebr.com/&#38;gt;&#60;br&#62;Endereço. Av. Sagitário, 138 - City 113&#60;br&#62;[Ícone Descrição gerada automaticamente]&#38;lt;https://www.linkedin.com/company/evolve-gest-o-empresarial/&#38;gt;&#60;br&#62;[Ícone Descrição gerada automaticamente]&#38;lt;https://www.youtube.com/channel/UCJQgCFkieklb6r1KYz_P5KA&#38;gt;&#60;/p&#62;',3,3,3,4,1,1,0,0,0,NULL,NULL,NULL,0,0,0,0,0,NULL,NULL,NULL,NULL,278,3701907,3701907,3335577,0,0,0,0,'2023-09-29 13:47:03'),(2023092906,0,'HIAE - Hopex360 version update - PROD','2023-08-22 00:00:00','2023-10-06 20:23:05','2023-10-06 20:23:05','2023-10-02 14:32:57','2023-10-06 20:23:05',10,6,11,1,'&#60;p&#62;Hi, the client Hospital Israelita Albert Einstein wants to update the HOPEX360 module for the PROD environment to the newest version avaliable.&#60;br&#62;Can you proceed with the update?&#60;br&#62;@Roberta do Prado Squinello&#38;lt;mailto:Roberta.Squinello@einstein.br&#38;gt;, can you please aproove this request?&#60;br&#62;[Ícone Descrição gerada automaticamente]&#60;br&#62;Marcelo T. Hashimoto&#60;br&#62;Arquiteto Corporativo | eVOLVE Gestão Empresarial&#60;br&#62;Tel. (11) 4191-3426&#38;lt;tel:(11)%204195-0510&#38;gt;&#60;br&#62;Site. www.evolvebr.com&#38;lt;http://www.evolvebr.com/&#38;gt;&#60;br&#62;Endereço. Av. Sagitário, 138 - City 113&#60;br&#62;[Ícone Descrição gerada automaticamente]&#38;lt;https://www.linkedin.com/company/evolve-gest-o-empresarial/&#38;gt;&#60;br&#62;[Ícone Descrição gerada automaticamente]&#38;lt;https://www.youtube.com/channel/UCJQgCFkieklb6r1KYz_P5KA&#38;gt;&#60;/p&#62;',3,3,3,1,1,1,0,0,0,NULL,NULL,NULL,0,0,0,0,0,NULL,NULL,NULL,NULL,278,3961107,3961107,3594777,0,0,0,0,'2023-09-29 13:49:08'),(2023092907,0,'HIAE - Hope360 Version Update','2023-08-22 00:00:00','2023-10-06 20:23:05','2023-10-06 20:23:05','2023-10-02 14:32:57','2023-10-06 20:23:05',10,6,11,1,'&#60;p&#62;Hi, the client Hospital Israelita Albert Einstein wants to update the HOPEX360 module for the DEV environment to the neewst version avaliable.&#60;br&#62;Can you proceed with the update?&#60;br&#62;[Ícone Descrição gerada automaticamente]&#60;br&#62;Marcelo T. Hashimoto&#60;br&#62;Arquiteto Corporativo | eVOLVE Gestão Empresarial&#60;br&#62;Tel. (11) 4191-3426&#38;lt;tel:(11)%204195-0510&#38;gt;&#60;br&#62;Site. www.evolvebr.com&#38;lt;http://www.evolvebr.com/&#38;gt;&#60;br&#62;Endereço. Av. Sagitário, 138 - City 113&#60;br&#62;[Ícone Descrição gerada automaticamente]&#38;lt;https://www.linkedin.com/company/evolve-gest-o-empresarial/&#38;gt;&#60;br&#62;[Ícone Descrição gerada automaticamente]&#38;lt;https://www.youtube.com/channel/UCJQgCFkieklb6r1KYz_P5KA&#38;gt;&#60;/p&#62;',3,3,3,1,1,1,0,0,0,NULL,NULL,NULL,0,0,0,0,0,NULL,NULL,NULL,NULL,278,3961107,3961107,3594777,0,0,0,0,'2023-09-29 13:58:51'),(2023092908,0,'Association on the diagram is shown differently than expected.','2023-08-21 00:00:00','2023-10-02 14:35:22','2023-10-02 14:35:22','2023-10-02 14:32:57','2023-10-02 14:35:22',10,6,11,1,'&#60;p&#62;In this case, the customer is reporting not a failure but something that they note after updating from HOPEX V5 CP6 to HOPEX V5.0 CP6 HF6 noted a difference, to be more specific on the arrow of auto relation on the diagram, did the same test of on the same version and replicate what the customer noted.&#60;/p&#62;',3,3,3,1,1,1,0,0,0,NULL,NULL,NULL,0,0,0,0,0,NULL,NULL,NULL,NULL,145,3681177,3681177,3681177,0,0,0,0,'2023-09-29 14:00:52'),(2023092909,0,'HIAE - Archimate Layered View not showing Software Pieces in PROD Environment','2023-07-26 00:00:00','2023-10-06 20:23:05','2023-10-06 20:23:05','2023-10-02 14:32:57','2023-10-06 20:23:05',10,6,11,1,'&#60;p&#62;Hi,&#60;br&#62;Using HOPEX for Archimate with Archimate Functional Administrator as a profile, I am getting different diagram insert options for PreProd and Prod Environments.&#60;br&#62;For the PreProd Environment, the insert menu is showing the System Software option. The same is not happening for the Prod Environment.&#60;br&#62;Attached are the conditions for Prod and PreProd environments.&#60;br&#62;Regards.&#60;/p&#62;',3,3,3,1,1,1,0,0,0,NULL,NULL,NULL,0,0,0,0,0,NULL,NULL,NULL,NULL,278,6293907,6293907,5927577,0,0,0,0,'2023-09-29 14:04:36'),(2023092910,0,'HIAE - Not possible to lock an Archimate View','2023-07-18 00:00:00','2023-10-06 20:23:05','2023-10-06 20:23:05','2023-10-02 14:32:57','2023-10-06 20:23:05',10,6,11,1,'&#60;p&#62;Using the HOPEX for Archimate with Archimate Functional Administrator profile, the functionality to lock an Archimate View is not present.&#60;br&#62;That is specially troubling considering that this type of object has a Review Workflow attached to it and without the lock functionality, the user would be able to modify the view even when it is already validated.&#60;/p&#62;',3,3,3,1,1,1,0,0,0,NULL,NULL,NULL,0,0,0,0,0,NULL,NULL,NULL,NULL,278,6985107,6985107,6618777,0,0,0,0,'2023-09-29 14:07:37'),(2023092911,0,'HIAE - Not possible to lock an Archimate View','2023-07-18 00:00:00','2023-10-06 20:23:05','2023-10-06 20:23:05','2023-10-02 14:32:57','2023-10-06 20:23:05',10,6,11,1,'&#60;p&#62;Using the HOPEX for Archimate with Archimate Functional Administrator profile, the functionality to lock an Archimate View is not present.&#60;br&#62;That is specially troubling considering that this type of object has a Review Workflow attached to it and without the lock functionality, the user would be able to modify the view even when it is already validated.&#60;/p&#62;',3,3,3,0,1,1,0,0,0,NULL,NULL,NULL,0,0,0,0,0,NULL,NULL,NULL,NULL,278,6985107,6985107,6618777,0,0,0,0,'2023-09-29 14:09:21'),(2023092912,0,'HIAE - Reading Access Areas configuration PROD','2023-07-14 00:00:00','2023-10-06 20:23:05','2023-10-06 20:23:05','2023-10-02 14:32:57','2023-10-06 20:23:05',10,6,11,1,'&#60;p&#62;Hi, I recently validated the configuration made for Reading Access Areas at the Pre-Prod Environment. So, can you proceed with the configuration in the PROD Environment (PS: The step-by-step guide is attached)?&#60;br&#62;@Gustavo Viel Ferro&#38;lt;mailto:Gustavo.Ferro@einstein.br&#38;gt;, can you, please, aproove this request?&#60;br&#62;Best regards.&#60;br&#62;[Ícone Descrição gerada automaticamente]&#60;br&#62;Marcelo T. Hashimoto&#60;br&#62;Arquiteto Corporativo | eVOLVE Gestão Empresarial&#60;br&#62;Tel. (11) 4191-3426&#38;lt;tel:(11)%204195-0510&#38;gt;&#60;br&#62;Site. www.evolvebr.com&#38;lt;http://www.evolvebr.com/&#38;gt;&#60;br&#62;Endereço. Av. Sagitário, 138 - City 113&#60;br&#62;[Ícone Descrição gerada automaticamente]&#38;lt;https://www.linkedin.com/company/evolve-gest-o-empresarial/&#38;gt;&#60;br&#62;[Ícone Descrição gerada automaticamente]&#38;lt;https://www.youtube.com/channel/UCJQgCFkieklb6r1KYz_P5KA&#38;gt;&#60;/p&#62;',3,3,3,1,1,1,0,0,0,NULL,NULL,NULL,0,0,0,0,0,NULL,NULL,NULL,NULL,278,7330707,7330707,6964377,0,0,0,0,'2023-09-29 14:10:58'),(2023092913,0,'HIAE - Reading Access Areas configuration PROD','2023-07-14 00:00:00','2023-10-06 20:23:05','2023-10-06 20:23:05','2023-10-02 14:32:57','2023-10-06 20:23:05',10,6,11,1,'&#60;p&#62;Hi, I recently validated the configuration made for Reading Access Areas at the Pre-Prod Environment. So, can you proceed with the configuration in the PROD Environment (PS: The step-by-step guide is attached)?&#60;br&#62;@Gustavo Viel Ferro&#38;lt;mailto:Gustavo.Ferro@einstein.br&#38;gt;, can you, please, aproove this request?&#60;br&#62;Best regards.&#60;br&#62;[Ícone Descrição gerada automaticamente]&#60;br&#62;Marcelo T. Hashimoto&#60;br&#62;Arquiteto Corporativo | eVOLVE Gestão Empresarial&#60;br&#62;Tel. (11) 4191-3426&#38;lt;tel:(11)%204195-0510&#38;gt;&#60;br&#62;Site. www.evolvebr.com&#38;lt;http://www.evolvebr.com/&#38;gt;&#60;br&#62;Endereço. Av. Sagitário, 138 - City 113&#60;br&#62;[Ícone Descrição gerada automaticamente]&#38;lt;https://www.linkedin.com/company/evolve-gest-o-empresarial/&#38;gt;&#60;br&#62;[Ícone Descrição gerada automaticamente]&#38;lt;https://www.youtube.com/channel/UCJQgCFkieklb6r1KYz_P5KA&#38;gt;&#60;/p&#62;',3,3,3,1,1,1,0,0,0,NULL,NULL,NULL,0,0,0,0,0,NULL,NULL,NULL,NULL,278,7330707,7330707,6964377,0,0,0,0,'2023-09-29 14:13:49'),(2023092914,0,'HIAE - DEV Environment Compilation','2023-06-21 00:00:00','2023-10-06 20:23:05','2023-10-06 20:23:05','2023-10-02 14:32:57','2023-10-06 20:23:05',10,6,11,1,'&#60;p&#62;Hi,&#60;br&#62;The Hospital Israelita Albert Einstein, is facing a warning in the User Interface regarding the compilation of permissions. They would like the DEV environment to be compiled. How early can we schedule the compilation?&#60;br&#62;Best regards.&#60;br&#62;[Ícone Descrição gerada automaticamente]&#60;br&#62;Marcelo T. Hashimoto&#60;br&#62;Arquiteto Corporativo | eVOLVE Gestão Empresarial&#60;br&#62;Tel. (11) 4191-3426&#38;lt;tel:(11)%204195-0510&#38;gt;&#60;br&#62;Site. www.evolvebr.com&#38;lt;http://www.evolvebr.com/&#38;gt;&#60;br&#62;Endereço. Av. Sagitário, 138 - City 113&#60;br&#62;[Ícone Descrição gerada automaticamente]&#38;lt;https://www.linkedin.com/company/evolve-gest-o-empresarial/&#38;gt;&#60;br&#62;[Ícone Descrição gerada automaticamente]&#38;lt;https://www.youtube.com/channel/UCJQgCFkieklb6r1KYz_P5KA&#38;gt;&#60;/p&#62;',3,3,3,1,1,1,0,0,0,NULL,NULL,NULL,0,0,0,0,0,NULL,NULL,NULL,NULL,278,9317907,9317907,8951577,0,0,0,0,'2023-09-29 14:15:52'),(2023092915,0,'HIAE - GraphQL API consumption error','2023-06-16 00:00:00','2023-10-06 20:23:05','2023-10-06 20:23:05','2023-10-02 14:32:57','2023-10-06 20:23:05',10,6,11,1,'&#60;p&#62;HIAE was trying to test the consumption of the GraphQL API by hopex in the DEV environment and it will return an Internal Error (HTTP 500)&#60;br&#62;URL used: https://dev-alberteinstein.hopexcloud.com/HOPEXGraphQL/api/ITARC&#60;br&#62;An API key was generated for use: 4bVB33KY5P72t2Wfteb5TefpEjHDtniXXwZDcTD8kDUMH2U4xdpw1378w6Db7ZgmeWKsQp13wWPxVQYewLkkL47&#60;br&#62;But, we did not obtain success in the GraphQL API test.&#60;br&#62;Could you help us with this problem?&#60;/p&#62;',3,3,3,1,1,1,0,0,0,NULL,NULL,NULL,0,0,0,0,0,NULL,NULL,NULL,NULL,278,9749907,9749907,9383577,0,0,0,0,'2023-09-29 14:17:34'),(2023092916,0,'Data Self Relationship','2023-06-01 00:00:00','2023-10-02 14:35:22','2023-10-02 14:35:22','2023-10-02 14:32:57','2023-10-02 14:35:22',10,6,11,1,'&#60;p&#62;User, Profile, Solution, License.​&#60;br&#62;Information Architecture&#60;br&#62;Scenario and Steps to replicate the incident.​&#60;br&#62;Trying to convert the logical diagram to physical but the atributtes does not showing up in the scope&#60;br&#62;Is the behavior can be replicated systematically? Yes or no.&#60;br&#62;Yes&#60;br&#62;Data required to replicate? If yes, please provide it.​&#60;br&#62;No&#60;br&#62;Logs &#38;amp; date/time of the incident? Please provide it.​&#60;br&#62;No logs are being generated for this behavior&#60;br&#62;Expected behavior if it is applicable.&#60;br&#62;The right scenario would be when we do the self relationship, the attribute \"Produto, Produto\" should appear in the conversation&#60;/p&#62;',5,5,6,1,1,1,0,0,0,NULL,NULL,NULL,0,0,0,0,0,NULL,NULL,NULL,NULL,145,10679577,10679577,10679577,0,0,0,0,'2023-09-29 14:20:05'),(2023092917,0,'HIAE - Restart Core Back-End','2023-05-24 00:00:00','2023-10-06 20:23:05','2023-10-06 20:23:05','2023-10-02 14:32:57','2023-10-06 20:23:05',10,6,11,1,'&#60;p&#62;Hola,&#60;br&#62;El cliente Hospital Israelita Albert Einstein (HIAE) necesita de um reinício del servicio de HOPEX Core Back-End.&#60;br&#62;Saludos.&#60;br&#62;[Ícone Descrição gerada automaticamente]&#60;br&#62;Marcelo T. Hashimoto&#60;br&#62;Arquiteto Corporativo | eVOLVE Gestão Empresarial&#60;br&#62;Tel. (11) 4191-3426&#38;lt;tel:(11)%204195-0510&#38;gt;&#60;br&#62;Site. www.evolvebr.com&#38;lt;http://www.evolvebr.com/&#38;gt;&#60;br&#62;Endereço. Av. Sagitário, 138 - City 113&#60;br&#62;[Ícone Descrição gerada automaticamente]&#38;lt;https://www.linkedin.com/company/evolve-gest-o-empresarial/&#38;gt;&#60;br&#62;[Ícone Descrição gerada automaticamente]&#38;lt;https://www.youtube.com/channel/UCJQgCFkieklb6r1KYz_P5KA&#38;gt;&#60;/p&#62;',3,3,3,3,1,1,0,0,0,NULL,NULL,NULL,0,0,0,0,0,NULL,NULL,NULL,NULL,278,11737107,11737107,11370777,0,0,0,0,'2023-09-29 14:22:55'),(2023092918,0,'RES: Albert Einstein - PROD Install Archimate 3.1','2023-05-24 00:00:00','2023-10-02 14:35:22','2023-10-02 14:35:22','2023-10-02 14:32:57','2023-10-02 14:35:22',10,6,11,1,'&#60;p&#62;Buenos Dias Ismael,&#60;br&#62;Se hizo el Automatic Environment Update?&#60;br&#62;Saludos.&#60;br&#62;De: CLEMENTE Ismael &#38;lt;iclemente@mega.com&#38;gt;&#60;br&#62;Enviada em: quarta-feira, 24 de maio de 2023 13:52&#60;br&#62;Para: GONZÁLEZ MARTINEZ Guillermo Raúl &#38;lt;ggonzalez@mega.com&#38;gt;; Cloud &#38;lt;cloud@mega.com&#38;gt;; Marcelo Takashi &#38;lt;marcelo.takashi@evolvebr.com&#38;gt;&#60;br&#62;Cc: PINEDA José Juan &#38;lt;jjpineda@mega.com&#38;gt;; Cloud &#38;lt;cloud@mega.com&#38;gt;&#60;br&#62;Assunto: RE: Albert Einstein - PROD Install Archimate 3.1&#60;br&#62;Buenos Dias&#60;br&#62;Ya se instaló el modulo Archimate 3.1 en PROD Albert Einstein&#60;br&#62;Saludos&#60;br&#62;[A close up of a sign Description automatically generated]&#60;br&#62;Dasalem Clemente&#60;br&#62;Cloud Engineer&#60;br&#62;MEGA International&#60;br&#62;Av. Sinaloa Num. 31 Piso 6 Colonia Roma Norte&#60;br&#62;CP 06700 Ciudad de México - México&#60;br&#62;iclemente@mega.com&#38;lt;mailto:iclemente@mega.com&#38;gt; - www.mega.com&#38;lt;http://www.mega.com/&#38;gt;&#60;br&#62;Twitter&#38;lt;http://twitter.com/mega_int&#38;gt; - LinkedIn&#38;lt;http://www.linkedin.com/company/mega-international&#38;gt; - YouTube&#38;lt;http://www.youtube.com/megainternational&#38;gt;&#60;br&#62;________________________________&#60;br&#62;You aren\'t expected to respond to my email outside of your work hours.&#60;br&#62;From: GONZÁLEZ MARTINEZ Guillermo Raúl &#38;lt;ggonzalez@mega.com&#38;lt;mailto:ggonzalez@mega.com&#38;gt;&#38;gt;&#60;br&#62;Sent: Wednesday, May 24, 2023 8:33 AM&#60;br&#62;To: CLEMENTE Ismael &#38;lt;iclemente@mega.com&#38;lt;mailto:iclemente@mega.com&#38;gt;&#38;gt;; Cloud &#38;lt;cloud@mega.com&#38;lt;mailto:cloud@mega.com&#38;gt;&#38;gt;; Marcelo Takashi &#38;lt;marcelo.takashi@evolvebr.com&#38;lt;mailto:marcelo.takashi@evolvebr.com&#38;gt;&#38;gt;&#60;br&#62;Cc: PINEDA José Juan &#38;lt;jjpineda@mega.com&#38;lt;mailto:jjpineda@mega.com&#38;gt;&#38;gt;; Cloud &#38;lt;cloud@mega.com&#38;lt;mailto:cloud@mega.com&#38;gt;&#38;gt;&#60;br&#62;Subject: Albert Einstein - PROD Install Archimate 3.1&#60;br&#62;@CLEMENTE Ismael&#38;lt;mailto:iclemente@mega.com&#38;gt; me ayudas a instalar el modulo de Archimate 3.1 en PROD Albert Einstein por favor y le confirmas a Marcelo ya que este completado&#60;br&#62;Gracias&#60;br&#62;[A close up of a sign Description automatically generated]&#60;br&#62;Guillermo González&#60;br&#62;Regional Cloud Services Manager&#60;br&#62;MEGA International&#60;br&#62;Av. Sinaloa Num. 31 Piso 6 Colonia Roma Norte&#60;br&#62;CP 06700 Ciudad de México - México&#60;br&#62;ggonzalez@mega.com&#38;lt;mailto:ggonzalez@mega.com&#38;gt; - www.mega.com&#38;lt;http://www.mega.com/&#38;gt;&#60;br&#62;Twitter&#38;lt;http://twitter.com/mega_int&#38;gt; - LinkedIn&#38;lt;http://www.linkedin.com/company/mega-international&#38;gt; - YouTube&#38;lt;http://www.youtube.com/megainternational&#38;gt;&#60;br&#62;________________________________&#60;br&#62;You aren\'t expected to respond to my email outside of your work hours.&#60;/p&#62;',3,3,3,3,1,1,0,0,0,NULL,NULL,NULL,0,0,0,0,0,NULL,NULL,NULL,NULL,145,11370777,11370777,11370777,0,0,0,0,'2023-09-29 14:24:26'),(2023092920,0,'SaaS - HOPEX navigation problem (HIAE)','2023-03-27 00:00:00','2023-10-02 14:35:22','2023-10-02 14:35:22','2023-10-02 14:32:57','2023-10-02 14:35:22',10,6,11,1,'&#60;p&#62;- Front - End ? Web or Windows&#60;br&#62;Web&#60;br&#62;- Behavior can be replicated systematically? yes or no&#60;br&#62;Yes&#60;br&#62;- Data required to replicate? yes or no (if yes please provide it)&#60;br&#62;No&#60;br&#62;- Logs + date / time of key event? please provide it&#60;br&#62;No logs are being generated for this behavior&#60;br&#62;- User, Profile, solution, Licence?&#60;br&#62;- Scenario and Steps to replicate the error Screenshots?&#60;br&#62;Screenshot 1 : When I navigate to the \"All Logic Apps Systems\" menu, the message \"Server Error\" first appears:&#60;br&#62;Screenshot 2 : After a few tries, the diagram started to appear, but with all the components without names:&#60;br&#62;Screenshot 3 : When I navigate to the \"All application systems\" menu, at first the graphics kept loading continuously, not allowing to zoom in or zoom out:&#60;br&#62;Screenshot 4 : After a few attempts, the graphics loaded, but the components do not have names:&#60;br&#62;- Expected behavior&#60;br&#62;This list of problems needs to be solved so as not to interfere with users\' activities, they are not able to work properly because of these bugs&#60;/p&#62;',3,3,3,1,1,1,0,0,0,NULL,NULL,NULL,0,0,0,0,0,NULL,NULL,NULL,NULL,145,16381977,16381977,16381977,0,0,0,0,'2023-09-29 14:26:30'),(2023092921,0,'Hopex Value Chain Failure (Link System)','2023-03-27 00:00:00','2023-10-02 14:35:22','2023-10-02 14:35:22','2023-10-02 14:32:57','2023-10-02 14:35:22',10,6,11,1,'&#60;p&#62;- Front - End ? Web or Windows&#60;br&#62;WEB&#60;br&#62;- Behavior can be replicated systematically? yes or no&#60;br&#62;Yes&#60;br&#62;- Data required to replicate? yes or no (if yes please provide it)&#60;br&#62;Yes, create a value chain diagram and try to link a System.&#60;br&#62;- Logs + date / time of key event? please provide it&#60;br&#62;No logs are being generated for this behavior&#60;br&#62;- Scenario and Steps to replicate the error Screenshots?&#60;br&#62;It is not possible to link the registered system used in the diagram, as shown in the image.&#60;br&#62;- Expected behavior&#60;br&#62;The expectation would be to be able to make the connection with the created system.&#60;/p&#62;',3,3,3,1,1,1,0,0,0,NULL,NULL,NULL,0,0,0,0,0,NULL,NULL,NULL,NULL,145,16381977,16381977,16381977,0,0,0,0,'2023-09-29 14:28:10'),(2023092922,0,'SaaS - Archimate\'s Profile (HIAE)','2023-03-24 00:00:00','2023-10-02 14:35:22','2023-10-02 14:35:22','2023-10-02 14:32:57','2023-10-02 14:35:22',10,6,11,1,'&#60;p&#62;- Front - End ? Web or Windows&#60;br&#62;Web&#60;br&#62;- Behavior can be replicated systematically? yes or no&#60;br&#62;yes&#60;br&#62;- Data required to replicate? yes or no (if yes please provide it)&#60;br&#62;no&#60;br&#62;- Logs + date / time of key event? please provide it&#60;br&#62;No logs are being generated for this behavior&#60;br&#62;- User, Profile, solution, Licence?&#60;br&#62;Archimate Functional Administrator and Archimate Enterprise Architect&#60;br&#62;- Scenario and Steps to replicate the error Screenshots?&#60;br&#62;They are associating the profile in Administration, but it does not appear for the user to select Archimate\'s profile in Login, all other associated profiles are shown less than Archimate.&#60;br&#62;- Expected behavior&#60;br&#62;Archimate profiles should appear right after linking the license to the user.&#60;/p&#62;',3,3,3,1,1,1,0,0,0,NULL,NULL,NULL,0,0,0,0,0,NULL,NULL,NULL,NULL,145,16641177,16641177,16641177,0,0,0,0,'2023-09-29 14:30:18'),(2023092923,0,'Strategic Diagram - Lot of bugs','2023-02-11 00:00:00','2023-10-02 14:35:22','2023-10-02 14:35:22','2023-10-02 14:32:57','2023-10-02 14:35:22',10,6,11,1,'&#60;p&#62;Hi,&#60;br&#62;In the Hopex 5 - CP 5 version, in the ITBM module, when we create a Transformation Phase and associate objectives and tactics by placing objects on the phase, the association with Transformation Phase do not happen, compromising understanding. The tactical contribution present in the transformation phase is also not populated, even manually associating the Tactic with the Transformation Phase, complicating the understanding even more.&#60;br&#62;Finally when show Enterprise Estrategic Map Sinteses the Tatic is not present, completing the total misalignment between the diagram, objects and report.&#60;br&#62;Please could you check this important issue.&#60;br&#62;Thanks in advanced.&#60;/p&#62;',5,5,6,0,1,1,0,0,0,NULL,NULL,NULL,0,0,0,0,0,NULL,NULL,NULL,NULL,145,20183577,20183577,20183577,0,0,0,0,'2023-09-29 14:32:08'),(2023092924,0,'Reverse Engineering Data Type mismatch','2022-12-12 00:00:00','2023-10-02 14:35:22','2023-10-02 14:35:22','2023-10-02 14:32:57','2023-10-02 14:35:22',10,6,11,1,'&#60;p&#62;- Front - End ? Web or Windows&#60;br&#62;Web&#60;br&#62;- Behavior can be replicated systematically? yes or no&#60;br&#62;yes&#60;br&#62;- Data required to replicate? yes or no (if yes please provide it)&#60;br&#62;yes&#60;br&#62;- Logs + date / time of key event? please provide it&#60;br&#62;no&#60;br&#62;- User, Profile, solution, Licence?&#60;br&#62;Data Funtion Administration&#60;br&#62;- Scenario and Steps to replicate the error Screenshots?&#60;br&#62;When I tried reverse engineer a table in SQL 2019, I got a type mismatch between my physical tables and Hopex Physical Tables,&#60;br&#62;In my SQL Table I have 3 columns ranging from smallint , real and money. But after the reverse engineer process I got only chars for my columns on Hopex.&#60;br&#62;- Expected behavior&#60;br&#62;Type conversion been sucessfully made.&#60;/p&#62;',5,5,6,1,1,1,0,0,0,NULL,NULL,NULL,0,0,0,0,0,NULL,NULL,NULL,NULL,145,25453977,25453977,25453977,0,0,0,0,'2023-09-29 14:36:47'),(2023092925,0,'Fresh install with CP4 has problem','2022-11-29 00:00:00','2023-10-02 14:35:22','2023-10-02 14:35:22','2023-10-02 14:32:57','2023-10-02 14:35:22',10,6,11,1,'&#60;p&#62;Hi,&#60;br&#62;I tried the fresh install installation with CP4 using HF 2 and HF4 and both has the some problem.&#60;br&#62;After the installation of commponents ands libraries, the Hopex start the compilation of metamodels.&#60;br&#62;In the compilation phase I received the message that : \"link (metaAssociatedEnd/MetaAttribute)\" missing from \"MetaAttribute\" \"LegIndex-Programming\"&#60;br&#62;and afters some minutes&#60;br&#62;A compilation error occured . Check MegaCRD gor more details&#60;br&#62;File with detais attached.&#60;br&#62;Regards&#60;/p&#62;',5,5,6,1,1,1,0,0,0,NULL,NULL,NULL,0,0,0,0,0,NULL,NULL,NULL,NULL,145,26577177,26577177,26577177,0,0,0,0,'2023-09-29 14:38:56'),(2023092926,0,'Physical to Logical Synchronization not generating Entities with Identifier attributes','2022-11-18 00:00:00','2023-10-02 14:35:22','2023-10-02 14:35:22','2023-10-02 14:32:57','2023-10-02 14:35:22',10,6,11,1,'&#60;p&#62;- Front - End ? Web or Windows&#60;br&#62;Web&#60;br&#62;- Behavior can be replicated systematically? yes or no&#60;br&#62;yes&#60;br&#62;- Data required to replicate? yes or no (if yes please provide it)&#60;br&#62;Yes, the file generated by the HOPEX Data Extractor is provided (afresp.xml)&#60;br&#62;- Logs + date / time of key event? please provide it&#60;br&#62;- User, Profile, solution, Licence?&#60;br&#62;Data Funcional Administrator&#60;br&#62;- Scenario and Steps to replicate the error Screenshots?&#60;br&#62;After the import of a xml file from HOPEX Data Extractor to a Database, and subsequent Data Synchronization, the entities generated do not have ID attributes, even though the physical model have Primary Keys&#60;br&#62;- Expected behavior&#60;br&#62;The expected behaviour is that the entities get the identifier attributes generated properly&#60;/p&#62;',3,3,3,1,1,1,0,0,0,NULL,NULL,NULL,0,0,0,0,0,NULL,NULL,NULL,NULL,145,27527577,27527577,27527577,0,0,0,0,'2023-09-29 14:40:33'),(2023092927,0,'Unable to modify Entity Attributes after Physical to Logical Synchronization','2022-11-08 00:00:00','2023-10-02 14:35:22','2023-10-02 14:35:22','2023-10-02 14:32:57','2023-10-02 14:35:22',10,6,11,1,'&#60;p&#62;- Front - End ? Web or Windows&#60;br&#62;Web&#60;br&#62;- Behavior can be replicated systematically? yes or no&#60;br&#62;Yes&#60;br&#62;- Data required to replicate? yes or no (if yes please provide it)&#60;br&#62;Yes&#60;br&#62;- Logs + date / time of key event? please provide it&#60;br&#62;Attached are a screenshot from the list of attributes from a Entity&#60;br&#62;- User, Profile, solution, Licence?&#60;br&#62;Data Functional Administrator&#60;br&#62;- Scenario and Steps to replicate the error Screenshots?&#60;br&#62;After a Physical to Logical Synchronization, I cannot modify any attribute from the Entities from a Data model. That occurs on any Data model that was Synchronized&#60;br&#62;- Expected behavior&#60;br&#62;The expected behaviour is to be able to modify attributes from Entities, despite coming from a Synchronization or not&#60;/p&#62;',3,3,3,1,1,1,0,0,0,NULL,NULL,NULL,0,0,0,0,0,NULL,NULL,NULL,NULL,145,28391577,28391577,28391577,0,0,0,0,'2023-09-29 14:41:43'),(2023092928,0,'Error add new components using HAS Console','2022-10-14 00:00:00','2023-10-02 14:35:22','2023-10-02 14:35:22','2023-10-02 14:32:57','2023-10-02 14:35:22',10,6,11,1,'&#60;p&#62;When I try to add new components using HAS Console in the normal way, I recieve this message:&#60;br&#62;Request error with status error (Screenshot_4 attached).&#60;br&#62;and when I try using upload from file, the component isn`t installed and I recieve the page with the message:&#60;br&#62;The page was not displayed because the request entity is too large. (passo 1 and passo 2 attached).&#60;/p&#62;',3,3,3,1,1,1,0,0,0,NULL,NULL,NULL,0,0,0,0,0,NULL,NULL,NULL,NULL,145,30551577,30551577,30551577,0,0,0,0,'2023-09-29 14:42:49'),(2023092929,0,'HOPEX Data Extractor generating xml file without columns fields','2022-07-11 00:00:00','2023-10-02 14:35:22','2023-10-02 14:35:22','2023-10-02 14:32:57','2023-10-02 14:35:22',10,6,11,1,'&#60;p&#62;Description- Front - End ? Web or Windows&#60;br&#62;Windows - HOPEx Data Extractor&#60;br&#62;- Behavior can be replicated systematically? yes or no&#60;br&#62;yes&#60;br&#62;- Data required to replicate? yes or no (if yes please provide it)&#60;br&#62;yes&#60;br&#62;- Logs + date / time of key event? please provide it&#60;br&#62;No Logs, given that it happens in the HOPEx Data Extractor&#60;br&#62;- User, Profile, solution, Licence?&#60;br&#62;No Profile&#60;br&#62;- Scenario and Steps to replicate the error Screenshots?&#60;br&#62;We are experiencing some issues in the XML generation for the HOPEX Data Extractor:&#60;br&#62;We try to generate the xml file from an informix database with the options in the screenshot attached&#60;br&#62;The XML file generated is attached afresp.xml&#60;br&#62;The DDL of one of the tables is attached DDL informix&#60;br&#62;The Informix version is Version 14.10.FC7W1&#60;br&#62;- Expected behavior&#60;br&#62;We expect the XML generated with TBL COLUMN fields.&#60;/p&#62;',3,3,3,1,1,1,0,0,0,NULL,NULL,NULL,0,0,0,0,0,NULL,NULL,NULL,NULL,145,38759577,38759577,38759577,0,0,0,0,'2023-09-29 15:05:38'),(2023092930,0,'Logout button not loading the login page (Blank screen after Logout)','2022-06-21 00:00:00','2023-10-02 14:35:22','2023-10-02 14:35:22','2023-10-02 14:32:57','2023-10-02 14:35:22',10,6,11,1,'&#60;p&#62;When you logout the solution, the web browser don´t return to login page&#60;br&#62;Logout button not loading the login page (Blank screen after Logout)&#60;br&#62;User\'s encounter Blank screen after clicked the button \"logout\"&#60;br&#62;Hopex Version V5 CP2 HF5&#60;br&#62;Customer expecting behavior: see the login page.&#60;/p&#62;',5,5,6,1,1,1,0,0,0,NULL,NULL,NULL,0,0,0,0,0,NULL,NULL,NULL,NULL,145,40487577,40487577,40487577,0,0,0,0,'2023-09-29 15:07:10'),(2023092931,0,'HOPEX Data Extractor not generating columns in XML file for Informix Database','2022-06-15 00:00:00','2023-10-02 14:35:22','2023-10-02 14:35:22','2023-10-02 14:32:57','2023-10-02 14:35:22',10,6,11,1,'&#60;div class=\"mega-case-d-block mega-case-d-desc\"&#62;\n&#60;div class=\"mega-case-d-info-wrapper\"&#62;\n&#60;div class=\"mega-case-d-value mega-case-d-value-desc\"&#62;- Front - End ? Web or Windows&#60;br&#62;Windows - HOPEx Data Extractor&#60;br&#62;- Behavior can be replicated systematically? yes or no&#60;br&#62;yes&#60;br&#62;- Data required to replicate? yes or no (if yes please provide it)&#60;br&#62;yes&#60;br&#62;- Logs + date / time of key event? please provide it&#60;br&#62;No Logs, given that it happens in the HOPEx Data Extractor&#60;br&#62;- User, Profile, solution, Licence?&#60;br&#62;No Profile&#60;br&#62;- Scenario and Steps to replicate the error Screenshots?&#60;br&#62;We are experiencing some issues in the XML generation for the HOPEX Data Extractor:&#60;br&#62;We try to generate the xml file from an informix database with the options in the screenshot attached&#60;br&#62;The XML file generated is attached afresp.xml&#60;br&#62;The DDL of one of the tables is attached DDL informix&#60;br&#62;The Informix version is Version 14.10.FC7W1&#60;br&#62;- Expected behavior&#60;br&#62;We expect the XML generated with TBL COLUMN fields.&#60;/div&#62;\n&#60;/div&#62;\n&#60;/div&#62;\n&#60;div class=\"mega-case-d-block mega-case-d-attachment-wrapper\"&#62;\n&#60;div class=\"mega-case-d-block mega-case-d-attachment\"&#62;\n&#60;h3&#62;Attachments&#60;/h3&#62;\n&#60;div class=\"mega-case-d-attachment-item\"&#62;&#60;a title=\"afresp.xml\" href=\"https://apics.mega.com/community/proxy.aspx?attachement=0692p00000Sxoq9AAB&#38;amp;aoid=5002p00002jbEAXAA2&#38;amp;fname=afresp.xml&#38;amp;mgun=Adriano_pereira\" target=\"_blank\" rel=\"noopener\"&#62;afresp.xml (0.25 MB)&#60;/a&#62;&#60;/div&#62;\n&#60;div class=\"mega-case-d-attachment-item\"&#62;&#60;a title=\"DataExtractor_Option.png\" href=\"https://apics.mega.com/community/proxy.aspx?attachement=0692p00000Sxoq4AAB&#38;amp;aoid=5002p00002jbEAXAA2&#38;amp;fname=DataExtractor_Option.png&#38;amp;mgun=Adriano_pereira\" target=\"_blank\" rel=\"noopener\"&#62;DataExtractor_Option.png (0.10 MB)&#60;/a&#62;&#60;/div&#62;\n&#60;div class=\"mega-case-d-attachment-item\"&#62;&#60;a title=\"DDL_Informix.\" href=\"https://apics.mega.com/community/proxy.aspx?attachement=0692p00000SxoqEAAR&#38;amp;aoid=5002p00002jbEAXAA2&#38;amp;fname=DDL_Informix.&#38;amp;mgun=Adriano_pereira\" target=\"_blank\" rel=\"noopener\"&#62;DDL_Informix. (0.46 KB)&#60;/a&#62;&#60;/div&#62;\n&#60;/div&#62;\n&#60;/div&#62;\n&#60;div class=\"mega-case-d-block mega-case-d-block-comment\"&#62;\n&#60;h3&#62;Case Comments&#60;/h3&#62;\n&#60;/div&#62;\n&#60;div class=\"mega-case-d-block mega-case-d-comment\"&#62;\n&#60;div class=\"mega-case-d-comment mega-case-d-item\"&#62;\n&#60;div class=\"mega-case-d-info-wrapper\"&#62;\n&#60;div class=\"mega-case-d-title\"&#62;Author&#60;/div&#62;\n&#60;div class=\"mega-case-d-value\"&#62;Marcelo Takashi&#60;/div&#62;\n&#60;/div&#62;\n&#60;div class=\"mega-case-d-info-wrapper\"&#62;\n&#60;div class=\"mega-case-d-title\"&#62;Date&#60;/div&#62;\n&#60;div class=\"mega-case-d-value\"&#62;2022/07/07 18:43:12 UTC&#60;/div&#62;\n&#60;/div&#62;\n&#60;div class=\"mega-case-d-info-wrapper\"&#62;\n&#60;div class=\"mega-case-d-title\"&#62;Description&#60;/div&#62;\n&#60;div class=\"mega-case-d-value mega-case-d-value-desc\"&#62;Hi Mervin,&#60;br&#62;Which steps precisely you need? The steps needed for the Reverse Engineering a Database?&#60;/div&#62;\n&#60;/div&#62;\n&#60;/div&#62;\n&#60;/div&#62;\n&#60;div class=\"mega-case-d-block mega-case-d-comment\"&#62;\n&#60;div class=\"mega-case-d-comment mega-case-d-item\"&#62;\n&#60;div class=\"mega-case-d-info-wrapper\"&#62;\n&#60;div class=\"mega-case-d-title\"&#62;Author&#60;/div&#62;\n&#60;div class=\"mega-case-d-value\"&#62;Mervin JIMENEZ&#60;/div&#62;\n&#60;/div&#62;\n&#60;div class=\"mega-case-d-info-wrapper\"&#62;\n&#60;div class=\"mega-case-d-title\"&#62;Date&#60;/div&#62;\n&#60;div class=\"mega-case-d-value\"&#62;2022/06/21 20:19:55 UTC&#60;/div&#62;\n&#60;/div&#62;\n&#60;div class=\"mega-case-d-info-wrapper\"&#62;\n&#60;div class=\"mega-case-d-title\"&#62;Description&#60;/div&#62;\n&#60;div class=\"mega-case-d-value mega-case-d-value-desc\"&#62;From: JIMENEZ Mervin&#60;br&#62;Sent: Tuesday, June 21, 2022 4:19 PM&#60;br&#62;To: marcelo.takashi@evolvebr.com&#60;br&#62;Subject: RE: Case 00121080: HOPEX Data Extractor not generating columns in XML file for Informix Database - Additional information required&#60;br&#62;Dear Marcelo Takashi,&#60;br&#62;&#60;br&#62;Regarding Case 00121080:HOPEX Data Extractor not generating columns in XML file for Informix Database, we are investigating this issue and require some additional information from you.&#60;br&#62;&#60;br&#62;To help us to replicate the problem on our VM could you please provide us a document with the all the steps?&#60;br&#62;&#60;br&#62;Thank you in advance.&#60;br&#62;&#60;br&#62;Kind regards,&#60;br&#62;Mervin JIMENEZ&#60;/div&#62;\n&#60;/div&#62;\n&#60;/div&#62;\n&#60;/div&#62;',3,3,3,1,1,1,0,0,0,NULL,NULL,NULL,0,0,0,0,0,NULL,NULL,NULL,NULL,145,41005977,41005977,41005977,0,0,0,0,'2023-09-29 15:09:39'),(2023092932,0,'Scheduled Physical to Logical Synchronization Fails','2022-06-06 00:00:00','2023-10-02 14:35:22','2023-10-02 14:35:22','2023-10-02 14:32:57','2023-10-02 14:35:22',10,6,11,1,'&#60;p&#62;- Front - End ? Web or Windows&#60;br&#62;Web&#60;br&#62;- Behavior can be replicated systematically? yes or no&#60;br&#62;yes&#60;br&#62;- Data required to replicate? yes or no (if yes please provide it)&#60;br&#62;yes&#60;br&#62;- Logs + date / time of key event? please provide it&#60;br&#62;The synchronization job was scheduled to run at 06/06/2022 05:00 PM&#60;br&#62;- User, Profile, solution, Licence?&#60;br&#62;Data Functional Administrator, HOPEX Information Architecture, HOPEX V5 CP2 HF3 (15.2.3.6151)&#60;br&#62;- Scenario and Steps to replicate the error Screenshots?&#60;br&#62;I fried to run a scheduled physical to logical synchronization from a database (with a Relational diagram), and it fails to generate the Entities and the Data Diagram. The mapping is generated but there are no Mapping Itens.&#60;br&#62;There are several Errors at the ssperrXXXX around the same time of the scheduled time of execution ( they are in the file HOPEX log.txt)&#60;br&#62;- Expected behavior&#60;br&#62;The expected behavior is the synchronization being successful, with Data Model, Entities and Data Diagram being generated.&#60;/p&#62;',3,3,3,1,1,1,0,0,0,NULL,NULL,NULL,0,0,0,0,0,NULL,NULL,NULL,NULL,145,41783577,41783577,41783577,0,0,0,0,'2023-09-29 15:10:52'),(2023092933,0,'Bill of delivery - version','2022-05-25 00:00:00','2023-10-02 14:35:22','2023-10-02 14:35:22','2023-10-02 14:32:57','2023-10-02 14:35:22',10,6,11,1,'&#60;p&#62;Hi,&#60;br&#62;Where is the place that I could find the list of one Bill of delivery.&#60;br&#62;In other words the bugs that one hotfixed solved.&#60;br&#62;Thanks in advanced.&#60;/p&#62;',3,3,3,1,1,1,0,0,0,NULL,NULL,NULL,0,0,0,0,0,NULL,NULL,NULL,NULL,145,42820377,42820377,42820377,0,0,0,0,'2023-09-29 15:17:32'),(2023092934,0,'Error after upgrade of Core Back-End - 15.1.4+6090','2022-03-03 00:00:00','2023-10-02 14:35:22','2023-10-02 14:35:22','2023-10-02 14:32:57','2023-10-02 14:35:22',10,6,11,1,'&#60;p&#62;Hi ,&#60;br&#62;Today I updated my enviroment using my HAS Console to - HOPEX Core Back-End V5.0 CP1 - 15.1.4+6090.&#60;br&#62;After that all conections of application appear one message error like you can see in the image attached.&#60;br&#62;All conections desapear, and really several critical.&#60;br&#62;Could you help me fixed that ?&#60;br&#62;Message Error&#60;br&#62;\"In appearing in this diagram this object must be connected to the described object \"Solução Aplicativo Móvel\" by the link \"Owner Application System\". Display of this warning can be deactivated by option \"State indicators -&#38;gt; Indicate inheritance of components\".&#60;/p&#62;',5,5,6,1,1,1,0,0,0,NULL,NULL,NULL,0,0,0,0,0,NULL,NULL,NULL,NULL,145,49991577,49991577,49991577,0,0,0,0,'2023-09-29 15:19:07'),(2023092935,0,'Published WEB360 in the IIS','2022-02-10 00:00:00','2023-10-02 14:35:22','2023-10-02 14:35:22','2023-10-02 14:32:57','2023-10-02 14:35:22',10,6,11,1,'&#60;p&#62;- Hi,&#60;br&#62;I need know how I can published the hopex 360 in my internet server (IIS).&#60;br&#62;Thanks in advanced.&#60;/p&#62;',2,2,2,1,1,1,0,0,0,NULL,NULL,NULL,0,0,0,0,0,NULL,NULL,NULL,NULL,145,51805977,51805977,51805977,0,0,0,0,'2023-09-29 15:20:33'),(2023092936,0,'Defining Business Line','2022-02-08 00:00:00','2023-10-02 15:01:12','2023-10-02 15:01:12','2023-09-29 15:21:45','2023-10-02 15:01:12',10,6,11,1,'&#60;p&#62;- Hi,&#60;br&#62;I\'m using the documentation of version V5 , attached, but I can\'t find the possibility to create Business Line&#60;br&#62;Could you offer alternatives to that. That is one important class in our metamodeling. Thanks in advanced.&#60;/p&#62;',3,3,3,1,1,1,0,0,0,NULL,NULL,NULL,0,0,0,0,0,NULL,NULL,NULL,NULL,0,51980472,51980472,51722505,0,0,0,0,'2023-09-29 15:21:45'),(2023092937,0,'Defining Business Line','2022-02-08 00:00:00','2023-10-02 14:35:22','2023-10-02 14:35:22','2023-10-02 14:32:57','2023-10-02 14:35:22',10,6,11,1,'&#60;p&#62;- Hi,&#60;br&#62;I\'m using the documentation of version V5 , attached, but I can\'t find the possibility to create Business Line&#60;br&#62;Could you offer alternatives to that. That is one important class in our metamodeling. Thanks in advanced.&#60;/p&#62;',3,3,3,1,1,1,0,0,0,NULL,NULL,NULL,0,0,0,0,0,NULL,NULL,NULL,NULL,145,51978777,51978777,51978777,0,0,0,0,'2023-09-29 15:34:19'),(2023092938,0,'Hopex 360','2022-02-02 00:00:00','2023-10-02 14:35:22','2023-10-02 14:35:22','2023-10-02 14:32:57','2023-10-02 14:35:22',10,6,11,1,'&#60;p&#62;Hi,&#60;br&#62;I´m trying generate the Hopex 360 for the repository Demo (present in the mega store), but with problems.&#60;br&#62;There are some documentation for generate 360 in the version 5.&#60;br&#62;Thanks in advanced&#60;/p&#62;',3,3,3,1,1,1,0,0,0,NULL,NULL,NULL,0,0,0,0,0,NULL,NULL,NULL,NULL,145,52497177,52497177,52497177,0,0,0,0,'2023-09-29 15:35:34'),(2023092939,0,'Database went to recovery in the upgrade process','2022-01-21 00:00:00','2023-10-02 14:35:22','2023-10-02 14:35:22','2023-10-02 14:32:57','2023-10-02 14:35:22',10,6,11,1,'&#60;p&#62;Seeking to update the hopex.core and hopex.dpx components the database went into a recovery situation.&#60;br&#62;I didn\'t understand the reasons and the evidence is in the associated images.&#60;br&#62;We are perplexed by what has happened. What procedure should I follow.&#60;br&#62;Regards&#60;/p&#62;\n&#60;p&#62; &#60;/p&#62;\n&#60;div class=\"mega-case-d-block mega-case-d-block-comment\"&#62;\n&#60;h3&#62;Case Comments&#60;/h3&#62;\n&#60;/div&#62;\n&#60;div class=\"mega-case-d-block mega-case-d-comment\"&#62;\n&#60;div class=\"mega-case-d-comment mega-case-d-item\"&#62;\n&#60;div class=\"mega-case-d-info-wrapper\"&#62;\n&#60;div class=\"mega-case-d-title\"&#62;Author&#60;/div&#62;\n&#60;div class=\"mega-case-d-value\"&#62;Joseph CAMARA&#60;/div&#62;\n&#60;/div&#62;\n&#60;div class=\"mega-case-d-info-wrapper\"&#62;\n&#60;div class=\"mega-case-d-title\"&#62;Date&#60;/div&#62;\n&#60;div class=\"mega-case-d-value\"&#62;2022/02/15 13:32:54 UTC&#60;/div&#62;\n&#60;/div&#62;\n&#60;div class=\"mega-case-d-info-wrapper\"&#62;\n&#60;div class=\"mega-case-d-title\"&#62;Description&#60;/div&#62;\n&#60;div class=\"mega-case-d-value mega-case-d-value-desc\"&#62;From: JS Jimenez &#38;lt;jsjimenez@evolvebr.com&#38;gt;&#60;br&#62;Sent: Monday, February 14, 2022 10:22 PM&#60;br&#62;To: CAMARA Joseph &#38;lt;jcamara@mega.com&#38;gt;&#60;br&#62;Subject: RES: Case 00114564: Database went to recovery in the upgrade process - Additional information required [ ref:_00D20Mcmj._5002p2f9m3T:ref ]&#60;br&#62;Hi&#60;br&#62;&#60;br&#62;Please , closed this case.&#60;br&#62;&#60;br&#62;Regards&#60;/div&#62;\n&#60;/div&#62;\n&#60;/div&#62;\n&#60;/div&#62;\n&#60;div class=\"mega-case-d-block mega-case-d-comment\"&#62;\n&#60;div class=\"mega-case-d-comment mega-case-d-item\"&#62;\n&#60;div class=\"mega-case-d-info-wrapper\"&#62;\n&#60;div class=\"mega-case-d-title\"&#62;Author&#60;/div&#62;\n&#60;div class=\"mega-case-d-value\"&#62;Joseph CAMARA&#60;/div&#62;\n&#60;/div&#62;\n&#60;div class=\"mega-case-d-info-wrapper\"&#62;\n&#60;div class=\"mega-case-d-title\"&#62;Date&#60;/div&#62;\n&#60;div class=\"mega-case-d-value\"&#62;2022/02/02 17:35:34 UTC&#60;/div&#62;\n&#60;/div&#62;\n&#60;div class=\"mega-case-d-info-wrapper\"&#62;\n&#60;div class=\"mega-case-d-title\"&#62;Description&#60;/div&#62;\n&#60;div class=\"mega-case-d-value mega-case-d-value-desc\"&#62;Hello,&#60;br&#62;From what I could gather from the lead developer, using the “Demo Starter” module and opting to upgrade other components (which can force the upgrade to the demo module), that component can/will start the process of overwriting/upgrading the “demo module”. This can take a fair amount of time (2 hours or more). Since you stopped the process, it put the environment in the “Recovery” state. There’s no way of reverting the state besides restoring the Sql databases and environment folder from a backup (assuming you had made one before you upgraded the modules). If you did not backup, then the environment is no longer accessible. This only occurs with the demo starter and Standard Starter modules since they are replacement environments at their core.&#60;br&#62;If you did not perform a backup of the original Databases/environment folder before attempting to upgrade, then I’d recommend you follow our Administration documentation on how to create a new environment:&#60;br&#62;&#60;br&#62;Or, you could remove the current “Hopex Database backup- Demo Starter Module”, stop the Hopex Core, delete the reference to the “broken” Environment through Administration, restart the core, re-add the “Hopex Database backup- Demo Starter Module” so Hopex could rebuild the latest Demo environment. Keep in mind the Latest Demo environment may not have been brought up to the latest core module version and may require an “Environment Automatic Update” once the module is done creating the new environment.&#60;br&#62;Please let me know if this reply provides you with the information necessary to proceed with resolving the “In Recovery” issue.&#60;br&#62;Kind Regards,&#60;br&#62;Joseph CAMARA&#60;/div&#62;\n&#60;/div&#62;\n&#60;/div&#62;\n&#60;/div&#62;\n&#60;div class=\"mega-case-d-block mega-case-d-comment\"&#62;\n&#60;div class=\"mega-case-d-comment mega-case-d-item\"&#62;\n&#60;div class=\"mega-case-d-info-wrapper\"&#62;\n&#60;div class=\"mega-case-d-title\"&#62;Author&#60;/div&#62;\n&#60;div class=\"mega-case-d-value\"&#62;Joseph CAMARA&#60;/div&#62;\n&#60;/div&#62;\n&#60;div class=\"mega-case-d-info-wrapper\"&#62;\n&#60;div class=\"mega-case-d-title\"&#62;Date&#60;/div&#62;\n&#60;div class=\"mega-case-d-value\"&#62;2022/01/25 01:19:47 UTC&#60;/div&#62;\n&#60;/div&#62;\n&#60;div class=\"mega-case-d-info-wrapper\"&#62;\n&#60;div class=\"mega-case-d-title\"&#62;Description&#60;/div&#62;\n&#60;div class=\"mega-case-d-value mega-case-d-value-desc\"&#62;From: JS Jimenez &#38;lt;jsjimenez@evolvebr.com&#38;gt;&#60;br&#62;Sent: Saturday, January 22, 2022 9:12 AM&#60;br&#62;To: CAMARA Joseph &#38;lt;jcamara@mega.com&#38;gt;&#60;br&#62;Subject: RES: Case 00114564: Database went to recovery in the upgrade process - Additional information required [ ref:_00D20Mcmj._5002p2f9m3T:ref ]&#60;br&#62;Hi JOSEPH, thanks for your help, below you have your solicitation:&#60;br&#62;&#60;br&#62;. This is my company\'s work environment, where we make presentations and have several POC repositories used for HOPEX sales.&#60;br&#62;. We were facing some errors in the generation of Assessment and exposure of reports that work in Hopex Customizer and do not work in HOPEX ITBM, that\'s why the update.&#60;br&#62;. We verified the existence of HOPEX Core Back-End V5.0 CP1 (15.1.1.6050) replacing (15.1.0+6027).&#60;br&#62;. Likewise the HOPEX Questionnaire Builder 15.1.1.6050 replacing 15.1.0+6027. All this information is present in HOPEX Application Server - Console , Modules List option.&#60;br&#62;. When performing the update procedure, we received the information that the activity was running in back-ground, but we did not have the evolution information.&#60;br&#62;. After 2 hours, we performed, stopped the HOPEX Core Back-End, and tried to perform the automatic update via the HOPEX Administration Client.&#60;br&#62;. We only noticed what happened because none of the client, Administrator, Supervisor, License, etc applications did not open.&#60;br&#62;. Analyzing the Logs we arrived at SQL BD and saw that it was in recovery.&#60;br&#62;. I hope I explained.&#60;br&#62;&#60;br&#62;If possible you can send the right process do make this kind of update?&#60;br&#62;&#60;br&#62;Thanks in advanced.&#60;br&#62;JSJimenez&#60;/div&#62;\n&#60;/div&#62;\n&#60;/div&#62;\n&#60;/div&#62;',5,5,6,1,1,1,0,0,0,NULL,NULL,NULL,0,0,0,0,0,NULL,NULL,NULL,NULL,145,53533977,53533977,53533977,0,0,0,0,'2023-09-29 15:38:59'),(2023092940,0,'Settings are valid but this installation key is not allowed to download packages','2022-01-18 00:00:00','2023-10-02 14:35:22','2023-10-02 14:35:22','2023-10-02 14:32:57','2023-10-02 14:35:22',10,6,11,1,'&#60;p&#62;We are trying to install HOPEX V5 CP1 and using the Installation Key are we getting the message that we have rights to download packages?&#60;br&#62;This message make sense, or the key was generated with problems? What\'s the procedure ?&#60;br&#62;Company: Orizon&#60;br&#62;User: fjunqueira@orizon.com.br&#60;br&#62;SIte Key : MG.FnYJKx63bmGmx3cmkS8RgHWy8yuUVB1VVWjhT&#60;br&#62;Wait your comments urgent.&#60;br&#62;Thanks in advanced&#60;/p&#62;',5,5,6,1,1,1,0,0,0,NULL,NULL,NULL,0,0,0,0,0,NULL,NULL,NULL,NULL,145,53793177,53793177,53793177,0,0,0,0,'2023-09-29 15:40:30'),(2023092941,0,'Community user/evolve/JSJimenez','2021-02-23 00:00:00','2023-10-02 14:35:22','2023-10-02 14:35:22','2023-10-02 14:32:57','2023-10-02 14:35:22',10,6,11,1,'&#60;p&#62;Community user/evolve/JSJimenez&#60;/p&#62;',2,2,2,1,1,1,0,0,0,NULL,NULL,NULL,0,0,0,0,0,NULL,NULL,NULL,NULL,145,82218777,82218777,82218777,0,0,0,0,'2023-09-29 15:41:54'),(2023092942,0,'Direct Assessment in Processes Doesn\'t Work','2023-08-08 00:00:00','2023-10-02 14:35:22','2023-10-02 14:35:22','2023-10-02 14:32:57','2023-10-02 14:35:22',10,6,11,1,'&#60;p&#62;HI,&#60;br&#62;When we seek to carry out a direct assessment of a Business Process or an Organizational Process after carrying out the assessment, it is not presented. Through the exploration of the object we identify the generation.&#60;br&#62;1. Create a Business Process&#60;br&#62;2. Go to AssessmentTab&#60;br&#62;3. Use the option Direct Assessment (Execution)&#60;br&#62;4. Carry out the assessment&#60;br&#62;5. The assessment don\'t appear&#60;br&#62;6. Make the explorer in the Business Process&#60;br&#62;7. See that the relationship exists&#60;/p&#62;',5,5,6,0,1,1,0,0,0,NULL,NULL,NULL,0,0,0,0,0,NULL,NULL,NULL,NULL,145,4804377,4804377,4804377,0,0,0,0,'2023-09-29 15:45:34'),(2023100201,0,'RE: HIAE - Install HASPKG in PROD','2023-09-26 00:00:00','2023-09-26 00:00:00','2023-09-26 00:00:00',NULL,'2023-10-02 15:31:05',11,6,11,1,'&#60;p&#62;It\'s approved! please apply as soon.&#60;br&#62;Best regards,&#60;br&#62;[cid:image001.png@01D2E38B.9F34E990]&#60;br&#62;Gustavo Viel Ferro&#60;br&#62;Arquiteto de Soluções&#60;br&#62;Arquitetura Corporativa&#60;br&#62;Mobile: 11 98152-1271&#60;br&#62;Gustavo.ferro@einstein.br&#38;lt;mailto:gustavo.ferro@einstein.br&#38;gt;&#60;br&#62;www.einstein.br&#38;lt;http://www.einstein.br/&#38;gt;&#60;br&#62;________________________________&#60;br&#62;De: Marcelo Takashi &#38;lt;marcelo.takashi@evolvebr.com&#38;gt;&#60;br&#62;Enviado: terça-feira, 26 de setembro de 2023 09:37&#60;br&#62;Para: Cloud &#38;lt;cloud@mega.com&#38;gt;&#60;br&#62;Cc: Roberta do Prado Squinello &#38;lt;Roberta.Squinello@einstein.br&#38;gt;; Gustavo Viel Ferro &#38;lt;Gustavo.Ferro@einstein.br&#38;gt;&#60;br&#62;Assunto: RES: HIAE - Install HASPKG in PROD&#60;br&#62;[E-MAIL EXTERNO]: NÃO CLIQUE em links e anexos de remetentes desconhecidos.&#60;br&#62;Não envie informações confidenciais da Instituição. Lembre-se, segurança é responsabilidade de todos nós.&#60;br&#62;--------------------------------------------------------------------------------------------------------------------------------&#60;br&#62;@Roberta do Prado Squinello&#38;lt;mailto:Roberta.Squinello@einstein.br&#38;gt; or @Gustavo Viel Ferro&#38;lt;mailto:Gustavo.Ferro@einstein.br&#38;gt;, can one of you two, please, aproove this request?&#60;br&#62;De: Marcelo Takashi&#60;br&#62;Enviada em: sexta-feira, 22 de setembro de 2023 11:03&#60;br&#62;Para: Cloud &#38;lt;cloud@mega.com&#38;gt;&#60;br&#62;Assunto: HIAE - Install HASPKG in PROD&#60;br&#62;Hi, the client Hospital Israelita Albert Einstein, wants the customization package located in (C:\\ProgramData\\MEGA\\Hopex Application Server\\5000\\Modules\\has.custom) at the DEV Server, to be installed in the PROD environment.&#60;br&#62;Can you proceed with the installation?&#60;br&#62;@Roberta do Prado Squinello&#38;lt;mailto:Roberta.Squinello@einstein.br&#38;gt; or @Gustavo Viel Ferro&#38;lt;mailto:Gustavo.Ferro@einstein.br&#38;gt;, can one of you two, please, aproove this request?&#60;br&#62;Best regards.&#60;br&#62;[Ícone Descrição gerada automaticamente]&#60;br&#62;Marcelo T. Hashimoto&#60;br&#62;Arquiteto Corporativo | eVOLVE Gestão Empresarial&#60;br&#62;Tel. (11) 4191-3426&#38;lt;tel:(11)%204195-0510&#38;gt;&#60;br&#62;Site. www.evolvebr.com&#38;lt;http://www.evolvebr.com/&#38;gt;&#60;br&#62;Endereço. Av. Sagitário, 138 - City 113&#60;br&#62;[Ícone Descrição gerada automaticamente]&#38;lt;https://www.linkedin.com/company/evolve-gest-o-empresarial/&#38;gt;&#60;br&#62;[Ícone Descrição gerada automaticamente]&#38;lt;https://www.youtube.com/channel/UCJQgCFkieklb6r1KYz_P5KA&#38;gt;&#60;br&#62;Esta mensagem contem informacao confidencial e/ou privilegiada. Se voce nao for o destinatario ou a pessoa autorizada a receber esta mensagem, nao pode usar, copiar ou divulgar as informacoes nela contidas ou tomar qualquer acao baseada nessas informacoes. Se voce recebeu esta mensagem por engano, por favor avise imediatamente o remetente, respondendo o e-mail e em seguida apague-o. Comunicacoes pela Internet nao podem ser garantidas quanto a pontualidade, seguranca ou inexistencia de erros ou virus. O remetente por esta razao nao se responsabiliza por qualquer erro, omissao ou mesmo opinioes e declaracoes contidas no conteudo desta mensagem. This E-mail is confidential. It may also be legally privileged. If you are not the addressee you may not copy, forward, disclose or use any part of it. If you have received this message in error, please delete it and all copies from your system and notify the sender immediately by return E-mail. Internet communications cannot be guaranteed to be timely, secure, error or virus-free. The sender does not accept liability for any errors, omissions, opinions or declarations contained in this E-mail.&#60;/p&#62;',3,3,3,4,1,1,0,0,0,NULL,NULL,NULL,0,0,0,0,0,NULL,NULL,NULL,NULL,0,0,0,0,0,1,0,0,'2023-10-02 15:21:07'),(2023100202,0,'RE: HIAE - Install HASPKG in PROD','2023-09-26 00:00:00','2023-09-26 00:00:00','2023-09-26 00:00:00',NULL,'2023-10-02 15:31:11',11,6,11,1,'&#60;p&#62;It\'s approved! please apply as soon.&#60;br&#62;Best regards,&#60;br&#62;[cid:image001.png@01D2E38B.9F34E990]&#60;br&#62;Gustavo Viel Ferro&#60;br&#62;Arquiteto de Soluções&#60;br&#62;Arquitetura Corporativa&#60;br&#62;Mobile: 11 98152-1271&#60;br&#62;Gustavo.ferro@einstein.br&#38;lt;mailto:gustavo.ferro@einstein.br&#38;gt;&#60;br&#62;&#60;a target=\"_blank\"&#62;www.einstein.br&#38;lt;http://www.einstein.br/&#38;gt;&#60;/a&#62;&#60;br&#62;________________________________&#60;br&#62;De: Marcelo Takashi &#38;lt;marcelo.takashi@evolvebr.com&#38;gt;&#60;br&#62;Enviado: terça-feira, 26 de setembro de 2023 09:37&#60;br&#62;Para: Cloud &#38;lt;cloud@mega.com&#38;gt;&#60;br&#62;Cc: Roberta do Prado Squinello &#38;lt;Roberta.Squinello@einstein.br&#38;gt;; Gustavo Viel Ferro &#38;lt;Gustavo.Ferro@einstein.br&#38;gt;&#60;br&#62;Assunto: RES: HIAE - Install HASPKG in PROD&#60;br&#62;[E-MAIL EXTERNO]: NÃO CLIQUE em links e anexos de remetentes desconhecidos.&#60;br&#62;Não envie informações confidenciais da Instituição. Lembre-se, segurança é responsabilidade de todos nós.&#60;br&#62;--------------------------------------------------------------------------------------------------------------------------------&#60;br&#62;@Roberta do Prado Squinello&#38;lt;mailto:Roberta.Squinello@einstein.br&#38;gt; or @Gustavo Viel Ferro&#38;lt;mailto:Gustavo.Ferro@einstein.br&#38;gt;, can one of you two, please, aproove this request?&#60;br&#62;De: Marcelo Takashi&#60;br&#62;Enviada em: sexta-feira, 22 de setembro de 2023 11:03&#60;br&#62;Para: Cloud &#38;lt;cloud@mega.com&#38;gt;&#60;br&#62;Assunto: HIAE - Install HASPKG in PROD&#60;br&#62;Hi, the client Hospital Israelita Albert Einstein, wants the customization package located in (C:\\ProgramData\\MEGA\\Hopex Application Server\\5000\\Modules\\has.custom) at the DEV Server, to be installed in the PROD environment.&#60;br&#62;Can you proceed with the installation?&#60;br&#62;@Roberta do Prado Squinello&#38;lt;mailto:Roberta.Squinello@einstein.br&#38;gt; or @Gustavo Viel Ferro&#38;lt;mailto:Gustavo.Ferro@einstein.br&#38;gt;, can one of you two, please, aproove this request?&#60;br&#62;Best regards.&#60;br&#62;[Ícone Descrição gerada automaticamente]&#60;br&#62;Marcelo T. Hashimoto&#60;br&#62;Arquiteto Corporativo | eVOLVE Gestão Empresarial&#60;br&#62;Tel. (11) 4191-3426&#38;lt;tel:(11)%204195-0510&#38;gt;&#60;br&#62;Site. &#60;a target=\"_blank\"&#62;www.evolvebr.com&#38;lt;http://www.evolvebr.com/&#38;gt;&#60;/a&#62;&#60;br&#62;Endereço. Av. Sagitário, 138 - City 113&#60;br&#62;[Ícone Descrição gerada automaticamente]&#38;lt;https://www.linkedin.com/company/evolve-gest-o-empresarial/&#38;gt;&#60;br&#62;[Ícone Descrição gerada automaticamente]&#38;lt;https://www.youtube.com/channel/UCJQgCFkieklb6r1KYz_P5KA&#38;gt;&#60;br&#62;Esta mensagem contem informacao confidencial e/ou privilegiada. Se voce nao for o destinatario ou a pessoa autorizada a receber esta mensagem, nao pode usar, copiar ou divulgar as informacoes nela contidas ou tomar qualquer acao baseada nessas informacoes. Se voce recebeu esta mensagem por engano, por favor avise imediatamente o remetente, respondendo o e-mail e em seguida apague-o. Comunicacoes pela Internet nao podem ser garantidas quanto a pontualidade, seguranca ou inexistencia de erros ou virus. O remetente por esta razao nao se responsabiliza por qualquer erro, omissao ou mesmo opinioes e declaracoes contidas no conteudo desta mensagem. This E-mail is confidential. It may also be legally privileged. If you are not the addressee you may not copy, forward, disclose or use any part of it. If you have received this message in error, please delete it and all copies from your system and notify the sender immediately by return E-mail. Internet communications cannot be guaranteed to be timely, secure, error or virus-free. The sender does not accept liability for any errors, omissions, opinions or declarations contained in this E-mail.&#60;/p&#62;',3,3,3,4,1,1,0,0,0,NULL,NULL,NULL,0,0,0,0,0,NULL,NULL,NULL,NULL,0,0,0,0,0,1,0,0,'2023-10-02 15:30:21'),(2023100203,0,'HIAE - HOPEX360 Generation Failed','2023-09-27 00:00:00','2023-10-06 20:23:05','2023-10-06 20:23:05',NULL,'2023-10-06 20:23:05',10,6,11,1,'&#60;p&#62;Hi, we are experiencing some HOPEX360 generation Errors, the print of an e-mail follows:&#60;br&#62;[cid:image001.png@01D9F13B.05F495E0]&#60;br&#62;Can you, please , verify, why we are receiving such error message?&#60;br&#62;Best regards.&#60;br&#62;[Ícone Descrição gerada automaticamente]&#60;br&#62;Marcelo T. Hashimoto&#60;br&#62;Arquiteto Corporativo | eVOLVE Gestão Empresarial&#60;br&#62;Tel. (11) 4191-3426&#38;lt;tel:(11)%204195-0510&#38;gt;&#60;br&#62;Site. www.evolvebr.com&#38;lt;http://www.evolvebr.com/&#38;gt;&#60;br&#62;Endereço. Av. Sagitário, 138 - City 113&#60;br&#62;[Ícone Descrição gerada automaticamente]&#38;lt;https://www.linkedin.com/company/evolve-gest-o-empresarial/&#38;gt;&#60;br&#62;[Ícone Descrição gerada automaticamente]&#38;lt;https://www.youtube.com/channel/UCJQgCFkieklb6r1KYz_P5KA&#38;gt;&#60;/p&#62;',3,3,3,0,1,1,0,0,0,NULL,NULL,NULL,0,0,0,0,0,NULL,NULL,NULL,NULL,133,850852,850852,0,0,0,0,0,'2023-10-02 15:33:33'),(2023100204,0,'RE: HIAE - Install HASPKG in PROD','2023-09-26 00:00:00','2023-09-26 00:00:00','2023-09-26 00:00:00',NULL,'2023-10-02 15:36:29',11,6,11,1,'&#60;p&#62;It\'s approved! please apply as soon.&#60;br&#62;Best regards,&#60;br&#62;[cid:image001.png@01D2E38B.9F34E990]&#60;br&#62;Gustavo Viel Ferro&#60;br&#62;Arquiteto de Soluções&#60;br&#62;Arquitetura Corporativa&#60;br&#62;Mobile: 11 98152-1271&#60;br&#62;Gustavo.ferro@einstein.br&#38;lt;mailto:gustavo.ferro@einstein.br&#38;gt;&#60;br&#62;&#60;a target=\"_blank\"&#62;www.einstein.br&#38;lt;http://www.einstein.br/&#38;gt;&#60;/a&#62;&#60;br&#62;________________________________&#60;br&#62;De: Marcelo Takashi &#38;lt;marcelo.takashi@evolvebr.com&#38;gt;&#60;br&#62;Enviado: terça-feira, 26 de setembro de 2023 09:37&#60;br&#62;Para: Cloud &#38;lt;cloud@mega.com&#38;gt;&#60;br&#62;Cc: Roberta do Prado Squinello &#38;lt;Roberta.Squinello@einstein.br&#38;gt;; Gustavo Viel Ferro &#38;lt;Gustavo.Ferro@einstein.br&#38;gt;&#60;br&#62;Assunto: RES: HIAE - Install HASPKG in PROD&#60;br&#62;[E-MAIL EXTERNO]: NÃO CLIQUE em links e anexos de remetentes desconhecidos.&#60;br&#62;Não envie informações confidenciais da Instituição. Lembre-se, segurança é responsabilidade de todos nós.&#60;br&#62;--------------------------------------------------------------------------------------------------------------------------------&#60;br&#62;@Roberta do Prado Squinello&#38;lt;mailto:Roberta.Squinello@einstein.br&#38;gt; or @Gustavo Viel Ferro&#38;lt;mailto:Gustavo.Ferro@einstein.br&#38;gt;, can one of you two, please, aproove this request?&#60;br&#62;De: Marcelo Takashi&#60;br&#62;Enviada em: sexta-feira, 22 de setembro de 2023 11:03&#60;br&#62;Para: Cloud &#38;lt;cloud@mega.com&#38;gt;&#60;br&#62;Assunto: HIAE - Install HASPKG in PROD&#60;br&#62;Hi, the client Hospital Israelita Albert Einstein, wants the customization package located in (C:\\ProgramData\\MEGA\\Hopex Application Server\\5000\\Modules\\has.custom) at the DEV Server, to be installed in the PROD environment.&#60;br&#62;Can you proceed with the installation?&#60;br&#62;@Roberta do Prado Squinello&#38;lt;mailto:Roberta.Squinello@einstein.br&#38;gt; or @Gustavo Viel Ferro&#38;lt;mailto:Gustavo.Ferro@einstein.br&#38;gt;, can one of you two, please, aproove this request?&#60;br&#62;Best regards.&#60;br&#62;[Ícone Descrição gerada automaticamente]&#60;br&#62;Marcelo T. Hashimoto&#60;br&#62;Arquiteto Corporativo | eVOLVE Gestão Empresarial&#60;br&#62;Tel. (11) 4191-3426&#38;lt;tel:(11)%204195-0510&#38;gt;&#60;br&#62;Site. &#60;a target=\"_blank\"&#62;www.evolvebr.com&#38;lt;http://www.evolvebr.com/&#38;gt;&#60;/a&#62;&#60;br&#62;Endereço. Av. Sagitário, 138 - City 113&#60;br&#62;[Ícone Descrição gerada automaticamente]&#38;lt;https://www.linkedin.com/company/evolve-gest-o-empresarial/&#38;gt;&#60;br&#62;[Ícone Descrição gerada automaticamente]&#38;lt;https://www.youtube.com/channel/UCJQgCFkieklb6r1KYz_P5KA&#38;gt;&#60;br&#62;Esta mensagem contem informacao confidencial e/ou privilegiada. Se voce nao for o destinatario ou a pessoa autorizada a receber esta mensagem, nao pode usar, copiar ou divulgar as informacoes nela contidas ou tomar qualquer acao baseada nessas informacoes. Se voce recebeu esta mensagem por engano, por favor avise imediatamente o remetente, respondendo o e-mail e em seguida apague-o. Comunicacoes pela Internet nao podem ser garantidas quanto a pontualidade, seguranca ou inexistencia de erros ou virus. O remetente por esta razao nao se responsabiliza por qualquer erro, omissao ou mesmo opinioes e declaracoes contidas no conteudo desta mensagem. This E-mail is confidential. It may also be legally privileged. If you are not the addressee you may not copy, forward, disclose or use any part of it. If you have received this message in error, please delete it and all copies from your system and notify the sender immediately by return E-mail. Internet communications cannot be guaranteed to be timely, secure, error or virus-free. The sender does not accept liability for any errors, omissions, opinions or declarations contained in this E-mail.&#60;/p&#62;',3,3,3,4,1,1,0,0,0,NULL,NULL,NULL,0,0,0,0,0,NULL,NULL,NULL,NULL,0,0,0,0,0,0,0,0,'2023-10-02 15:36:29'),(2023100205,0,'HIAE - Source IP Connection DEV','2023-09-21 00:00:00','2023-10-06 20:23:05','2023-10-06 20:23:05',NULL,'2023-10-06 20:23:05',10,6,11,1,'&#60;p&#62;Hi, Can you, please, change the security policy for the IP Origin of the RDP DEV environment for my access to:&#60;br&#62;179.113.238.240&#60;br&#62;Thank you.&#60;br&#62;[Ícone Descrição gerada automaticamente]&#60;br&#62;Marcelo T. Hashimoto&#60;br&#62;Arquiteto Corporativo | eVOLVE Gestão Empresarial&#60;br&#62;Tel. (11) 4191-3426&#38;lt;tel:(11)%204195-0510&#38;gt;&#60;br&#62;Site. &#60;a target=\"_blank\"&#62;www.evolvebr.com&#38;lt;http://www.evolvebr.com/&#38;gt;&#60;/a&#62;&#60;br&#62;Endereço. Av. Sagitário, 138 - City 113&#60;br&#62;[Ícone Descrição gerada automaticamente]&#38;lt;https://www.linkedin.com/company/evolve-gest-o-empresarial/&#38;gt;&#60;br&#62;[Ícone Descrição gerada automaticamente]&#38;lt;https://www.youtube.com/channel/UCJQgCFkieklb6r1KYz_P5KA&#38;gt;&#60;/p&#62;',3,3,3,4,1,1,0,0,0,NULL,NULL,NULL,0,0,0,0,0,NULL,NULL,NULL,NULL,133,1369252,1369252,0,0,0,0,0,'2023-10-02 15:42:15'),(2023100206,0,'RES: HIAE - Perform T&#38;C Compilation PROD','2023-09-20 00:00:00','2023-09-20 00:00:00','2023-09-20 00:00:00',NULL,'2023-10-02 15:46:59',11,6,11,1,'&#60;p&#62;Aproved&#60;br&#62;[cid:image004.png@01D9EBB0.3350E010]&#60;br&#62;Roberta Squinello&#60;br&#62;Especialista em Governança de Dados&#60;br&#62;Arquitetura de Dados - TI&#60;br&#62;11 976673039&#60;br&#62;roberta.squinello@eisnten.br&#38;lt;mailto:roberta.squinello@eisnten.br&#38;gt;&#60;br&#62;&#60;a target=\"_blank\"&#62;www.einstein.br&#38;lt;http://www.einstein.br/&#38;gt;&#60;/a&#62;&#60;br&#62;De: Marcelo Takashi &#38;lt;marcelo.takashi@evolvebr.com&#38;gt;&#60;br&#62;Enviada em: quarta-feira, 20 de setembro de 2023 10:08&#60;br&#62;Para: Cloud &#38;lt;cloud@mega.com&#38;gt;; Roberta do Prado Squinello &#38;lt;Roberta.Squinello@einstein.br&#38;gt;&#60;br&#62;Assunto: HIAE - Permission Compilation PROD&#60;br&#62;[E-MAIL EXTERNO]: NÃO CLIQUE em links e anexos de remetentes desconhecidos.&#60;br&#62;Não envie informações confidenciais da Instituição. Lembre-se, segurança é responsabilidade de todos nós.&#60;br&#62;--------------------------------------------------------------------------------------------------------------------------------&#60;br&#62;Hi, the client Hospital Israelita Albert Einstein (HIAE) is facing some warnings in the PROD environment regarding the compilation of permissions. Can you, please perform a Permission Compilation in the PROD environment?&#60;br&#62;@Roberta do Prado Squinello&#38;lt;mailto:Roberta.Squinello@einstein.br&#38;gt;, can you, please, aproove this request?&#60;br&#62;Best regards.&#60;br&#62;[Ícone Descrição gerada automaticamente]&#60;br&#62;Marcelo T. Hashimoto&#60;br&#62;Arquiteto Corporativo | eVOLVE Gestão Empresarial&#60;br&#62;Tel. (11) 4191-3426&#38;lt;tel:(11)%204195-0510&#38;gt;&#60;br&#62;Site. &#60;a target=\"_blank\"&#62;www.evolvebr.com&#38;lt;http://www.evolvebr.com/&#38;gt;&#60;/a&#62;&#60;br&#62;Endereço. Av. Sagitário, 138 - City 113&#60;br&#62;[Ícone Descrição gerada automaticamente]&#38;lt;https://www.linkedin.com/company/evolve-gest-o-empresarial/&#38;gt;&#60;br&#62;[Ícone Descrição gerada automaticamente]&#38;lt;https://www.youtube.com/channel/UCJQgCFkieklb6r1KYz_P5KA&#38;gt;&#60;br&#62;Esta mensagem contem informacao confidencial e/ou privilegiada. Se voce nao for o destinatario ou a pessoa autorizada a receber esta mensagem, nao pode usar, copiar ou divulgar as informacoes nela contidas ou tomar qualquer acao baseada nessas informacoes. Se voce recebeu esta mensagem por engano, por favor avise imediatamente o remetente, respondendo o e-mail e em seguida apague-o. Comunicacoes pela Internet nao podem ser garantidas quanto a pontualidade, seguranca ou inexistencia de erros ou virus. O remetente por esta razao nao se responsabiliza por qualquer erro, omissao ou mesmo opinioes e declaracoes contidas no conteudo desta mensagem. This E-mail is confidential. It may also be legally privileged. If you are not the addressee you may not copy, forward, disclose or use any part of it. If you have received this message in error, please delete it and all copies from your system and notify the sender immediately by return E-mail. Internet communications cannot be guaranteed to be timely, secure, error or virus-free. The sender does not accept liability for any errors, omissions, opinions or declarations contained in this E-mail.&#60;/p&#62;',3,3,3,5,1,1,0,0,0,NULL,NULL,NULL,0,0,0,0,0,NULL,NULL,NULL,NULL,0,0,0,0,0,0,0,0,'2023-10-02 15:46:59'),(2023100207,0,'HIAE - Install HASPKG in PREPROD','2023-09-20 00:00:00','2023-10-06 20:23:05','2023-10-06 20:23:05',NULL,'2023-10-06 20:23:05',10,6,10,1,'&#60;p&#62;Hi, the client Hospital Israelita Albert Einstein, wants the new customization package located in (C:\\ProgramData\\MEGA\\Hopex Application Server\\5000\\Modules\\has.custom) at the DEV Server, to be installed in the PREPROD environment.&#60;br&#62;Can you proceed with the installation?&#60;br&#62;Best regards.&#60;br&#62;[Ícone Descrição gerada automaticamente]&#60;br&#62;Marcelo T. Hashimoto&#60;br&#62;Arquiteto Corporativo | eVOLVE Gestão Empresarial&#60;br&#62;Tel. (11) 4191-3426&#38;lt;tel:(11)%204195-0510&#38;gt;&#60;br&#62;Site. &#60;a target=\"_blank\"&#62;www.evolvebr.com&#38;lt;http://www.evolvebr.com/&#38;gt;&#60;/a&#62;&#60;br&#62;Endereço. Av. Sagitário, 138 - City 113&#60;br&#62;[Ícone Descrição gerada automaticamente]&#38;lt;https://www.linkedin.com/company/evolve-gest-o-empresarial/&#38;gt;&#60;br&#62;[Ícone Descrição gerada automaticamente]&#38;lt;https://www.youtube.com/channel/UCJQgCFkieklb6r1KYz_P5KA&#38;gt;&#60;/p&#62;',3,3,3,5,1,1,0,0,0,NULL,NULL,NULL,0,0,0,0,0,NULL,NULL,NULL,NULL,159,1455626,1455626,0,0,0,0,0,'2023-10-02 16:31:22'),(2023100208,0,'RE: HIAE - Install HASPKG in PROD','2023-09-19 00:00:00','2023-09-19 00:00:00','2023-09-19 00:00:00',NULL,'2023-10-02 16:33:53',11,6,11,1,'&#60;p&#62;Yes, approved.&#60;br&#62;Thank you,&#60;br&#62;[cid:image001.png@01D2E38B.9F34E990]&#60;br&#62;Gustavo Viel Ferro&#60;br&#62;Arquiteto de Soluções&#60;br&#62;Arquitetura Corporativa&#60;br&#62;Mobile: 11 98152-1271&#60;br&#62;Gustavo.ferro@einstein.br&#38;lt;mailto:gustavo.ferro@einstein.br&#38;gt;&#60;br&#62;&#60;a target=\"_blank\"&#62;www.einstein.br&#38;lt;http://www.einstein.br/&#38;gt;&#60;/a&#62;&#60;br&#62;________________________________&#60;br&#62;De: Marcelo Takashi &#38;lt;marcelo.takashi@evolvebr.com&#38;gt;&#60;br&#62;Enviado: segunda-feira, 18 de setembro de 2023 21:21&#60;br&#62;Para: Cloud &#38;lt;cloud@mega.com&#38;gt;; Roberta do Prado Squinello &#38;lt;Roberta.Squinello@einstein.br&#38;gt;; Gustavo Viel Ferro &#38;lt;Gustavo.Ferro@einstein.br&#38;gt;&#60;br&#62;Assunto: HIAE - Install HASPKG in PROD&#60;br&#62;[E-MAIL EXTERNO]: NÃO CLIQUE em links e anexos de remetentes desconhecidos.&#60;br&#62;Não envie informações confidenciais da Instituição. Lembre-se, segurança é responsabilidade de todos nós.&#60;br&#62;--------------------------------------------------------------------------------------------------------------------------------&#60;br&#62;Hi, the client Hospital Israelita Albert Einstein, wants the customization package located in (C:\\ProgramData\\MEGA\\Hopex Application Server\\5000\\Modules\\has.custom) at the DEV Server, to be installed in the PROD environment.&#60;br&#62;Can you proceed with the installation?&#60;br&#62;@Roberta do Prado Squinello&#38;lt;mailto:Roberta.Squinello@einstein.br&#38;gt; or @Gustavo Viel Ferro&#38;lt;mailto:Gustavo.Ferro@einstein.br&#38;gt;, can one of you two, please, aproove this request?&#60;br&#62;Best regards.&#60;br&#62;[Ícone Descrição gerada automaticamente]&#60;br&#62;Marcelo T. Hashimoto&#60;br&#62;Arquiteto Corporativo | eVOLVE Gestão Empresarial&#60;br&#62;Tel. (11) 4191-3426&#38;lt;tel:(11)%204195-0510&#38;gt;&#60;br&#62;Site. &#60;a target=\"_blank\"&#62;www.evolvebr.com&#38;lt;http://www.evolvebr.com/&#38;gt;&#60;/a&#62;&#60;br&#62;Endereço. Av. Sagitário, 138 - City 113&#60;br&#62;[Ícone Descrição gerada automaticamente]&#38;lt;https://www.linkedin.com/company/evolve-gest-o-empresarial/&#38;gt;&#60;br&#62;[Ícone Descrição gerada automaticamente]&#38;lt;https://www.youtube.com/channel/UCJQgCFkieklb6r1KYz_P5KA&#38;gt;&#60;br&#62;Esta mensagem contem informacao confidencial e/ou privilegiada. Se voce nao for o destinatario ou a pessoa autorizada a receber esta mensagem, nao pode usar, copiar ou divulgar as informacoes nela contidas ou tomar qualquer acao baseada nessas informacoes. Se voce recebeu esta mensagem por engano, por favor avise imediatamente o remetente, respondendo o e-mail e em seguida apague-o. Comunicacoes pela Internet nao podem ser garantidas quanto a pontualidade, seguranca ou inexistencia de erros ou virus. O remetente por esta razao nao se responsabiliza por qualquer erro, omissao ou mesmo opinioes e declaracoes contidas no conteudo desta mensagem. This E-mail is confidential. It may also be legally privileged. If you are not the addressee you may not copy, forward, disclose or use any part of it. If you have received this message in error, please delete it and all copies from your system and notify the sender immediately by return E-mail. Internet communications cannot be guaranteed to be timely, secure, error or virus-free. The sender does not accept liability for any errors, omissions, opinions or declarations contained in this E-mail.&#60;/p&#62;',3,3,3,4,1,1,0,0,0,NULL,NULL,NULL,0,0,0,0,0,NULL,NULL,NULL,NULL,0,0,0,0,0,0,0,0,'2023-10-02 16:33:53'),(2023100209,0,'HIAE - Source IP Connection DEV','2023-09-18 00:00:00','2023-10-06 20:23:05','2023-10-06 20:23:05',NULL,'2023-10-06 20:23:05',10,6,10,1,'&#60;p&#62;Hi, Can you, please, change the security policy for the IP Origin of the RDP DEV environment for my access to:&#60;br&#62;179.113.242.228&#60;br&#62;Thank you.&#60;br&#62;[Ícone Descrição gerada automaticamente]&#60;br&#62;Marcelo T. Hashimoto&#60;br&#62;Arquiteto Corporativo | eVOLVE Gestão Empresarial&#60;br&#62;Tel. (11) 4191-3426&#38;lt;tel:(11)%204195-0510&#38;gt;&#60;br&#62;Site. &#60;a target=\"_blank\"&#62;www.evolvebr.com&#38;lt;http://www.evolvebr.com/&#38;gt;&#60;/a&#62;&#60;br&#62;Endereço. Av. Sagitário, 138 - City 113&#60;br&#62;[Ícone Descrição gerada automaticamente]&#38;lt;https://www.linkedin.com/company/evolve-gest-o-empresarial/&#38;gt;&#60;br&#62;[Ícone Descrição gerada automaticamente]&#38;lt;https://www.youtube.com/channel/UCJQgCFkieklb6r1KYz_P5KA&#38;gt;&#60;/p&#62;',3,3,3,4,1,1,0,0,0,NULL,NULL,NULL,0,0,0,0,0,NULL,NULL,NULL,NULL,159,1628426,1628426,0,0,0,0,0,'2023-10-02 16:35:12'),(2023100210,0,'Error Logs request - Case 00145958: HIAE - Reverse Engineer Removing attribute from Database Object','2023-09-06 00:00:00','2023-09-06 00:00:00','2023-09-06 00:00:00',NULL,'2023-10-02 16:36:34',11,6,11,1,'&#60;p&#62;Hi team,&#60;br&#62;Could you please share all the error logs for:&#60;br&#62;Customer: Hospital Albert Einstein Brazil&#60;br&#62;Environment: Dev&#60;br&#62;Date: Sept-05-2023&#60;br&#62;Url: &#60;a href=\"https://dev-alberteinstein.hopexcloud.com/hopex\" target=\"_blank\" rel=\"noopener\"&#62;https://dev-alberteinstein.hopexcloud.com/hopex&#60;/a&#62;&#60;br&#62;[cid:image001.png@01D9E0AA.2E4CD670]&#60;br&#62;Thank you in advance.&#60;br&#62;Kind regards,&#60;br&#62;Mervin JIMENEZ&#60;br&#62;Technical Support Engineer&#60;br&#62;MEGA International&#60;br&#62;&#60;a target=\"_blank\"&#62;www.mega.com&#38;lt;https://clicktime.symantec.com/15tT4GGzjuRzrU3rWroFD?h=NGplU20Cw50mWUOe3H4ttqDVGV0RCvSD-wTnRKXPtFg=&#38;amp;u=http://www.mega.com/&#38;gt;&#60;/a&#62;&#60;br&#62;Twitter&#38;lt;https://clicktime.symantec.com/15tStbtRpg4p2aQ1Rjzwy?h=9B61HPnwHg8PXH8MJE2Gg7CatMets4HCU_Kk7KBzH_I=&#38;amp;u=http://twitter.com/mega_int&#38;gt; - LinkedIn&#38;lt;https://clicktime.symantec.com/15tSyS5iHHkQSXDvyJQ6b?h=2f9wdIcj3WIk9Nzhcb24qAMHk_fFWQzP9BCkTqTWUDw=&#38;amp;u=http://www.linkedin.com/company/mega-international&#38;gt; - YouTube&#38;lt;https://clicktime.symantec.com/15tT96UHCX7bGQsn4RCPq?h=MaAqhy2JUEP-yJD2a_cMdTXOL8aKG9mRB3as0A59Kvg=&#38;amp;u=http://www.youtube.com/megainternational&#38;gt;&#60;br&#62;P + 1 (774) 767 6394&#60;br&#62;E mjimenez@mega.com&#38;lt;mailto:mjimenez@mega.com&#38;gt;&#60;br&#62;________________________________&#60;br&#62;You aren\'t expected to respond to my email outside of your work hours.&#60;/p&#62;',3,3,3,5,1,1,0,0,0,NULL,NULL,NULL,0,0,0,0,0,NULL,NULL,NULL,NULL,0,0,0,0,0,0,0,0,'2023-10-02 16:36:34'),(2023100211,0,'HIAE - Change generation path for HOPEX360 website','2023-08-28 00:00:00','2023-10-06 20:23:05','2023-10-06 20:23:05',NULL,'2023-10-06 20:23:05',10,6,10,1,'&#60;p&#62;Hi, the client Hospital Israelita Albert Einstein wants to change the generation path for the website evl_HOPEX360 at the PreProd environment. It is currently pointing to a invalid path.&#60;br&#62;Can you, please, change to the environment path for PreProd?&#60;br&#62;Best regards.&#60;br&#62;[Ícone Descrição gerada automaticamente]&#60;br&#62;Marcelo T. Hashimoto&#60;br&#62;Arquiteto Corporativo | eVOLVE Gestão Empresarial&#60;br&#62;Tel. (11) 4191-3426&#38;lt;tel:(11)%204195-0510&#38;gt;&#60;br&#62;Site. &#60;a target=\"_blank\"&#62;www.evolvebr.com&#38;lt;http://www.evolvebr.com/&#38;gt;&#60;/a&#62;&#60;br&#62;Endereço. Av. Sagitário, 138 - City 113&#60;br&#62;[Ícone Descrição gerada automaticamente]&#38;lt;https://www.linkedin.com/company/evolve-gest-o-empresarial/&#38;gt;&#60;br&#62;[Ícone Descrição gerada automaticamente]&#38;lt;https://www.youtube.com/channel/UCJQgCFkieklb6r1KYz_P5KA&#38;gt;&#60;/p&#62;',3,3,3,4,1,1,0,0,0,NULL,NULL,NULL,0,0,0,0,0,NULL,NULL,NULL,NULL,159,3442826,3442826,0,0,0,0,0,'2023-10-02 16:38:30'),(2023100212,0,'HIAE - DEV Environment RDP Password reset','2023-08-23 00:00:00','2023-10-06 20:23:05','2023-10-06 20:23:05',NULL,'2023-10-06 20:23:05',10,6,10,1,'&#60;p&#62;Hi,&#60;br&#62;I am trying to connect to HIAE Dev environment and I am getting the message that the password is expired.&#60;br&#62;Can you, please, reset the password and send to me?&#60;br&#62;Thank you&#60;br&#62;Best regards.&#60;br&#62;[Ícone Descrição gerada automaticamente]&#60;br&#62;Marcelo T. Hashimoto&#60;br&#62;Arquiteto Corporativo | eVOLVE Gestão Empresarial&#60;br&#62;Tel. (11) 4191-3426&#38;lt;tel:(11)%204195-0510&#38;gt;&#60;br&#62;Site. &#60;a target=\"_blank\"&#62;www.evolvebr.com&#38;lt;http://www.evolvebr.com/&#38;gt;&#60;/a&#62;&#60;br&#62;Endereço. Av. Sagitário, 138 - City 113&#60;br&#62;[Ícone Descrição gerada automaticamente]&#38;lt;https://www.linkedin.com/company/evolve-gest-o-empresarial/&#38;gt;&#60;br&#62;[Ícone Descrição gerada automaticamente]&#38;lt;https://www.youtube.com/channel/UCJQgCFkieklb6r1KYz_P5KA&#38;gt;&#60;/p&#62;',3,3,3,5,1,1,0,0,0,NULL,NULL,NULL,0,0,0,0,0,NULL,NULL,NULL,NULL,159,3874826,3874826,0,0,0,0,0,'2023-10-02 16:43:17'),(2023100213,0,'HIAE - Source IP Connection DEV','2023-08-23 00:00:00','2023-10-06 20:23:05','2023-10-06 20:23:05',NULL,'2023-10-06 20:23:05',10,6,10,1,'&#60;p&#62;Hi, Can you, please, change the security policy for the IP Origin of the RDP DEV environment for my access to:&#60;br&#62;179.113.17.105&#60;br&#62;Thank you.&#60;br&#62;[Ícone Descrição gerada automaticamente]&#60;br&#62;Marcelo T. Hashimoto&#60;br&#62;Arquiteto Corporativo | eVOLVE Gestão Empresarial&#60;br&#62;Tel. (11) 4191-3426&#38;lt;tel:(11)%204195-0510&#38;gt;&#60;br&#62;Site. &#60;a target=\"_blank\"&#62;www.evolvebr.com&#38;lt;http://www.evolvebr.com/&#38;gt;&#60;/a&#62;&#60;br&#62;Endereço. Av. Sagitário, 138 - City 113&#60;br&#62;[Ícone Descrição gerada automaticamente]&#38;lt;https://www.linkedin.com/company/evolve-gest-o-empresarial/&#38;gt;&#60;br&#62;[Ícone Descrição gerada automaticamente]&#38;lt;https://www.youtube.com/channel/UCJQgCFkieklb6r1KYz_P5KA&#38;gt;&#60;/p&#62;',3,3,3,5,1,1,0,0,0,NULL,NULL,NULL,0,0,0,0,0,NULL,NULL,NULL,NULL,159,3874826,3874826,0,0,0,0,0,'2023-10-02 16:45:15'),(2023100214,0,'','2023-08-16 00:00:00','2023-08-16 00:00:00','2023-08-16 00:00:00',NULL,'2023-10-02 16:47:06',11,6,11,1,'',3,3,3,4,1,1,0,0,0,NULL,NULL,NULL,0,0,0,0,0,NULL,NULL,NULL,NULL,0,0,0,0,0,1,0,0,'2023-10-02 16:47:00'),(2023100215,0,'HIAE - PPROD HOPEX360 generation Error','2023-08-16 00:00:00','2023-10-06 20:23:05','2023-10-06 20:23:05',NULL,'2023-10-06 20:23:05',10,6,10,1,'&#60;p&#62;Hi,&#60;br&#62;The client Hospital Israelita Albert Einsten is facing some issues in the generation of the HOPEX360, the zip file is coming empty.&#60;br&#62;Can you, please, send the Log files for the preprod environment for the date of 15/08/2023?&#60;br&#62;Best regards.&#60;br&#62;[Ícone Descrição gerada automaticamente]&#60;br&#62;Marcelo T. Hashimoto&#60;br&#62;Arquiteto Corporativo | eVOLVE Gestão Empresarial&#60;br&#62;Tel. (11) 4191-3426&#38;lt;tel:(11)%204195-0510&#38;gt;&#60;br&#62;Site. www.evolvebr.com&#38;lt;http://www.evolvebr.com/&#38;gt;&#60;br&#62;Endereço. Av. Sagitário, 138 - City 113&#60;br&#62;[Ícone Descrição gerada automaticamente]&#38;lt;https://www.linkedin.com/company/evolve-gest-o-empresarial/&#38;gt;&#60;br&#62;[Ícone Descrição gerada automaticamente]&#38;lt;https://www.youtube.com/channel/UCJQgCFkieklb6r1KYz_P5KA&#38;gt;&#60;/p&#62;',3,3,3,4,1,1,0,0,0,NULL,NULL,NULL,0,0,0,0,0,NULL,NULL,NULL,NULL,159,4479626,4479626,0,0,0,0,0,'2023-10-02 16:48:24'),(2023100216,0,'HIAE - PPROD HOPEX360 generation Error','2023-08-15 00:00:00','2023-10-06 20:23:05','2023-10-06 20:23:05',NULL,'2023-10-06 20:23:05',10,6,10,1,'&#60;p&#62;Hi,&#60;br&#62;The client Hospital Israelita Albert Einsten is facing some issues in the generation of the HOPEX360, the zip file is coming empty.&#60;br&#62;Can you, please, send the Log files for the preprod environment for the date of 14/08/2023?&#60;br&#62;Best regards.&#60;br&#62;[Ícone Descrição gerada automaticamente]&#60;br&#62;Marcelo T. Hashimoto&#60;br&#62;Arquiteto Corporativo | eVOLVE Gestão Empresarial&#60;br&#62;Tel. (11) 4191-3426&#38;lt;tel:(11)%204195-0510&#38;gt;&#60;br&#62;Site. &#60;a target=\"_blank\"&#62;www.evolvebr.com&#38;lt;http://www.evolvebr.com/&#38;gt;&#60;/a&#62;&#60;br&#62;Endereço. Av. Sagitário, 138 - City 113&#60;br&#62;[Ícone Descrição gerada automaticamente]&#38;lt;https://www.linkedin.com/company/evolve-gest-o-empresarial/&#38;gt;&#60;br&#62;[Ícone Descrição gerada automaticamente]&#38;lt;https://www.youtube.com/channel/UCJQgCFkieklb6r1KYz_P5KA&#38;gt;&#60;/p&#62;',3,3,3,1,1,1,0,0,0,NULL,NULL,NULL,0,0,0,0,0,NULL,NULL,NULL,NULL,159,4566026,4566026,0,0,0,0,0,'2023-10-02 16:49:49'),(2023100217,0,'HIAE - Install HASPKG in PREPROD','2023-08-11 00:00:00','2023-10-06 20:23:05','2023-10-06 20:23:05',NULL,'2023-10-06 20:23:05',10,6,10,1,'&#60;p&#62;Hi, the client Hospital Israelita Albert Einstein, wants the customization package located in (C:\\ProgramData\\MEGA\\Hopex Application Server\\5000\\Modules\\has.custom) at the DEV Server, to be installed in the PREPROD environment.&#60;br&#62;Can you proceed with the installation?&#60;br&#62;[Ícone Descrição gerada automaticamente]&#60;br&#62;Marcelo T. Hashimoto&#60;br&#62;Arquiteto Corporativo | eVOLVE Gestão Empresarial&#60;br&#62;Tel. (11) 4191-3426&#38;lt;tel:(11)%204195-0510&#38;gt;&#60;br&#62;Site. &#60;a target=\"_blank\"&#62;www.evolvebr.com&#38;lt;http://www.evolvebr.com/&#38;gt;&#60;/a&#62;&#60;br&#62;Endereço. Av. Sagitário, 138 - City 113&#60;br&#62;[Ícone Descrição gerada automaticamente]&#38;lt;https://www.linkedin.com/company/evolve-gest-o-empresarial/&#38;gt;&#60;br&#62;[Ícone Descrição gerada automaticamente]&#38;lt;https://www.youtube.com/channel/UCJQgCFkieklb6r1KYz_P5KA&#38;gt;&#60;/p&#62;',3,3,3,4,1,1,0,0,0,NULL,NULL,NULL,0,0,0,0,0,NULL,NULL,NULL,NULL,159,4911626,4911626,0,0,0,0,0,'2023-10-02 16:51:47'),(2023100218,0,'HIAE - Install HASPKG in PREPROD','2023-08-09 00:00:00','2023-10-06 20:23:05','2023-10-06 20:23:05',NULL,'2023-10-06 20:23:05',10,6,10,1,'&#60;p&#62;Hi, the client Hospital Israelita Albert Einstein, wants the customization package located in (C:\\ProgramData\\MEGA\\Hopex Application Server\\5000\\Modules\\has.custom) at the DEV Server, to be installed in the PREPROD environment.&#60;br&#62;Can you proceed with the installation?&#60;br&#62;Best regards.&#60;br&#62;[Ícone Descrição gerada automaticamente]&#60;br&#62;Marcelo T. Hashimoto&#60;br&#62;Arquiteto Corporativo | eVOLVE Gestão Empresarial&#60;br&#62;Tel. (11) 4191-3426&#38;lt;tel:(11)%204195-0510&#38;gt;&#60;br&#62;Site. &#60;a target=\"_blank\"&#62;www.evolvebr.com&#38;lt;http://www.evolvebr.com/&#38;gt;&#60;/a&#62;&#60;br&#62;Endereço. Av. Sagitário, 138 - City 113&#60;br&#62;[Ícone Descrição gerada automaticamente]&#38;lt;https://www.linkedin.com/company/evolve-gest-o-empresarial/&#38;gt;&#60;br&#62;[Ícone Descrição gerada automaticamente]&#38;lt;https://www.youtube.com/channel/UCJQgCFkieklb6r1KYz_P5KA&#38;gt;&#60;/p&#62;',3,3,3,4,1,1,0,0,0,NULL,NULL,NULL,0,0,0,0,0,NULL,NULL,NULL,NULL,159,5084426,5084426,0,0,0,0,0,'2023-10-02 16:53:30'),(2023100219,0,'RE: HIAE - Install HASPKG in PROD','2023-08-07 00:00:00','2023-08-07 00:00:00','2023-08-07 00:00:00',NULL,'2023-10-02 16:55:54',11,6,11,1,'&#60;p&#62;Aproved.&#60;br&#62;Thanks,&#60;br&#62;[cid:image001.png@01D2E38B.9F34E990]&#60;br&#62;Gustavo Viel Ferro&#60;br&#62;Arquiteto de Soluções&#60;br&#62;Arquitetura Corporativa&#60;br&#62;Mobile: 11 98152-1271&#60;br&#62;Gustavo.ferro@einstein.br&#38;lt;mailto:gustavo.ferro@einstein.br&#38;gt;&#60;br&#62;&#60;a target=\"_blank\"&#62;www.einstein.br&#38;lt;http://www.einstein.br/&#38;gt;&#60;/a&#62;&#60;br&#62;________________________________&#60;br&#62;De: Marcelo Takashi &#38;lt;marcelo.takashi@evolvebr.com&#38;gt;&#60;br&#62;Enviado: sexta-feira, 4 de agosto de 2023 11:21&#60;br&#62;Para: Cloud &#38;lt;cloud@mega.com&#38;gt;&#60;br&#62;Cc: Gustavo Viel Ferro &#38;lt;Gustavo.Ferro@einstein.br&#38;gt;; Alessandro Oliveira Souza &#38;lt;alessandro.osouza@einstein.br&#38;gt;&#60;br&#62;Assunto: HIAE - Install HASPKG in PROD&#60;br&#62;[E-MAIL EXTERNO]: NÃO CLIQUE em links e anexos de remetentes desconhecidos.&#60;br&#62;Não envie informações confidenciais da Instituição. Lembre-se, segurança é responsabilidade de todos nós.&#60;br&#62;--------------------------------------------------------------------------------------------------------------------------------&#60;br&#62;Hi, the client Hospital Israelita Albert Einstein, wants the customization package located in (C:\\ProgramData\\MEGA\\Hopex Application Server\\5000\\Modules\\has.custom) at the DEV Server, to be installed in the PROD environment.&#60;br&#62;Can you proceed with the installation?&#60;br&#62;@Gustavo Viel Ferro&#38;lt;mailto:Gustavo.Ferro@einstein.br&#38;gt; or @Alessandro Oliveira Souza&#38;lt;mailto:alessandro.osouza@einstein.br&#38;gt;, can one of you guys, please, aproove this request so we can transport whe customizations to the PROD environment?&#60;br&#62;Best regards.&#60;br&#62;[Ícone Descrição gerada automaticamente]&#60;br&#62;Marcelo T. Hashimoto&#60;br&#62;Arquiteto Corporativo | eVOLVE Gestão Empresarial&#60;br&#62;Tel. (11) 4191-3426&#38;lt;tel:(11)%204195-0510&#38;gt;&#60;br&#62;Site. &#60;a target=\"_blank\"&#62;www.evolvebr.com&#38;lt;http://www.evolvebr.com/&#38;gt;&#60;/a&#62;&#60;br&#62;Endereço. Av. Sagitário, 138 - City 113&#60;br&#62;[Ícone Descrição gerada automaticamente]&#38;lt;https://www.linkedin.com/company/evolve-gest-o-empresarial/&#38;gt;&#60;br&#62;[Ícone Descrição gerada automaticamente]&#38;lt;https://www.youtube.com/channel/UCJQgCFkieklb6r1KYz_P5KA&#38;gt;&#60;br&#62;Esta mensagem contem informacao confidencial e/ou privilegiada. Se voce nao for o destinatario ou a pessoa autorizada a receber esta mensagem, nao pode usar, copiar ou divulgar as informacoes nela contidas ou tomar qualquer acao baseada nessas informacoes. Se voce recebeu esta mensagem por engano, por favor avise imediatamente o remetente, respondendo o e-mail e em seguida apague-o. Comunicacoes pela Internet nao podem ser garantidas quanto a pontualidade, seguranca ou inexistencia de erros ou virus. O remetente por esta razao nao se responsabiliza por qualquer erro, omissao ou mesmo opinioes e declaracoes contidas no conteudo desta mensagem. This E-mail is confidential. It may also be legally privileged. If you are not the addressee you may not copy, forward, disclose or use any part of it. If you have received this message in error, please delete it and all copies from your system and notify the sender immediately by return E-mail. Internet communications cannot be guaranteed to be timely, secure, error or virus-free. The sender does not accept liability for any errors, omissions, opinions or declarations contained in this E-mail.&#60;/p&#62;',3,3,3,1,1,1,0,0,0,NULL,NULL,NULL,0,0,0,0,0,NULL,NULL,NULL,NULL,0,0,0,0,0,0,0,0,'2023-10-02 16:55:54'),(2023100220,0,'HIAE - Install HASPKG in PROD','2023-08-04 00:00:00','2023-10-06 20:23:05','2023-10-06 20:23:05',NULL,'2023-10-06 20:23:05',10,6,10,1,'&#60;p&#62;Hi, the client Hospital Israelita Albert Einstein, wants the customization package located in (C:\\ProgramData\\MEGA\\Hopex Application Server\\5000\\Modules\\has.custom) at the DEV Server, to be installed in the PROD environment.&#60;br&#62;Can you proceed with the installation?&#60;br&#62;@Gustavo Viel Ferro&#38;lt;mailto:Gustavo.Ferro@einstein.br&#38;gt; or @Alessandro Oliveira Souza&#38;lt;mailto:alessandro.osouza@einstein.br&#38;gt;, can one of you guys, please, aproove this request so we can transport whe customizations to the PROD environment?&#60;br&#62;Best regards.&#60;br&#62;[Ícone Descrição gerada automaticamente]&#60;br&#62;Marcelo T. Hashimoto&#60;br&#62;Arquiteto Corporativo | eVOLVE Gestão Empresarial&#60;br&#62;Tel. (11) 4191-3426&#38;lt;tel:(11)%204195-0510&#38;gt;&#60;br&#62;Site. &#60;a target=\"_blank\"&#62;www.evolvebr.com&#38;lt;http://www.evolvebr.com/&#38;gt;&#60;/a&#62;&#60;br&#62;Endereço. Av. Sagitário, 138 - City 113&#60;br&#62;[Ícone Descrição gerada automaticamente]&#38;lt;https://www.linkedin.com/company/evolve-gest-o-empresarial/&#38;gt;&#60;br&#62;[Ícone Descrição gerada automaticamente]&#38;lt;https://www.youtube.com/channel/UCJQgCFkieklb6r1KYz_P5KA&#38;gt;&#60;/p&#62;',3,3,3,5,1,1,0,0,0,NULL,NULL,NULL,0,0,0,0,0,NULL,NULL,NULL,NULL,159,5516426,5516426,0,0,0,0,0,'2023-10-02 16:58:02'),(2023100221,0,'HIAE - Install HASPKG in PREPROD','2023-08-02 00:00:00','2023-10-06 20:23:05','2023-10-06 20:23:05',NULL,'2023-10-06 20:23:05',10,6,10,1,'&#60;p&#62;Hi, the client Hospital Israelita Albert Einstein, wants the customization package located in (C:\\ProgramData\\MEGA\\Hopex Application Server\\5000\\Modules\\has.custom) at the DEV Server, to be installed in the PREPROD environment.&#60;br&#62;Can you proceed with the installation?&#60;br&#62;Best regards.&#60;br&#62;[Ícone Descrição gerada automaticamente]&#60;br&#62;Marcelo T. Hashimoto&#60;br&#62;Arquiteto Corporativo | eVOLVE Gestão Empresarial&#60;br&#62;Tel. (11) 4191-3426&#38;lt;tel:(11)%204195-0510&#38;gt;&#60;br&#62;Site. &#60;a target=\"_blank\"&#62;www.evolvebr.com&#38;lt;http://www.evolvebr.com/&#38;gt;&#60;/a&#62;&#60;br&#62;Endereço. Av. Sagitário, 138 - City 113&#60;br&#62;[Ícone Descrição gerada automaticamente]&#38;lt;https://www.linkedin.com/company/evolve-gest-o-empresarial/&#38;gt;&#60;br&#62;[Ícone Descrição gerada automaticamente]&#38;lt;https://www.youtube.com/channel/UCJQgCFkieklb6r1KYz_P5KA&#38;gt;&#60;/p&#62;',3,3,3,5,1,1,0,0,0,NULL,NULL,NULL,0,0,0,0,0,NULL,NULL,NULL,NULL,159,5689226,5689226,0,0,0,0,0,'2023-10-02 17:00:30'),(2023100222,0,'HIAE - Generation of Custom Package blocked by Windows Security','2023-07-28 00:00:00','2023-10-06 20:23:05','2023-10-06 20:23:05',NULL,'2023-10-06 20:23:05',10,6,10,1,'&#60;p&#62;HI,&#60;br&#62;I was performing a custom packaging generation in the DEV environment for HIAE and at the powershell script execution, it was blocked by Windows Security.&#60;br&#62;Can you, please, verify if we can disable Windows Security for a brief period of time?&#60;br&#62;Best regards.&#60;br&#62;[Ícone Descrição gerada automaticamente]&#60;br&#62;Marcelo T. Hashimoto&#60;br&#62;Arquiteto Corporativo | eVOLVE Gestão Empresarial&#60;br&#62;Tel. (11) 4191-3426&#38;lt;tel:(11)%204195-0510&#38;gt;&#60;br&#62;Site. &#60;a target=\"_blank\"&#62;www.evolvebr.com&#38;lt;http://www.evolvebr.com/&#38;gt;&#60;/a&#62;&#60;br&#62;Endereço. Av. Sagitário, 138 - City 113&#60;br&#62;[Ícone Descrição gerada automaticamente]&#38;lt;https://www.linkedin.com/company/evolve-gest-o-empresarial/&#38;gt;&#60;br&#62;[Ícone Descrição gerada automaticamente]&#38;lt;https://www.youtube.com/channel/UCJQgCFkieklb6r1KYz_P5KA&#38;gt;&#60;/p&#62;',3,3,3,4,1,1,0,0,0,NULL,NULL,NULL,0,0,0,0,0,NULL,NULL,NULL,NULL,159,6121226,6121226,0,0,0,0,0,'2023-10-02 17:04:42'),(2023100223,0,'HIAE - DEV Metamodel Compilation','2023-07-27 00:00:00','2023-10-06 20:23:05','2023-10-06 20:23:05',NULL,'2023-10-06 20:23:05',10,6,10,1,'&#60;p&#62;Hi, the client Hospital Israelita Albert Einstein wants the metamodel for the DEV environment to be compiled.&#60;br&#62;Can you proceed with the compilation?&#60;br&#62;Bet regards.&#60;br&#62;[Ícone Descrição gerada automaticamente]&#60;br&#62;Marcelo T. Hashimoto&#60;br&#62;Arquiteto Corporativo | eVOLVE Gestão Empresarial&#60;br&#62;Tel. (11) 4191-3426&#38;lt;tel:(11)%204195-0510&#38;gt;&#60;br&#62;Site. &#60;a target=\"_blank\"&#62;www.evolvebr.com&#38;lt;http://www.evolvebr.com/&#38;gt;&#60;/a&#62;&#60;br&#62;Endereço. Av. Sagitário, 138 - City 113&#60;br&#62;[Ícone Descrição gerada automaticamente]&#38;lt;https://www.linkedin.com/company/evolve-gest-o-empresarial/&#38;gt;&#60;br&#62;[Ícone Descrição gerada automaticamente]&#38;lt;https://www.youtube.com/channel/UCJQgCFkieklb6r1KYz_P5KA&#38;gt;&#60;/p&#62;',3,3,3,4,1,1,0,0,0,NULL,NULL,NULL,0,0,0,0,0,NULL,NULL,NULL,NULL,159,6207626,6207626,0,0,0,0,0,'2023-10-02 17:50:13'),(2023100224,0,'RE: Hospital Albert Einstein - Y6139','2023-07-26 00:00:00','2023-07-26 00:00:00','2023-07-26 00:00:00',NULL,'2023-10-02 17:52:29',11,6,11,1,'&#60;p&#62;Hello MCS team,&#60;br&#62;Following Israel’s request below, please find attached license file Y6139_test containing additional products for testing purposes for the client Hospital Albert Einstein.&#60;br&#62;UNC path : \\dev-haev5\\must&#38;lt;file://dev-haev5/must&#38;gt;&#60;br&#62;End date : 25/10/2023.&#60;br&#62;Regards,&#60;br&#62;Ana&#60;br&#62;From: TAVARES Israel &#38;lt;itavares@mega.com&#38;gt;&#60;br&#62;Sent: mardi 25 juillet 2023 18:57&#60;br&#62;To: MILIC Ana &#38;lt;amilic@mega.com&#38;gt;&#60;br&#62;Subject: Hospital Albert Einstein&#60;br&#62;Hola Ana, buenos días.&#60;br&#62;Podrías por fa incluir estas licencias en el ambiente de desarrollo del Hospital por 3 meses.&#60;br&#62;5 ITA; 5 ITBM; 5 AFI; 5 BPA y 5 Contributors (concurrent) durante 3 meses. La promesa es que después de ese tiempo, las compren para producción.&#60;br&#62;Saludos y gracias de antemano.&#60;br&#62;[A close up of a sign Description automatically generated]&#60;br&#62;Israel Tavares&#60;br&#62;Sales Director&#60;br&#62;Cel. +52 (81) 1822 0366&#60;br&#62;Av. Sinaloa Num. 31 Piso 6 Colonia Roma Norte&#60;br&#62;CP 06700 Ciudad de México - México&#60;br&#62;itavares@mega.com&#38;lt;mailto:itavares@mega.com&#38;gt; - &#60;a target=\"_blank\"&#62;www.mega.com&#38;lt;http://www.mega.com/&#38;gt;&#60;/a&#62;&#60;br&#62;Twitter&#38;lt;http://twitter.com/mega_int&#38;gt; - LinkedIn&#38;lt;http://www.linkedin.com/company/mega-international&#38;gt; - YouTube&#38;lt;http://www.youtube.com/megainternational&#38;gt;&#60;br&#62;________________________________&#60;br&#62;You aren\'t expected to respond to my email outside of your work hours.26/07/&#60;/p&#62;',3,3,3,5,1,1,0,0,0,NULL,NULL,NULL,0,0,0,0,0,NULL,NULL,NULL,NULL,0,0,0,0,0,0,0,0,'2023-10-02 17:52:29'),(2023100225,0,'HIAE - ITPM and ITBM Excel Import Modules Installation','2023-07-25 00:00:00','2023-10-06 20:23:05','2023-10-06 20:23:05',NULL,'2023-10-06 20:23:05',10,6,10,1,'&#60;p&#62;Hi, the client Hospital Israelita Albert Einstein wants the installation of the modules ITPM Excel Import Module and ITBM Excel Import Module in DEV and PREPROD environments.&#60;br&#62;Can you proceed with the installation?&#60;br&#62;Best regards.&#60;br&#62;[Ícone Descrição gerada automaticamente]&#60;br&#62;Marcelo T. Hashimoto&#60;br&#62;Arquiteto Corporativo | eVOLVE Gestão Empresarial&#60;br&#62;Tel. (11) 4191-3426&#38;lt;tel:(11)%204195-0510&#38;gt;&#60;br&#62;Site. &#60;a target=\"_blank\"&#62;www.evolvebr.com&#38;lt;http://www.evolvebr.com/&#38;gt;&#60;/a&#62;&#60;br&#62;Endereço. Av. Sagitário, 138 - City 113&#60;br&#62;[Ícone Descrição gerada automaticamente]&#38;lt;https://www.linkedin.com/company/evolve-gest-o-empresarial/&#38;gt;&#60;br&#62;[Ícone Descrição gerada automaticamente]&#38;lt;https://www.youtube.com/channel/UCJQgCFkieklb6r1KYz_P5KA&#38;gt;&#60;/p&#62;',3,3,3,5,1,1,0,0,0,NULL,NULL,NULL,0,0,0,0,0,NULL,NULL,NULL,NULL,159,6380426,6380426,0,0,0,0,0,'2023-10-02 17:54:06'),(2023100226,0,'HIAE - Recurrent HOPEX360 generation','2023-07-18 00:00:00','2023-10-06 20:23:05','2023-10-06 20:23:05',NULL,'2023-10-06 20:23:05',10,6,10,1,'&#60;p&#62;Hi, the client Hospital Israelita Albert Einstein, wants to plan the HOPEX360 generation to occur periodically.&#60;br&#62;At first, daily at 3am and to be sent, at first, to these e-mails:&#60;br&#62;alessandro.osouza@einstein.br&#38;lt;mailto:alessandro.osouza@einstein.br&#38;gt;&#60;br&#62;gustavo.ferro@einstein.br&#38;lt;mailto:gustavo.ferro@einstein.br&#38;gt;&#60;br&#62;roberta.squinello@einstein.br&#38;lt;mailto:roberta.squinello@einstein.br&#38;gt;&#60;br&#62;Best regards.&#60;br&#62;[Ícone Descrição gerada automaticamente]&#60;br&#62;Marcelo T. Hashimoto&#60;br&#62;Arquiteto Corporativo | eVOLVE Gestão Empresarial&#60;br&#62;Tel. (11) 4191-3426&#38;lt;tel:(11)%204195-0510&#38;gt;&#60;br&#62;Site. &#60;a target=\"_blank\"&#62;www.evolvebr.com&#38;lt;http://www.evolvebr.com/&#38;gt;&#60;/a&#62;&#60;br&#62;Endereço. Av. Sagitário, 138 - City 113&#60;br&#62;[Ícone Descrição gerada automaticamente]&#38;lt;https://www.linkedin.com/company/evolve-gest-o-empresarial/&#38;gt;&#60;br&#62;[Ícone Descrição gerada automaticamente]&#38;lt;https://www.youtube.com/channel/UCJQgCFkieklb6r1KYz_P5KA&#38;gt;&#60;/p&#62;',3,3,3,5,1,1,0,0,0,NULL,NULL,NULL,0,0,0,0,0,NULL,NULL,NULL,NULL,159,6985226,6985226,0,0,0,0,0,'2023-10-02 17:55:49'),(2023100227,0,'HIAE - Restart HOPEX Core PreProd','2023-07-18 00:00:00','2023-10-06 20:23:05','2023-10-06 20:23:05',NULL,'2023-10-06 20:23:05',10,6,10,1,'&#60;p&#62;Hi, the client Hospital Israelita Albert Einstein, wants to perform a restart at the HOPEx Core services for the PreProd Environment.&#60;br&#62;Can you proceed with the restart?&#60;br&#62;Best regards.&#60;br&#62;[Ícone Descrição gerada automaticamente]&#60;br&#62;Marcelo T. Hashimoto&#60;br&#62;Arquiteto Corporativo | eVOLVE Gestão Empresarial&#60;br&#62;Tel. (11) 4191-3426&#38;lt;tel:(11)%204195-0510&#38;gt;&#60;br&#62;Site. &#60;a target=\"_blank\"&#62;www.evolvebr.com&#38;lt;http://www.evolvebr.com/&#38;gt;&#60;/a&#62;&#60;br&#62;Endereço. Av. Sagitário, 138 - City 113&#60;br&#62;[Ícone Descrição gerada automaticamente]&#38;lt;https://www.linkedin.com/company/evolve-gest-o-empresarial/&#38;gt;&#60;br&#62;[Ícone Descrição gerada automaticamente]&#38;lt;https://www.youtube.com/channel/UCJQgCFkieklb6r1KYz_P5KA&#38;gt;&#60;/p&#62;',3,3,3,5,1,1,0,0,0,NULL,NULL,NULL,0,0,0,0,0,NULL,NULL,NULL,NULL,159,6985226,6985226,0,0,0,0,0,'2023-10-02 17:57:33'),(2023100228,0,'RE: HIAE - Reading Access Areas configuration PROD','2023-07-14 00:00:00','2023-07-14 00:00:00','2023-07-14 00:00:00',NULL,'2023-10-02 17:59:09',11,6,11,1,'&#60;p&#62;Good afternoon,&#60;br&#62;Based on your validation with Juarez, approved.&#60;br&#62;Tks,&#60;br&#62;[cid:image001.png@01D2E38B.9F34E990]&#60;br&#62;Gustavo Viel Ferro&#60;br&#62;Arquiteto de Soluções&#60;br&#62;Arquitetura Corporativa&#60;br&#62;Mobile: 11 98152-1271&#60;br&#62;Gustavo.ferro@einstein.br&#38;lt;mailto:gustavo.ferro@einstein.br&#38;gt;&#60;br&#62;&#60;a target=\"_blank\"&#62;www.einstein.br&#38;lt;http://www.einstein.br/&#38;gt;&#60;/a&#62;&#60;br&#62;________________________________&#60;br&#62;De: Marcelo Takashi &#38;lt;marcelo.takashi@evolvebr.com&#38;gt;&#60;br&#62;Enviado: sexta-feira, 14 de julho de 2023 13:49&#60;br&#62;Para: Cloud &#38;lt;cloud@mega.com&#38;gt;; Gustavo Viel Ferro &#38;lt;Gustavo.Ferro@einstein.br&#38;gt;&#60;br&#62;Cc: GONZÁLEZ MARTINEZ Guillermo Raúl &#38;lt;ggonzalez@mega.com&#38;gt;&#60;br&#62;Assunto: HIAE - Reading Access Areas configuration PROD&#60;br&#62;[E-MAIL EXTERNO]: NÃO CLIQUE em links e anexos de remetentes desconhecidos.&#60;br&#62;Não envie informações confidenciais da Instituição. Lembre-se, segurança é responsabilidade de todos nós.&#60;br&#62;--------------------------------------------------------------------------------------------------------------------------------&#60;br&#62;Hi, I recently validated the configuration made for Reading Access Areas at the Pre-Prod Environment. So, can you proceed with the configuration in the PROD Environment (PS: The step-by-step guide is attached)?&#60;br&#62;@Gustavo Viel Ferro&#38;lt;mailto:Gustavo.Ferro@einstein.br&#38;gt;, can you, please, aproove this request?&#60;br&#62;Best regards.&#60;br&#62;[Ícone Descrição gerada automaticamente]&#60;br&#62;Marcelo T. Hashimoto&#60;br&#62;Arquiteto Corporativo | eVOLVE Gestão Empresarial&#60;br&#62;Tel. (11) 4191-3426&#38;lt;tel:(11)%204195-0510&#38;gt;&#60;br&#62;Site. &#60;a target=\"_blank\"&#62;www.evolvebr.com&#38;lt;http://www.evolvebr.com/&#38;gt;&#60;/a&#62;&#60;br&#62;Endereço. Av. Sagitário, 138 - City 113&#60;br&#62;[Ícone Descrição gerada automaticamente]&#38;lt;https://www.linkedin.com/company/evolve-gest-o-empresarial/&#38;gt;&#60;br&#62;[Ícone Descrição gerada automaticamente]&#38;lt;https://www.youtube.com/channel/UCJQgCFkieklb6r1KYz_P5KA&#38;gt;&#60;br&#62;Esta mensagem contem informacao confidencial e/ou privilegiada. Se voce nao for o destinatario ou a pessoa autorizada a receber esta mensagem, nao pode usar, copiar ou divulgar as informacoes nela contidas ou tomar qualquer acao baseada nessas informacoes. Se voce recebeu esta mensagem por engano, por favor avise imediatamente o remetente, respondendo o e-mail e em seguida apague-o. Comunicacoes pela Internet nao podem ser garantidas quanto a pontualidade, seguranca ou inexistencia de erros ou virus. O remetente por esta razao nao se responsabiliza por qualquer erro, omissao ou mesmo opinioes e declaracoes contidas no conteudo desta mensagem. This E-mail is confidential. It may also be legally privileged. If you are not the addressee you may not copy, forward, disclose or use any part of it. If you have received this message in error, please delete it and all copies from your system and notify the sender immediately by return E-mail. Internet communications cannot be guaranteed to be timely, secure, error or virus-free. The sender does not accept liability for any errors, omissions, opinions or declarations contained in this E-mail.&#60;/p&#62;',3,3,3,1,1,1,0,0,0,NULL,NULL,NULL,0,0,0,0,0,NULL,NULL,NULL,NULL,0,0,0,0,0,0,0,0,'2023-10-02 17:59:09'),(2023100230,0,'HIAE - SSO groups claim configuration','2023-07-13 00:00:00','2023-10-06 20:23:05','2023-10-06 20:23:05','2023-10-06 20:15:01','2023-10-06 20:23:05',10,6,10,1,'&#60;p&#62;Hi, at the client Hospital Israelita Albert Einstein, we are trying to configure the claim to use for the users groups in the assertion.&#60;br&#62;We configured in the RH-SSO to send in the “groupsid” claim and configured in HOPEX in Environment Options – Installation – User Management - Authentication[cid:image004.png@01D9B588.2C7A90F0]&#60;br&#62;Also, we made the configuration of groups in hopex as is shown in the documentation, with the correspondent Authentication Groups.&#60;br&#62;Are we missing any other configuration in HOPEX?&#60;br&#62;Best regards.&#60;br&#62;[Ícone Descrição gerada automaticamente]&#60;br&#62;Marcelo T. Hashimoto&#60;br&#62;Arquiteto Corporativo | eVOLVE Gestão Empresarial&#60;br&#62;Tel. (11) 4191-3426&#38;lt;tel:(11)%204195-0510&#38;gt;&#60;br&#62;Site. &#60;a target=\"_blank\"&#62;www.evolvebr.com&#38;lt;http://www.evolvebr.com/&#38;gt;&#60;/a&#62;&#60;br&#62;Endereço. Av. Sagitário, 138 - City 113&#60;br&#62;[Ícone Descrição gerada automaticamente]&#38;lt;https://www.linkedin.com/company/evolve-gest-o-empresarial/&#38;gt;&#60;br&#62;[Ícone Descrição gerada automaticamente]&#38;lt;https://www.youtube.com/channel/UCJQgCFkieklb6r1KYz_P5KA&#38;gt;&#60;/p&#62;',3,3,3,1,1,1,0,0,0,NULL,NULL,NULL,0,0,0,0,0,NULL,NULL,NULL,NULL,159,7417226,7417226,7416901,0,0,0,0,'2023-10-02 18:09:22'),(2023100231,0,'HIAE - Restart HOPEX Core for Pre-PROD Environment','2023-07-13 00:00:00','2023-10-06 20:23:05','2023-10-06 20:23:05','2023-10-06 20:15:01','2023-10-06 20:23:05',10,6,10,1,'&#60;p&#62;Hi, the client Hospital Israelita Albert Einstein needs to restart the HOPEX Core for the PRE-PROD environment, can you please proceed with the request?&#60;br&#62;Best Regards.&#60;br&#62;[Ícone Descrição gerada automaticamente]&#60;br&#62;Marcelo T. Hashimoto&#60;br&#62;Arquiteto Corporativo | eVOLVE Gestão Empresarial&#60;br&#62;Tel. (11) 4191-3426&#38;lt;tel:(11)%204195-0510&#38;gt;&#60;br&#62;Site. &#60;a target=\"_blank\"&#62;www.evolvebr.com&#38;lt;http://www.evolvebr.com/&#38;gt;&#60;/a&#62;&#60;br&#62;Endereço. Av. Sagitário, 138 - City 113&#60;br&#62;[Ícone Descrição gerada automaticamente]&#38;lt;https://www.linkedin.com/company/evolve-gest-o-empresarial/&#38;gt;&#60;br&#62;[Ícone Descrição gerada automaticamente]&#38;lt;https://www.youtube.com/channel/UCJQgCFkieklb6r1KYz_P5KA&#38;gt;&#60;/p&#62;',3,3,3,1,1,1,0,0,0,NULL,NULL,NULL,0,0,0,0,0,NULL,NULL,NULL,NULL,159,7417226,7417226,7416901,0,0,0,0,'2023-10-02 18:12:13'),(2023100232,0,'Update Albert Einstein Environment PROD V5 CP5 HF14','2023-07-06 00:00:00','2023-10-06 20:23:05','2023-10-06 20:23:05','2023-10-06 20:18:09','2023-10-06 20:23:05',10,6,10,1,'&#60;p&#62;Cloud,&#60;br&#62;Please install the update on Albert Einstein environment PROD to V5 CP5 HF14&#60;br&#62;[A close up of a sign Description automatically generated]&#60;br&#62;Guillermo González&#60;br&#62;Regional Cloud Services Manager&#60;br&#62;MEGA International&#60;br&#62;Av. Sinaloa Num. 31 Piso 6 Colonia Roma Norte&#60;br&#62;CP 06700 Ciudad de México - México&#60;br&#62;ggonzalez@mega.com&#38;lt;mailto:ggonzalez@mega.com&#38;gt; - &#60;a target=\"_blank\"&#62;www.mega.com&#38;lt;http://www.mega.com/&#38;gt;&#60;/a&#62;&#60;br&#62;Twitter&#38;lt;http://twitter.com/mega_int&#38;gt; - LinkedIn&#38;lt;http://www.linkedin.com/company/mega-international&#38;gt; - YouTube&#38;lt;http://www.youtube.com/megainternational&#38;gt;&#60;br&#62;________________________________&#60;br&#62;You aren\'t expected to respond to my email outside of your work hours.&#60;/p&#62;',3,3,3,1,1,1,0,0,0,NULL,NULL,NULL,0,0,0,0,0,NULL,NULL,NULL,NULL,100,8022085,8022085,8021889,0,0,0,0,'2023-10-02 18:14:42'),(2023100233,0,'Update Hospital Albert Einstein to V5 CP5 HF22','2023-07-06 00:00:00','2023-10-06 20:23:05','2023-10-06 20:23:05','2023-10-06 20:18:09','2023-10-06 20:23:05',10,6,10,1,'&#60;p&#62;Hello Cloud,&#60;br&#62;As part of the solution that Lab is suggesting to fix the SSO issue, the recommendation is to update the environment to V5 CP5 HF22 please proceed&#60;br&#62;Thanks&#60;br&#62;[A close up of a sign Description automatically generated]&#60;br&#62;Guillermo González&#60;br&#62;Regional Cloud Services Manager&#60;br&#62;MEGA International&#60;br&#62;Av. Sinaloa Num. 31 Piso 6 Colonia Roma Norte&#60;br&#62;CP 06700 Ciudad de México - México&#60;br&#62;ggonzalez@mega.com&#38;lt;mailto:ggonzalez@mega.com&#38;gt; - &#60;a target=\"_blank\"&#62;www.mega.com&#38;lt;http://www.mega.com/&#38;gt;&#60;/a&#62;&#60;br&#62;Twitter&#38;lt;http://twitter.com/mega_int&#38;gt; - LinkedIn&#38;lt;http://www.linkedin.com/company/mega-international&#38;gt; - YouTube&#38;lt;http://www.youtube.com/megainternational&#38;gt;&#60;br&#62;________________________________&#60;br&#62;You aren\'t expected to respond to my email outside of your work hours.&#60;/p&#62;',3,3,3,5,1,1,0,0,0,NULL,NULL,NULL,0,0,0,0,0,NULL,NULL,NULL,NULL,100,8022085,8022085,8021889,0,0,0,0,'2023-10-02 18:16:23'),(2023100234,0,'HIAE - Creation of new Reading Access Areas in Pre-Prod and PROD','2023-07-05 00:00:00','2023-10-06 20:23:05','2023-10-06 20:23:05','2023-10-06 20:15:01','2023-10-06 20:23:05',10,6,10,1,'&#60;p&#62;Hi, the client Hospital Israelita Albert Einstein wants to replicate the Reading Access Areas configuration that was made in the DEV Environment to Pre-Prod and Prod Environments.&#60;br&#62;All the steps for the correct configuration are present in the attached Document: Creation of New Reading Access Areas.docx&#60;br&#62;Any questions you can contact me directly.&#60;br&#62;Best regards.&#60;br&#62;[Ícone Descrição gerada automaticamente]&#60;br&#62;Marcelo T. Hashimoto&#60;br&#62;Arquiteto Corporativo | eVOLVE Gestão Empresarial&#60;br&#62;Tel. (11) 4191-3426&#38;lt;tel:(11)%204195-0510&#38;gt;&#60;br&#62;Site. &#60;a target=\"_blank\"&#62;www.evolvebr.com&#38;lt;http://www.evolvebr.com/&#38;gt;&#60;/a&#62;&#60;br&#62;Endereço. Av. Sagitário, 138 - City 113&#60;br&#62;[Ícone Descrição gerada automaticamente]&#38;lt;https://www.linkedin.com/company/evolve-gest-o-empresarial/&#38;gt;&#60;br&#62;[Ícone Descrição gerada automaticamente]&#38;lt;https://www.youtube.com/channel/UCJQgCFkieklb6r1KYz_P5KA&#38;gt;&#60;/p&#62;',3,3,3,5,1,1,0,0,0,NULL,NULL,NULL,0,0,0,0,0,NULL,NULL,NULL,NULL,159,8108426,8108426,8108101,0,0,0,0,'2023-10-02 18:20:54'),(2023100235,0,'HIAE - Custom Module Pre-Prod Installation','2023-07-05 00:00:00','2023-10-06 20:23:05','2023-10-06 20:23:05','2023-10-06 20:15:01','2023-10-06 20:23:05',10,6,10,1,'&#60;p&#62;Hi,&#60;br&#62;I recently finalized some customizations for the client Hospital Israelita Albert Einstein in their DEV Environment, and they want to validate if it was made correctly. So, can you, please, install the haspkg located in the following path in the DEV Environment: C:\\ProgramData\\MEGA\\Hopex Application Server\\5000\\Modules\\has.custom, in the Pre-Prod Environment.&#60;br&#62;Best Regards.&#60;br&#62;[Ícone Descrição gerada automaticamente]&#60;br&#62;Marcelo T. Hashimoto&#60;br&#62;Arquiteto Corporativo | eVOLVE Gestão Empresarial&#60;br&#62;Tel. (11) 4191-3426&#38;lt;tel:(11)%204195-0510&#38;gt;&#60;br&#62;Site. &#60;a target=\"_blank\"&#62;www.evolvebr.com&#38;lt;http://www.evolvebr.com/&#38;gt;&#60;/a&#62;&#60;br&#62;Endereço. Av. Sagitário, 138 - City 113&#60;br&#62;[Ícone Descrição gerada automaticamente]&#38;lt;https://www.linkedin.com/company/evolve-gest-o-empresarial/&#38;gt;&#60;br&#62;[Ícone Descrição gerada automaticamente]&#38;lt;https://www.youtube.com/channel/UCJQgCFkieklb6r1KYz_P5KA&#38;gt;&#60;/p&#62;',3,3,3,5,1,1,0,0,0,NULL,NULL,NULL,0,0,0,0,0,NULL,NULL,NULL,NULL,159,8108426,8108426,8108101,0,0,0,0,'2023-10-02 18:23:32'),(2023100236,0,'Re: HIAE - HOPEX API Key PROD Environment','2023-07-04 00:00:00','2023-10-06 20:23:05','2023-10-06 20:23:05','2023-10-06 20:18:09','2023-10-06 20:23:05',10,6,10,1,'&#60;p&#62;Approved.&#60;br&#62;De: Marcelo Takashi &#38;lt;marcelo.takashi@evolvebr.com&#38;gt;&#60;br&#62;Data: terça-feira, 4 de julho de 2023 16:15&#60;br&#62;Para: Cloud &#38;lt;cloud@mega.com&#38;gt;, Alessandro Oliveira Souza &#38;lt;alessandro.osouza@einstein.br&#38;gt;&#60;br&#62;Assunto: HIAE - HOPEX API Key PROD Environment&#60;br&#62;[E-MAIL EXTERNO]: NÃO CLIQUE em links e anexos de remetentes desconhecidos.&#60;br&#62;Não envie informações confidenciais da Instituição. Lembre-se, segurança é responsabilidade de todos nós.&#60;br&#62;--------------------------------------------------------------------------------------------------------------------------------&#60;br&#62;Hi, The client Hospital Israelita Albert Einstein wants an API Key for test purposes in the PROD Environment for the user jneto, with the profile IT Architecture Functional Administrator with the expiration date for August 31st of 2023.&#60;br&#62;@Alessandro Oliveira Souza&#38;lt;mailto:alessandro.osouza@einstein.br&#38;gt;, can you, please, approve this request?&#60;br&#62;Best regards.&#60;br&#62;[Ícone Descrição gerada automaticamente]&#60;br&#62;Marcelo T. Hashimoto&#60;br&#62;Arquiteto Corporativo | eVOLVE Gestão Empresarial&#60;br&#62;Tel. (11) 4191-3426&#38;lt;tel:(11)%204195-0510&#38;gt;&#60;br&#62;Site. &#60;a target=\"_blank\"&#62;www.evolvebr.com&#38;lt;http://www.evolvebr.com/&#38;gt;&#60;/a&#62;&#60;br&#62;Endereço. Av. Sagitário, 138 - City 113&#60;br&#62;[Ícone Descrição gerada automaticamente]&#38;lt;https://www.linkedin.com/company/evolve-gest-o-empresarial/&#38;gt;&#60;br&#62;[Ícone Descrição gerada automaticamente]&#38;lt;https://www.youtube.com/channel/UCJQgCFkieklb6r1KYz_P5KA&#38;gt;&#60;br&#62;Esta mensagem contem informacao confidencial e/ou privilegiada. Se voce nao for o destinatario ou a pessoa autorizada a receber esta mensagem, nao pode usar, copiar ou divulgar as informacoes nela contidas ou tomar qualquer acao baseada nessas informacoes. Se voce recebeu esta mensagem por engano, por favor avise imediatamente o remetente, respondendo o e-mail e em seguida apague-o. Comunicacoes pela Internet nao podem ser garantidas quanto a pontualidade, seguranca ou inexistencia de erros ou virus. O remetente por esta razao nao se responsabiliza por qualquer erro, omissao ou mesmo opinioes e declaracoes contidas no conteudo desta mensagem. This E-mail is confidential. It may also be legally privileged. If you are not the addressee you may not copy, forward, disclose or use any part of it. If you have received this message in error, please delete it and all copies from your system and notify the sender immediately by return E-mail. Internet communications cannot be guaranteed to be timely, secure, error or virus-free. The sender does not accept liability for any errors, omissions, opinions or declarations contained in this E-mail.&#60;/p&#62;',3,3,3,4,1,1,0,0,0,NULL,NULL,NULL,0,0,0,0,0,NULL,NULL,NULL,NULL,100,8194885,8194885,8194689,0,0,0,0,'2023-10-02 18:25:11'),(2023100237,0,'HIAE - HOPEX API Key PROD Environment','2023-07-04 00:00:00','2023-10-06 20:23:05','2023-10-06 20:23:05','2023-10-06 20:15:01','2023-10-06 20:23:05',10,6,10,1,'&#60;p&#62;Hi, The client Hospital Israelita Albert Einstein wants an API Key for test purposes in the PROD Environment for the user jneto, with the profile IT Architecture Functional Administrator with the expiration date for August 31st of 2023.&#60;br&#62;@Alessandro Oliveira Souza&#38;lt;mailto:alessandro.osouza@einstein.br&#38;gt;, can you, please, approve this request?&#60;br&#62;Best regards.&#60;br&#62;[Ícone Descrição gerada automaticamente]&#60;br&#62;Marcelo T. Hashimoto&#60;br&#62;Arquiteto Corporativo | eVOLVE Gestão Empresarial&#60;br&#62;Tel. (11) 4191-3426&#38;lt;tel:(11)%204195-0510&#38;gt;&#60;br&#62;Site. &#60;a target=\"_blank\"&#62;www.evolvebr.com&#38;lt;http://www.evolvebr.com/&#38;gt;&#60;/a&#62;&#60;br&#62;Endereço. Av. Sagitário, 138 - City 113&#60;br&#62;[Ícone Descrição gerada automaticamente]&#38;lt;https://www.linkedin.com/company/evolve-gest-o-empresarial/&#38;gt;&#60;br&#62;[Ícone Descrição gerada automaticamente]&#38;lt;https://www.youtube.com/channel/UCJQgCFkieklb6r1KYz_P5KA&#38;gt;&#60;/p&#62;',3,3,3,5,1,1,0,0,0,NULL,NULL,NULL,0,0,0,0,0,NULL,NULL,NULL,NULL,159,8194826,8194826,8194501,0,0,0,0,'2023-10-02 18:28:41'),(2023100238,0,'HIAE - Modules Installation','2023-07-03 00:00:00','2023-10-06 20:23:05','2023-10-06 20:23:05','2023-10-06 20:15:01','2023-10-06 20:23:05',10,6,10,1,'&#60;p&#62;Hi, the client Hospital Israelita Albert Einstein wants to add the following Modules in all 3 environments:&#60;br&#62;* Sample Data Types&#60;br&#62;* Database Design SQL Server 2008&#60;br&#62;* Database Design SQL Ansi ISO 9075 1992&#60;br&#62;* Database Design Postgre Sql 9.3&#60;br&#62;* Database Design TeraData V14&#60;br&#62;* Database Design Oracle 11&#60;br&#62;* Database Design MYSQL V4.1&#60;br&#62;* Database Design DB2 OS 390 V10&#60;br&#62;Best regards.&#60;br&#62;[Ícone Descrição gerada automaticamente]&#60;br&#62;Marcelo T. Hashimoto&#60;br&#62;Arquiteto Corporativo | eVOLVE Gestão Empresarial&#60;br&#62;Tel. (11) 4191-3426&#38;lt;tel:(11)%204195-0510&#38;gt;&#60;br&#62;Site. &#60;a target=\"_blank\"&#62;www.evolvebr.com&#38;lt;http://www.evolvebr.com/&#38;gt;&#60;/a&#62;&#60;br&#62;Endereço. Av. Sagitário, 138 - City 113&#60;br&#62;[Ícone Descrição gerada automaticamente]&#38;lt;https://www.linkedin.com/company/evolve-gest-o-empresarial/&#38;gt;&#60;br&#62;[Ícone Descrição gerada automaticamente]&#38;lt;https://www.youtube.com/channel/UCJQgCFkieklb6r1KYz_P5KA&#38;gt;&#60;/p&#62;',3,3,3,5,1,1,0,0,0,NULL,NULL,NULL,0,0,0,0,0,NULL,NULL,NULL,NULL,159,8281226,8281226,8280901,0,0,0,0,'2023-10-02 18:30:20'),(2023100239,0,'FW: RDP IP - HAE - PS','2023-07-03 00:00:00','2023-10-06 20:23:05','2023-10-06 20:23:05','2023-10-06 20:18:09','2023-10-06 20:23:05',10,6,10,1,'&#60;p&#62;@BERNABE Román&#38;lt;mailto:rbernabe@mega.com&#38;gt; me ayudas con este tema por favor, al parecer no te copie jajajaj o te borre o no se que paso jajaj&#60;br&#62;From: GONZÁLEZ MARTINEZ Guillermo Raúl&#60;br&#62;Sent: Friday, June 30, 2023 1:01 PM&#60;br&#62;Cc: RIVERA Humberto &#38;lt;hrivera@mega.com&#38;gt;&#60;br&#62;Subject: RDP IP - HAE - PS&#60;br&#62;Hola Marcelo,&#60;br&#62;Recuerda por favor copier a Cloud en los requerimientos para que se genere un caso y los ingenieros puedan trabajar en tu caso.&#60;br&#62;@BERNABE Román&#38;lt;mailto:rbernabe@mega.com&#38;gt; me ayudas actualizando la IP de Marcelo en DEV Hospital Albert y actualizarla en el RDP también por favor&#60;br&#62;Gracias&#60;br&#62;From: Marcelo Takashi &#38;lt;marcelo.takashi@evolvebr.com&#38;lt;mailto:marcelo.takashi@evolvebr.com&#38;gt;&#38;gt;&#60;br&#62;Sent: Friday, June 30, 2023 12:21 PM&#60;br&#62;To: GONZÁLEZ MARTINEZ Guillermo Raúl &#38;lt;ggonzalez@mega.com&#38;lt;mailto:ggonzalez@mega.com&#38;gt;&#38;gt;&#60;br&#62;Cc: RIVERA Humberto &#38;lt;hrivera@mega.com&#38;lt;mailto:hrivera@mega.com&#38;gt;&#38;gt;&#60;br&#62;Subject: RES: HIAE - Nuevas areas de lectura&#60;br&#62;Perfecto, ahi me recuerdo.&#60;br&#62;Podrías solicitar el cambio del IP para mi accesso RDP para este: 201.68.28.72&#60;br&#62;Saludos.&#60;br&#62;________________________________&#60;br&#62;You aren\'t expected to respond to my email outside of your work hours.&#60;/p&#62;',3,3,3,5,1,1,0,0,0,NULL,NULL,NULL,0,0,0,0,0,NULL,NULL,NULL,NULL,100,8281285,8281285,8281089,0,0,0,0,'2023-10-02 18:32:08'),(2023100240,0,'HIAE - HOPEX360 files availability','2023-06-30 00:00:00','2023-10-06 20:23:05','2023-10-06 20:23:05','2023-10-06 20:15:01','2023-10-06 20:23:05',10,6,10,1,'&#60;p&#62;Hi,&#60;br&#62;The client Hospital Israelita Albert Einstein, wants to know which options are available for availability of HOPEX 360 files? Can it be sent to a S3 bucket with a given token?&#60;br&#62;Best Regards.&#60;br&#62;[Ícone Descrição gerada automaticamente]&#60;br&#62;Marcelo T. Hashimoto&#60;br&#62;Arquiteto Corporativo | eVOLVE Gestão Empresarial&#60;br&#62;Tel. (11) 4191-3426&#38;lt;tel:(11)%204195-0510&#38;gt;&#60;br&#62;Site. &#60;a target=\"_blank\"&#62;www.evolvebr.com&#38;lt;http://www.evolvebr.com/&#38;gt;&#60;/a&#62;&#60;br&#62;Endereço. Av. Sagitário, 138 - City 113&#60;br&#62;[Ícone Descrição gerada automaticamente]&#38;lt;https://www.linkedin.com/company/evolve-gest-o-empresarial/&#38;gt;&#60;br&#62;[Ícone Descrição gerada automaticamente]&#38;lt;https://www.youtube.com/channel/UCJQgCFkieklb6r1KYz_P5KA&#38;gt;&#60;/p&#62;',3,3,3,1,1,1,0,0,0,NULL,NULL,NULL,0,0,0,0,0,NULL,NULL,NULL,NULL,159,8540426,8540426,8540101,0,0,0,0,'2023-10-02 18:33:49'),(2023100301,0,'HIAE - SSO in PREPROD not working','2023-06-28 00:00:00','2023-10-06 20:23:05','2023-10-06 20:23:05','2023-10-06 20:15:01','2023-10-06 20:23:05',10,6,10,1,'&#60;p&#62;Hi, we are facing some problems using SSO authentication in the PREPROD environment for the client Hospital Israelita Albert Einstein.&#60;br&#62;Everytime we try to use the SAML2 authentication we only get a blank page of return.&#60;br&#62;1 – Login Page&#60;br&#62;[cid:image001.png@01D9A93A.C8C9DC90]&#60;br&#62;2 – Blank page returned.&#60;br&#62;[cid:image002.png@01D9A93A.C8C9DC90]&#60;br&#62;[Ícone Descrição gerada automaticamente]&#60;br&#62;Marcelo T. Hashimoto&#60;br&#62;Arquiteto Corporativo | eVOLVE Gestão Empresarial&#60;br&#62;Tel. (11) 4191-3426&#38;lt;tel:(11)%204195-0510&#38;gt;&#60;br&#62;Site. &#60;a target=\"_blank\"&#62;www.evolvebr.com&#38;lt;http://www.evolvebr.com/&#38;gt;&#60;/a&#62;&#60;br&#62;Endereço. Av. Sagitário, 138 - City 113&#60;br&#62;[Ícone Descrição gerada automaticamente]&#38;lt;https://www.linkedin.com/company/evolve-gest-o-empresarial/&#38;gt;&#60;br&#62;[Ícone Descrição gerada automaticamente]&#38;lt;https://www.youtube.com/channel/UCJQgCFkieklb6r1KYz_P5KA&#38;gt;&#60;/p&#62;',3,3,3,3,1,1,0,0,0,NULL,NULL,NULL,0,0,0,0,0,NULL,NULL,NULL,NULL,159,8713226,8713226,8712901,0,0,0,0,'2023-10-03 18:28:14'),(2023100302,0,'HIAE - SSO Configuration Pre-Prod to PROD','2023-06-27 00:00:00','2023-10-06 20:23:05','2023-10-06 20:23:05','2023-10-06 20:15:01','2023-10-06 20:23:05',10,6,10,1,'&#60;p&#62;Hi, the client Hospital Israelita Albert Einstein wants to transfer the SSO configuration that was made to the Pre-Prod Environment to the PROD environment. The metadata is the same.&#60;br&#62;Best Regards.&#60;br&#62;[Ícone Descrição gerada automaticamente]&#60;br&#62;Marcelo T. Hashimoto&#60;br&#62;Arquiteto Corporativo | eVOLVE Gestão Empresarial&#60;br&#62;Tel. (11) 4191-3426&#38;lt;tel:(11)%204195-0510&#38;gt;&#60;br&#62;Site. www.evolvebr.com&#38;lt;http://www.evolvebr.com/&#38;gt;&#60;br&#62;Endereço. Av. Sagitário, 138 - City 113&#60;br&#62;[Ícone Descrição gerada automaticamente]&#38;lt;https://www.linkedin.com/company/evolve-gest-o-empresarial/&#38;gt;&#60;br&#62;[Ícone Descrição gerada automaticamente]&#38;lt;https://www.youtube.com/channel/UCJQgCFkieklb6r1KYz_P5KA&#38;gt;&#60;/p&#62;',3,3,3,1,1,1,0,0,0,NULL,NULL,NULL,0,0,0,0,0,NULL,NULL,NULL,NULL,159,8799626,8799626,8799301,0,0,0,0,'2023-10-03 18:30:31'),(2023100303,0,'HIAE - Custom Module Installation','2023-07-26 00:00:00','2023-10-06 20:23:05','2023-10-06 20:23:05','2023-10-06 20:15:01','2023-10-06 20:23:05',10,6,10,1,'&#60;p&#62;Hi, the client Hospital Israelita Albert Einstein (HIAE) required some metamodel customizations. Thus, I created the attached haspkg to be installed in the DEV environment. Can you, please, procceed with the installation?&#60;br&#62;Best regards.&#60;br&#62;[Ícone Descrição gerada automaticamente]&#60;br&#62;Marcelo T. Hashimoto&#60;br&#62;Arquiteto Corporativo | eVOLVE Gestão Empresarial&#60;br&#62;Tel. (11) 4191-3426&#38;lt;tel:(11)%204195-0510&#38;gt;&#60;br&#62;Site. www.evolvebr.com&#38;lt;http://www.evolvebr.com/&#38;gt;&#60;br&#62;Endereço. Av. Sagitário, 138 - City 113&#60;br&#62;[Ícone Descrição gerada automaticamente]&#38;lt;https://www.linkedin.com/company/evolve-gest-o-empresarial/&#38;gt;&#60;br&#62;[Ícone Descrição gerada automaticamente]&#38;lt;https://www.youtube.com/channel/UCJQgCFkieklb6r1KYz_P5KA&#38;gt;&#60;/p&#62;',3,3,3,5,1,1,0,0,0,NULL,NULL,NULL,0,0,0,0,0,NULL,NULL,NULL,NULL,159,6294026,6294026,6293701,0,0,0,0,'2023-10-03 18:32:44'),(2023100304,0,'Update IP Address in DEV Hospital Albert','2023-06-22 00:00:00','2023-10-06 20:23:05','2023-10-06 20:23:05','2023-10-06 20:18:09','2023-10-06 20:23:05',10,6,10,1,'&#60;p&#62;Cloud,&#60;br&#62;Please update IP address for Marcelo Takashi in DEV, his new IP is 201.68.28.10 and as well in RDP update the IP&#60;br&#62;Thanks&#60;br&#62;[A close up of a sign Description automatically generated]&#60;br&#62;Guillermo González&#60;br&#62;Regional Cloud Services Manager&#60;br&#62;MEGA International&#60;br&#62;Av. Sinaloa Num. 31 Piso 6 Colonia Roma Norte&#60;br&#62;CP 06700 Ciudad de México - México&#60;br&#62;ggonzalez@mega.com&#38;lt;mailto:ggonzalez@mega.com&#38;gt; - &#60;a target=\"_blank\"&#62;www.mega.com&#38;lt;http://www.mega.com/&#38;gt;&#60;/a&#62;&#60;br&#62;Twitter&#38;lt;http://twitter.com/mega_int&#38;gt; - LinkedIn&#38;lt;http://www.linkedin.com/company/mega-international&#38;gt; - YouTube&#38;lt;http://www.youtube.com/megainternational&#38;gt;&#60;br&#62;________________________________&#60;br&#62;You aren\'t expected to respond to my email outside of your work hours.&#60;/p&#62;',3,3,3,5,1,1,0,0,0,NULL,NULL,NULL,0,0,0,0,0,NULL,NULL,NULL,NULL,100,9231685,9231685,9231489,0,0,0,0,'2023-10-03 18:34:53'),(2023100305,0,'HIAE - HOPEX360 install for DEV Environment','2023-06-21 00:00:00','2023-10-06 20:23:05','2023-10-06 20:23:05','2023-10-06 20:15:01','2023-10-06 20:23:05',10,6,10,1,'&#60;p&#62;Hello,&#60;br&#62;The client Hospital Israelita Albert Einstein wants the installation of the HOPEX360 in the DEV Environment. Can you, please, procceed with the installation.&#60;br&#62;Best regards.&#60;br&#62;[Ícone Descrição gerada automaticamente]&#60;br&#62;Marcelo T. Hashimoto&#60;br&#62;Arquiteto Corporativo | eVOLVE Gestão Empresarial&#60;br&#62;Tel. (11) 4191-3426&#38;lt;tel:(11)%204195-0510&#38;gt;&#60;br&#62;Site. &#60;a target=\"_blank\"&#62;www.evolvebr.com&#38;lt;http://www.evolvebr.com/&#38;gt;&#60;/a&#62;&#60;br&#62;Endereço. Av. Sagitário, 138 - City 113&#60;br&#62;[Ícone Descrição gerada automaticamente]&#38;lt;https://www.linkedin.com/company/evolve-gest-o-empresarial/&#38;gt;&#60;br&#62;[Ícone Descrição gerada automaticamente]&#38;lt;https://www.youtube.com/channel/UCJQgCFkieklb6r1KYz_P5KA&#38;gt;&#60;/p&#62;',3,3,3,5,1,1,0,0,0,NULL,NULL,NULL,0,0,0,0,0,NULL,NULL,NULL,NULL,159,9318026,9318026,9317701,0,0,0,0,'2023-10-03 18:36:28'),(2023100306,0,'HIAE - Transfer the user connected to named HBPA License','2023-06-21 00:00:00','2023-10-06 20:23:05','2023-10-06 20:23:05','2023-10-06 20:15:01','2023-10-06 20:23:05',10,6,10,1,'&#60;div class=\"mega-case-d-block mega-case-d-desc\"&#62;\n&#60;div class=\"mega-case-d-info-wrapper\"&#62;\n&#60;div class=\"mega-case-d-value mega-case-d-value-desc\"&#62;Hi,&#60;br&#62;Recently, a new named HBPA license was provided to the client Hospital Israelita Albert Einstein in their DEV environment, they currently cannot access the product. Can you, please, check which user is connected to the HBPA license and change that to the user rcano?&#60;br&#62;Best regards.&#60;br&#62;[Ícone Descrição gerada automaticamente]&#60;br&#62;Marcelo T. Hashimoto&#60;br&#62;Arquiteto Corporativo | eVOLVE Gestão Empresarial&#60;br&#62;Tel. (11) 4191-3426&#38;lt;tel:(11)%204195-0510&#38;gt;&#60;br&#62;Site. &#60;a target=\"_blank\"&#62;www.evolvebr.com&#38;lt;http://www.evolvebr.com/&#38;gt;&#60;/a&#62;&#60;br&#62;Endereço. Av. Sagitário, 138 - City 113&#60;br&#62;[Ícone Descrição gerada automaticamente]&#38;lt;https://www.linkedin.com/company/evolve-gest-o-empresarial/&#38;gt;&#60;br&#62;[Ícone Descrição gerada automaticamente]&#38;lt;https://www.youtube.com/channel/UCJQgCFkieklb6r1KYz_P5KA&#38;gt;&#60;/div&#62;\n&#60;/div&#62;\n&#60;/div&#62;\n&#60;div class=\"mega-case-d-block mega-case-d-attachment-wrapper\"&#62;\n&#60;div class=\"mega-case-d-block mega-case-d-attachment\"&#62; &#60;/div&#62;\n&#60;/div&#62;',3,3,3,5,1,1,0,0,0,NULL,NULL,NULL,0,0,0,0,0,NULL,NULL,NULL,NULL,159,9318026,9318026,9317701,0,0,0,0,'2023-10-03 18:38:36'),(2023100307,0,'HIAE - HOPEX API KEy','2023-06-15 00:00:00','2023-10-06 20:23:05','2023-10-06 20:23:05','2023-10-06 20:15:01','2023-10-06 20:23:05',10,6,10,1,'&#60;p&#62;Hi, The client Hospital Israelita Albert Einstein wants an API Key for test purposes in the DEV Environment for the user jneto, with the profile IT Architecture Functional Administrator with the expiration date at the end of the month.&#60;br&#62;Best Regards.&#60;br&#62;[Ícone Descrição gerada automaticamente]&#60;br&#62;Marcelo T. Hashimoto&#60;br&#62;Arquiteto Corporativo | eVOLVE Gestão Empresarial&#60;br&#62;Tel. (11) 4191-3426&#38;lt;tel:(11)%204195-0510&#38;gt;&#60;br&#62;Site. &#60;a target=\"_blank\"&#62;www.evolvebr.com&#38;lt;http://www.evolvebr.com/&#38;gt;&#60;/a&#62;&#60;br&#62;Endereço. Av. Sagitário, 138 - City 113&#60;br&#62;[Ícone Descrição gerada automaticamente]&#38;lt;https://www.linkedin.com/company/evolve-gest-o-empresarial/&#38;gt;&#60;br&#62;[Ícone Descrição gerada automaticamente]&#38;lt;https://www.youtube.com/channel/UCJQgCFkieklb6r1KYz_P5KA&#38;gt;&#60;/p&#62;',3,3,3,5,1,1,0,0,0,NULL,NULL,NULL,0,0,0,0,0,NULL,NULL,NULL,NULL,159,9836426,9836426,9836101,0,0,0,0,'2023-10-03 18:39:59'),(2023100308,0,'HIAE SSO Config','2023-06-14 00:00:00','2023-10-06 20:23:05','2023-10-06 20:23:05','2023-10-06 20:18:09','2023-10-06 20:23:05',10,6,10,1,'&#60;p&#62;Hi,&#60;br&#62;The client Hospital Israelita Albert Einstein wants to replicate the SSO configuration that was made for the Pre-Prod Environment for DEV and PROD. We should use the same URLs used in the Pre-Prod Config.&#60;br&#62;Best Regards.&#60;br&#62;[Ícone Descrição gerada automaticamente]&#60;br&#62;Marcelo T. Hashimoto&#60;br&#62;Arquiteto Corporativo | eVOLVE Gestão Empresarial&#60;br&#62;Tel. (11) 4191-3426&#38;lt;tel:(11)%204195-0510&#38;gt;&#60;br&#62;Site. &#60;a target=\"_blank\"&#62;www.evolvebr.com&#38;lt;http://www.evolvebr.com/&#38;gt;&#60;/a&#62;&#60;br&#62;Endereço. Av. Sagitário, 138 - City 113&#60;br&#62;[Ícone Descrição gerada automaticamente]&#38;lt;https://www.linkedin.com/company/evolve-gest-o-empresarial/&#38;gt;&#60;br&#62;[Ícone Descrição gerada automaticamente]&#38;lt;https://www.youtube.com/channel/UCJQgCFkieklb6r1KYz_P5KA&#38;gt;&#60;/p&#62;',3,3,3,5,1,1,0,0,0,NULL,NULL,NULL,0,0,0,0,0,NULL,NULL,NULL,NULL,100,9922885,9922885,9922689,0,0,0,0,'2023-10-03 18:42:06'),(2023100309,0,'HIAE - Up Alignment DEV to PROD','2023-06-14 00:00:00','2023-10-06 20:23:05','2023-10-06 20:23:05','2023-10-06 20:15:01','2023-10-06 20:23:05',10,6,10,1,'&#60;p&#62;Hi,&#60;br&#62;The client Hospital Israelita Albert Einstein wants to perform an Up Alignment from DEV to PROD, to be performed in the 26th of June 2023.&#60;br&#62;How can we procceed?&#60;br&#62;Best Regards.&#60;br&#62;[Ícone Descrição gerada automaticamente]&#60;br&#62;Marcelo T. Hashimoto&#60;br&#62;Arquiteto Corporativo | eVOLVE Gestão Empresarial&#60;br&#62;Tel. (11) 4191-3426&#38;lt;tel:(11)%204195-0510&#38;gt;&#60;br&#62;Site. &#60;a target=\"_blank\"&#62;www.evolvebr.com&#38;lt;http://www.evolvebr.com/&#38;gt;&#60;/a&#62;&#60;br&#62;Endereço. Av. Sagitário, 138 - City 113&#60;br&#62;[Ícone Descrição gerada automaticamente]&#38;lt;https://www.linkedin.com/company/evolve-gest-o-empresarial/&#38;gt;&#60;br&#62;[Ícone Descrição gerada automaticamente]&#38;lt;https://www.youtube.com/channel/UCJQgCFkieklb6r1KYz_P5KA&#38;gt;&#60;/p&#62;',3,3,3,5,1,1,0,0,0,NULL,NULL,NULL,0,0,0,0,0,NULL,NULL,NULL,NULL,159,9922826,9922826,9922501,0,0,0,0,'2023-10-03 18:43:20'),(2023100310,0,'FW: Hospital Albert Einstein - Y6139','2023-06-09 00:00:00','2023-10-06 20:23:05','2023-10-06 20:23:05','2023-10-06 20:18:09','2023-10-06 20:23:05',10,6,10,1,'&#60;p&#62;Hello MCS team,&#60;br&#62;Following Israel’s request, please find attached client’s DEV license issued with additional 2 BPA licenses for test purposes.&#60;br&#62;End date : 08/08/2023.&#60;br&#62;UNC path : \\dev-haev5\\must&#38;lt;file://dev-haev5/must&#38;gt;&#60;br&#62;Once the testing period is done, please use the old license file to revert to the purchased configuration.&#60;br&#62;Regards,&#60;br&#62;Ana&#60;br&#62;From: TAVARES Israel &#38;lt;itavares@mega.com&#38;gt;&#60;br&#62;Sent: vendredi 9 juin 2023 00:19&#60;br&#62;To: MILIC Ana &#38;lt;amilic@mega.com&#38;gt;&#60;br&#62;Subject: Hospital Albert Einstein&#60;br&#62;Hola Ana, buenos días.&#60;br&#62;Por solicitud del cliente podrías por favor incluir en el ambiente de desarrollo del Hospital Albert Einstein 2 licencias del siguiente módulo por 2 meses.&#60;br&#62;* HS-BPA-RC&#60;br&#62;Adicional, ellos tienen este módulo HC-IT-CTC.U que se supone deberían de poder crear ideas, sin embargo no pueden, según leí en la descripción en Sales Force dice que crear ideas es opcional, ¿qué podemos hacer para qué los usuarios puedan registrar ideas?&#60;br&#62;[cid:image002.png@01D99A24.FEA2C2C0]&#60;br&#62;Saludos y gracias.&#60;br&#62;Por favor, avísame si tienes alguna pregunta o comentario.&#60;br&#62;Saludos y gracias.&#60;br&#62;[A close up of a sign Description automatically generated]&#60;br&#62;Israel Tavares&#60;br&#62;Sales Director&#60;br&#62;Cel. +52 (81) 1822 0366&#60;br&#62;Av. Sinaloa Num. 31 Piso 6 Colonia Roma Norte&#60;br&#62;CP 06700 Ciudad de México - México&#60;br&#62;itavares@mega.com&#38;lt;mailto:itavares@mega.com&#38;gt; - &#60;a target=\"_blank\"&#62;www.mega.com&#38;lt;http://www.mega.com/&#38;gt;&#60;/a&#62;&#60;br&#62;Twitter&#38;lt;http://twitter.com/mega_int&#38;gt; - LinkedIn&#38;lt;http://www.linkedin.com/company/mega-international&#38;gt; - YouTube&#38;lt;http://www.youtube.com/megainternational&#38;gt;&#60;br&#62;________________________________&#60;br&#62;You aren\'t expected to respond to my email outside of your work hours.&#60;/p&#62;',3,3,3,4,1,1,0,0,0,NULL,NULL,NULL,0,0,0,0,0,NULL,NULL,NULL,NULL,100,10354885,10354885,10354689,0,0,0,0,'2023-10-03 18:44:28'),(2023100311,0,'Albert Einstein - PROD Install Archimate 3.1','2023-05-24 00:00:00','2023-10-06 20:23:05','2023-10-06 20:23:05','2023-10-06 20:18:09','2023-10-06 20:23:05',10,6,10,1,'&#60;p&#62;@CLEMENTE Ismael&#38;lt;mailto:iclemente@mega.com&#38;gt; me ayudas a instalar el modulo de Archimate 3.1 en PROD Albert Einstein por favor y le confirmas a Marcelo ya que este completado&#60;br&#62;Gracias&#60;br&#62;[A close up of a sign Description automatically generated]&#60;br&#62;Guillermo González&#60;br&#62;Regional Cloud Services Manager&#60;br&#62;MEGA International&#60;br&#62;Av. Sinaloa Num. 31 Piso 6 Colonia Roma Norte&#60;br&#62;CP 06700 Ciudad de México - México&#60;br&#62;ggonzalez@mega.com&#38;lt;mailto:ggonzalez@mega.com&#38;gt; - &#60;a target=\"_blank\"&#62;www.mega.com&#38;lt;http://www.mega.com/&#38;gt;&#60;/a&#62;&#60;br&#62;Twitter&#38;lt;http://twitter.com/mega_int&#38;gt; - LinkedIn&#38;lt;http://www.linkedin.com/company/mega-international&#38;gt; - YouTube&#38;lt;http://www.youtube.com/megainternational&#38;gt;&#60;br&#62;________________________________&#60;br&#62;You aren\'t expected to respond to my email outside of your work hours.&#60;/p&#62;',3,3,3,5,1,1,0,0,0,NULL,NULL,NULL,0,0,0,0,0,NULL,NULL,NULL,NULL,100,11737285,11737285,11737089,0,0,0,0,'2023-10-03 18:45:39'),(2023100312,0,'Hospital Albert Einstein - Homologación de ambientes','2023-03-27 00:00:00','2023-10-06 20:23:05','2023-10-06 20:23:05','2023-10-06 20:18:09','2023-10-06 20:23:05',10,6,10,1,'&#60;p&#62;Hola @José&#38;lt;mailto:jjpineda@mega.com&#38;gt;;&#60;br&#62;Te solicito el gran favor de que los ambientes menores de HIAE queden homologados, es decir que PreProd + Dev sean un “espejo” de lo que actualmente está en Prod, esto con la finalidad de que el Partner local tenga oportunidad de hacer pruebas en igualdad de condiciones de ambientes menores, si llegases a tener dudas me mandas un mensajito y con gusto las aclaro.&#60;br&#62;Hola @Oscar&#38;lt;mailto:olee@mega.com&#38;gt;;&#60;br&#62;Esta es la solicitud de la cual habló Jimenez, una vez finalizada y que José me dé aviso, procedo a informar a la gente de Evolve para que proceda con los tests que ellos requieran.&#60;br&#62;Saludos.&#60;br&#62;[A close up of a sign Description automatically generated]&#60;br&#62;Hugo Sotelo&#60;br&#62;MCS Service Delivery Manager&#60;br&#62;MEGA International&#60;br&#62;Av. Sinaloa Num. 31 Piso 6 Colonia Roma Norte&#60;br&#62;CP 06700 Ciudad de México - México&#60;br&#62;hsotelo@mega.com&#38;lt;mailto:hsotelo@mega.com&#38;gt; - &#60;a href=\"http://www.mega.com&#38;lt;https//nam10.safelinks.protection.outlook.com/?url=http%3A%2F%2Fwww.mega.com%2F&#38;amp;data=05%7C01%7Chugohern%40bancolombia.com.co%7C3cf027bfc1f54937d03208dabdc48c81%7Cb5e244bdc492495b8b1061bfd453e423%7C0%7C0%7C638030949126903421%7CUnknown%7CTWFpbGZsb3d8eyJWIjoiMC4wLjAwMDAiLCJQIjoiV2luMzIiLCJBTiI6Ik1haWwiLCJXVCI6Mn0%3D%7C3000%7C%7C%7C&#38;amp;sdata=kwK%2BPH5%2BY%2FCwMAyPVDFmHInmfrR3qzb2lgHT1ifmCFc%3D&#38;amp;reserved=0&#38;gt;\" target=\"_blank\" rel=\"noopener\"&#62;www.mega.com&#38;lt;https://nam10.safelinks.protection.outlook.com/?url=http%3A%2F%2Fwww.mega.com%2F&#38;amp;data=05%7C01%7Chugohern%40bancolombia.com.co%7C3cf027bfc1f54937d03208dabdc48c81%7Cb5e244bdc492495b8b1061bfd453e423%7C0%7C0%7C638030949126903421%7CUnknown%7CTWFpbGZsb3d8eyJWIjoiMC4wLjAwMDAiLCJQIjoiV2luMzIiLCJBTiI6Ik1haWwiLCJXVCI6Mn0%3D%7C3000%7C%7C%7C&#38;amp;sdata=kwK%2BPH5%2BY%2FCwMAyPVDFmHInmfrR3qzb2lgHT1ifmCFc%3D&#38;amp;reserved=0&#38;gt;&#60;/a&#62;&#60;br&#62;Twitter&#38;lt;https://nam10.safelinks.protection.outlook.com/?url=http%3A%2F%2Ftwitter.com%2Fmega_int&#38;amp;data=05%7C01%7Chugohern%40bancolombia.com.co%7C3cf027bfc1f54937d03208dabdc48c81%7Cb5e244bdc492495b8b1061bfd453e423%7C0%7C0%7C638030949126903421%7CUnknown%7CTWFpbGZsb3d8eyJWIjoiMC4wLjAwMDAiLCJQIjoiV2luMzIiLCJBTiI6Ik1haWwiLCJXVCI6Mn0%3D%7C3000%7C%7C%7C&#38;amp;sdata=qsfTpLMpuCYlrEYwYJ61y9FoE8ESyZha3dyhl%2BAqHrw%3D&#38;amp;reserved=0&#38;gt; - LinkedIn&#38;lt;https://nam10.safelinks.protection.outlook.com/?url=http%3A%2F%2Fwww.linkedin.com%2Fcompany%2Fmega-international&#38;amp;data=05%7C01%7Chugohern%40bancolombia.com.co%7C3cf027bfc1f54937d03208dabdc48c81%7Cb5e244bdc492495b8b1061bfd453e423%7C0%7C0%7C638030949126903421%7CUnknown%7CTWFpbGZsb3d8eyJWIjoiMC4wLjAwMDAiLCJQIjoiV2luMzIiLCJBTiI6Ik1haWwiLCJXVCI6Mn0%3D%7C3000%7C%7C%7C&#38;amp;sdata=Ighwq7Vu1%2BhW1QLhDrjoIhIze0D6l1GL9W7yaaNnHv8%3D&#38;amp;reserved=0&#38;gt; - YouTube&#38;lt;https://nam10.safelinks.protection.outlook.com/?url=http%3A%2F%2Fwww.youtube.com%2Fmegainternational&#38;amp;data=05%7C01%7Chugohern%40bancolombia.com.co%7C3cf027bfc1f54937d03208dabdc48c81%7Cb5e244bdc492495b8b1061bfd453e423%7C0%7C0%7C638030949126903421%7CUnknown%7CTWFpbGZsb3d8eyJWIjoiMC4wLjAwMDAiLCJQIjoiV2luMzIiLCJBTiI6Ik1haWwiLCJXVCI6Mn0%3D%7C3000%7C%7C%7C&#38;amp;sdata=1J3rpx6igOtKxleFxMcA981k7%2B9RK4EYXlXckQrJBAU%3D&#38;amp;reserved=0&#38;gt;&#60;br&#62;From: SOTELO Hugo&#60;br&#62;Sent: lunes, 27 de marzo de 2023 08:05&#60;br&#62;To: Henrique S. Santos &#38;lt;henrique.santos@evolvebr.com&#38;gt;; LEE Oscar &#38;lt;olee@mega.com&#38;gt;; LUCAS LÓPEZ Florentino &#38;lt;flucas@mega.com&#38;gt;&#60;br&#62;Cc: Marcelo Takashi &#38;lt;marcelo.takashi@evolvebr.com&#38;gt;; GONZÁLEZ MARTINEZ Guillermo Raúl &#38;lt;ggonzalez@mega.com&#38;gt;; PINEDA José Juan &#38;lt;jjpineda@mega.com&#38;gt;&#60;br&#62;Subject: RE: SaaS - Archimate\'s Profile (HIAE)&#60;br&#62;Hola @Henrique&#38;lt;mailto:henrique.santos@evolvebr.com&#38;gt;;&#60;br&#62;Un gusto saludarlos, dos temas, como he comentado con anterioridad al grupo que pertenezco que se conoce como MCS no contamos con ingenieros de investigaciones de la funcionalidad de la plataforma, por lo anterior sumo al técnico dueño del ticket que Hospital AE ha mandado, lo que usualmente hacen los partners es filtran que realmente se trate de una mal funcionalidad y una vez seguros (como me imagino es el caso que han escalado) se levanta el ticket, por la limitante que hay del idioma lo que puedo hacer, y creo que en un futuro podrían tomar esa dinámica como hacen nuestros partners es gerenciar una llamada cliente + soporte y así avanzar en el tema.&#60;br&#62;@Florentino&#38;lt;mailto:flucas@mega.com&#38;gt;, Tino un mega favor amigo, podrías por favor darme algunas opciones de tu horario para que Evolve gerencie una llamada con cliente y contigo para investigar el caso, respecto al idioma portugués no tengas el menor cuidado, la gente de Evolve habla perfecto español.&#60;br&#62;@Henrique&#38;lt;mailto:henrique.santos@evolvebr.com&#38;gt;, un tema adicional, esta misma semana estoy trabajando con mi ingeniero de nube para hacer un “espejo” de Producción a los ambientes menores y así puedan hacer las pruebas que requieran.&#60;br&#62;@Oscar&#38;lt;mailto:olee@mega.com&#38;gt;, este es un tema que conversábamos la semana pasada, al ser tickets de investigación que caen en el queue de soporte, tenemos tanto Guille como yo poca gerencia, y de hecho poca acción sobre los mismos, el status de tickets atorados diferentes a los que caen al equipo de MCS, usualmente lo provee el CSM, si encuentras algún tipo de inconsistencia en mi correo o feedback, con gusto lo platicamos interno y luego lo permeamos con nuestros socios de Evolve.&#60;br&#62;A la orden para lo que necesiten.&#60;br&#62;Saludos&#60;br&#62;[A close up of a sign Description automatically generated]&#60;br&#62;Hugo Sotelo&#60;br&#62;MCS Service Delivery Manager&#60;br&#62;MEGA International&#60;br&#62;Av. Sinaloa Num. 31 Piso 6 Colonia Roma Norte&#60;br&#62;CP 06700 Ciudad de México - México&#60;br&#62;hsotelo@mega.com&#38;lt;mailto:hsotelo@mega.com&#38;gt; - &#60;a href=\"http://www.mega.com&#38;lt;https//nam10.safelinks.protection.outlook.com/?url=http%3A%2F%2Fwww.mega.com%2F&#38;amp;data=05%7C01%7Chugohern%40bancolombia.com.co%7C3cf027bfc1f54937d03208dabdc48c81%7Cb5e244bdc492495b8b1061bfd453e423%7C0%7C0%7C638030949126903421%7CUnknown%7CTWFpbGZsb3d8eyJWIjoiMC4wLjAwMDAiLCJQIjoiV2luMzIiLCJBTiI6Ik1haWwiLCJXVCI6Mn0%3D%7C3000%7C%7C%7C&#38;amp;sdata=kwK%2BPH5%2BY%2FCwMAyPVDFmHInmfrR3qzb2lgHT1ifmCFc%3D&#38;amp;reserved=0&#38;gt;\" target=\"_blank\" rel=\"noopener\"&#62;www.mega.com&#38;lt;https://nam10.safelinks.protection.outlook.com/?url=http%3A%2F%2Fwww.mega.com%2F&#38;amp;data=05%7C01%7Chugohern%40bancolombia.com.co%7C3cf027bfc1f54937d03208dabdc48c81%7Cb5e244bdc492495b8b1061bfd453e423%7C0%7C0%7C638030949126903421%7CUnknown%7CTWFpbGZsb3d8eyJWIjoiMC4wLjAwMDAiLCJQIjoiV2luMzIiLCJBTiI6Ik1haWwiLCJXVCI6Mn0%3D%7C3000%7C%7C%7C&#38;amp;sdata=kwK%2BPH5%2BY%2FCwMAyPVDFmHInmfrR3qzb2lgHT1ifmCFc%3D&#38;amp;reserved=0&#38;gt;&#60;/a&#62;&#60;br&#62;Twitter&#38;lt;https://nam10.safelinks.protection.outlook.com/?url=http%3A%2F%2Ftwitter.com%2Fmega_int&#38;amp;data=05%7C01%7Chugohern%40bancolombia.com.co%7C3cf027bfc1f54937d03208dabdc48c81%7Cb5e244bdc492495b8b1061bfd453e423%7C0%7C0%7C638030949126903421%7CUnknown%7CTWFpbGZsb3d8eyJWIjoiMC4wLjAwMDAiLCJQIjoiV2luMzIiLCJBTiI6Ik1haWwiLCJXVCI6Mn0%3D%7C3000%7C%7C%7C&#38;amp;sdata=qsfTpLMpuCYlrEYwYJ61y9FoE8ESyZha3dyhl%2BAqHrw%3D&#38;amp;reserved=0&#38;gt; - LinkedIn&#38;lt;https://nam10.safelinks.protection.outlook.com/?url=http%3A%2F%2Fwww.linkedin.com%2Fcompany%2Fmega-international&#38;amp;data=05%7C01%7Chugohern%40bancolombia.com.co%7C3cf027bfc1f54937d03208dabdc48c81%7Cb5e244bdc492495b8b1061bfd453e423%7C0%7C0%7C638030949126903421%7CUnknown%7CTWFpbGZsb3d8eyJWIjoiMC4wLjAwMDAiLCJQIjoiV2luMzIiLCJBTiI6Ik1haWwiLCJXVCI6Mn0%3D%7C3000%7C%7C%7C&#38;amp;sdata=Ighwq7Vu1%2BhW1QLhDrjoIhIze0D6l1GL9W7yaaNnHv8%3D&#38;amp;reserved=0&#38;gt; - YouTube&#38;lt;https://nam10.safelinks.protection.outlook.com/?url=http%3A%2F%2Fwww.youtube.com%2Fmegainternational&#38;amp;data=05%7C01%7Chugohern%40bancolombia.com.co%7C3cf027bfc1f54937d03208dabdc48c81%7Cb5e244bdc492495b8b1061bfd453e423%7C0%7C0%7C638030949126903421%7CUnknown%7CTWFpbGZsb3d8eyJWIjoiMC4wLjAwMDAiLCJQIjoiV2luMzIiLCJBTiI6Ik1haWwiLCJXVCI6Mn0%3D%7C3000%7C%7C%7C&#38;amp;sdata=1J3rpx6igOtKxleFxMcA981k7%2B9RK4EYXlXckQrJBAU%3D&#38;amp;reserved=0&#38;gt;&#60;br&#62;From: Henrique S. Santos &#38;lt;henrique.santos@evolvebr.com&#38;lt;mailto:henrique.santos@evolvebr.com&#38;gt;&#38;gt;&#60;br&#62;Sent: Monday, March 27, 2023 6:31 AM&#60;br&#62;To: SOTELO Hugo &#38;lt;hsotelo@mega.com&#38;lt;mailto:hsotelo@mega.com&#38;gt;&#38;gt;; LEE Oscar &#38;lt;olee@mega.com&#38;lt;mailto:olee@mega.com&#38;gt;&#38;gt;&#60;br&#62;Cc: Marcelo Takashi &#38;lt;marcelo.takashi@evolvebr.com&#38;lt;mailto:marcelo.takashi@evolvebr.com&#38;gt;&#38;gt;&#60;br&#62;Subject: SaaS - Archimate\'s Profile (HIAE)&#60;br&#62;¡Hola amigos!&#60;br&#62;HIAE tiene un problema con la asignación del perfil de Archimate a los usuarios, ya que no tenemos acceso a la parte de administración para realizar acciones, creo que esto debería hacerlo Hugo.&#60;br&#62;¿Podrías ayudarnos con este caso? Están en necesidad urgente.&#60;br&#62;Número de billete 00136700&#60;br&#62;[cid:image001.png@01D96082.66EBE190]&#60;br&#62;Att,&#60;br&#62;[Ícone Descrição gerada automaticamente]&#60;br&#62;Henrique Santos&#60;br&#62;Suporte | eVOLVE Gestão Empresarial&#60;br&#62;Tel. (11) 4191-3426&#38;lt;tel:(11)%204195-0510&#38;gt;&#60;br&#62;Site. &#60;a target=\"_blank\"&#62;www.evolvebr.com&#38;lt;http://www.evolvebr.com/&#38;gt;&#60;/a&#62;&#60;br&#62;Endereço. Av. Sagitário, 138 - City 113&#60;br&#62;[Ícone Descrição gerada automaticamente]&#38;lt;https://www.linkedin.com/company/evolve-gest-o-empresarial/&#38;gt;&#60;br&#62;[Ícone Descrição gerada automaticamente]&#38;lt;https://www.youtube.com/channel/UCJQgCFkieklb6r1KYz_P5KA&#38;gt;&#60;br&#62;________________________________&#60;br&#62;You aren\'t expected to respond to my email outside of your work hours.&#60;/p&#62;',3,3,3,1,1,1,0,0,0,NULL,NULL,NULL,0,0,0,0,0,NULL,NULL,NULL,NULL,100,16748485,16748485,16748289,0,0,0,0,'2023-10-03 18:47:00'),(2023100313,0,'RE: HIAE - Habilitar idioma Inglés - Dev + PreProd + Prod','2023-03-27 00:00:00','2023-10-06 20:23:05','2023-10-06 20:23:05','2023-10-06 20:18:09','2023-10-06 20:23:05',10,6,10,1,'&#60;p&#62;Hola Marcelo;&#60;br&#62;Con gusto procedemos con la petición, en cuando quede listo les avisaremos para que puedan validar.&#60;br&#62;Hola @José&#38;lt;mailto:jjpineda@mega.com&#38;gt;;&#60;br&#62;He mandado la petición a Cloud y asignado este ticket a tu “queue” me ayudas por favor con el requerimiento y una vez completo nos avisas sobre esta cadena.&#60;br&#62;Muchas gracias&#60;br&#62;Saludos&#60;br&#62;[A close up of a sign Description automatically generated]&#60;br&#62;Hugo Sotelo&#60;br&#62;MCS Service Delivery Manager&#60;br&#62;MEGA International&#60;br&#62;Av. Sinaloa Num. 31 Piso 6 Colonia Roma Norte&#60;br&#62;CP 06700 Ciudad de México - México&#60;br&#62;hsotelo@mega.com&#38;lt;mailto:hsotelo@mega.com&#38;gt; - &#60;a href=\"http://www.mega.com&#38;lt;https//nam10.safelinks.protection.outlook.com/?url=http%3A%2F%2Fwww.mega.com%2F&#38;amp;data=05%7C01%7Chugohern%40bancolombia.com.co%7C3cf027bfc1f54937d03208dabdc48c81%7Cb5e244bdc492495b8b1061bfd453e423%7C0%7C0%7C638030949126903421%7CUnknown%7CTWFpbGZsb3d8eyJWIjoiMC4wLjAwMDAiLCJQIjoiV2luMzIiLCJBTiI6Ik1haWwiLCJXVCI6Mn0%3D%7C3000%7C%7C%7C&#38;amp;sdata=kwK%2BPH5%2BY%2FCwMAyPVDFmHInmfrR3qzb2lgHT1ifmCFc%3D&#38;amp;reserved=0&#38;gt;\" target=\"_blank\" rel=\"noopener\"&#62;www.mega.com&#38;lt;https://nam10.safelinks.protection.outlook.com/?url=http%3A%2F%2Fwww.mega.com%2F&#38;amp;data=05%7C01%7Chugohern%40bancolombia.com.co%7C3cf027bfc1f54937d03208dabdc48c81%7Cb5e244bdc492495b8b1061bfd453e423%7C0%7C0%7C638030949126903421%7CUnknown%7CTWFpbGZsb3d8eyJWIjoiMC4wLjAwMDAiLCJQIjoiV2luMzIiLCJBTiI6Ik1haWwiLCJXVCI6Mn0%3D%7C3000%7C%7C%7C&#38;amp;sdata=kwK%2BPH5%2BY%2FCwMAyPVDFmHInmfrR3qzb2lgHT1ifmCFc%3D&#38;amp;reserved=0&#38;gt;&#60;/a&#62;&#60;br&#62;Twitter&#38;lt;https://nam10.safelinks.protection.outlook.com/?url=http%3A%2F%2Ftwitter.com%2Fmega_int&#38;amp;data=05%7C01%7Chugohern%40bancolombia.com.co%7C3cf027bfc1f54937d03208dabdc48c81%7Cb5e244bdc492495b8b1061bfd453e423%7C0%7C0%7C638030949126903421%7CUnknown%7CTWFpbGZsb3d8eyJWIjoiMC4wLjAwMDAiLCJQIjoiV2luMzIiLCJBTiI6Ik1haWwiLCJXVCI6Mn0%3D%7C3000%7C%7C%7C&#38;amp;sdata=qsfTpLMpuCYlrEYwYJ61y9FoE8ESyZha3dyhl%2BAqHrw%3D&#38;amp;reserved=0&#38;gt; - LinkedIn&#38;lt;https://nam10.safelinks.protection.outlook.com/?url=http%3A%2F%2Fwww.linkedin.com%2Fcompany%2Fmega-international&#38;amp;data=05%7C01%7Chugohern%40bancolombia.com.co%7C3cf027bfc1f54937d03208dabdc48c81%7Cb5e244bdc492495b8b1061bfd453e423%7C0%7C0%7C638030949126903421%7CUnknown%7CTWFpbGZsb3d8eyJWIjoiMC4wLjAwMDAiLCJQIjoiV2luMzIiLCJBTiI6Ik1haWwiLCJXVCI6Mn0%3D%7C3000%7C%7C%7C&#38;amp;sdata=Ighwq7Vu1%2BhW1QLhDrjoIhIze0D6l1GL9W7yaaNnHv8%3D&#38;amp;reserved=0&#38;gt; - YouTube&#38;lt;https://nam10.safelinks.protection.outlook.com/?url=http%3A%2F%2Fwww.youtube.com%2Fmegainternational&#38;amp;data=05%7C01%7Chugohern%40bancolombia.com.co%7C3cf027bfc1f54937d03208dabdc48c81%7Cb5e244bdc492495b8b1061bfd453e423%7C0%7C0%7C638030949126903421%7CUnknown%7CTWFpbGZsb3d8eyJWIjoiMC4wLjAwMDAiLCJQIjoiV2luMzIiLCJBTiI6Ik1haWwiLCJXVCI6Mn0%3D%7C3000%7C%7C%7C&#38;amp;sdata=1J3rpx6igOtKxleFxMcA981k7%2B9RK4EYXlXckQrJBAU%3D&#38;amp;reserved=0&#38;gt;&#60;br&#62;From: Marcelo Takashi &#38;lt;marcelo.takashi@evolvebr.com&#38;gt;&#60;br&#62;Sent: Friday, March 24, 2023 2:43 PM&#60;br&#62;To: SOTELO Hugo &#38;lt;hsotelo@mega.com&#38;gt;&#60;br&#62;Cc: Henrique S. Santos &#38;lt;henrique.santos@evolvebr.com&#38;gt;; JS Jimenez &#38;lt;jsjimenez@evolvebr.com&#38;gt;; LEE Oscar &#38;lt;olee@mega.com&#38;gt;&#60;br&#62;Subject: HIAE - Habilitar idioma Inglés&#60;br&#62;Hola Hugo,&#60;br&#62;Los Arquitectos de Einsten me peticionaron si es posible habilitar el idioma Inglés en la plataforma. Con el portugués están con mucha confusión cerca de los terminos de HOPEX.&#60;br&#62;Saludos.&#60;br&#62;[Ícone Descrição gerada automaticamente]&#60;br&#62;Marcelo T. Hashimoto&#60;br&#62;Arquiteto Corporativo | eVOLVE Gestão Empresarial&#60;br&#62;Tel. (11) 4191-3426&#38;lt;tel:(11)%204195-0510&#38;gt;&#60;br&#62;Site. &#60;a target=\"_blank\"&#62;www.evolvebr.com&#38;lt;http://www.evolvebr.com/&#38;gt;&#60;/a&#62;&#60;br&#62;Endereço. Av. Sagitário, 138 - City 113&#60;br&#62;[Ícone Descrição gerada automaticamente]&#38;lt;https://www.linkedin.com/company/evolve-gest-o-empresarial/&#38;gt;&#60;br&#62;[Ícone Descrição gerada automaticamente]&#38;lt;https://www.youtube.com/channel/UCJQgCFkieklb6r1KYz_P5KA&#38;gt;&#60;br&#62;________________________________&#60;br&#62;You aren\'t expected to respond to my email outside of your work hours.&#60;/p&#62;',3,3,3,5,1,1,0,0,0,NULL,NULL,NULL,0,0,0,0,0,NULL,NULL,NULL,NULL,100,16748485,16748485,16748289,0,0,0,0,'2023-10-03 18:48:43'),(2023100314,0,'Subject RE: Post Deployment Completed for dev-haev5','2023-02-07 00:00:00','2023-10-06 20:23:05','2023-10-06 20:23:05','2023-10-06 20:18:09','2023-10-06 20:23:05',10,6,10,1,'&#60;p&#62;Hola José;&#60;br&#62;Por favor toma el ticket del queue que este correo está generando a Cloud, y me ayudas por favor a realizar la lista blanca de la plataforma de DEV para “Hospital Albert Einstein Brazil”, coloco en la parte de abajo el listado de IPs que básicamente deberían ser las mismas que se han agregado a Prod, cualquier duda me comentas por favor por Teams. Gracias&#60;br&#62;189.108.75.160/28&#60;br&#62;201.56.7.128/25&#60;br&#62;191.233.198.69/32&#60;br&#62;20.206.225.185/32&#60;br&#62;20.206.225.208/32&#60;br&#62;54.207.85.221/32&#60;br&#62;54.232.24.51/32&#60;br&#62;[A close up of a sign Description automatically generated]&#60;br&#62;Hugo Sotelo&#60;br&#62;MCS Service Delivery Manager&#60;br&#62;MEGA International&#60;br&#62;Av. Sinaloa Num. 31 Piso 6 Colonia Roma Norte&#60;br&#62;CP 06700 Ciudad de México - México&#60;br&#62;hsotelo@mega.com&#38;lt;mailto:hsotelo@mega.com&#38;gt; - &#60;a href=\"http://www.mega.com&#38;lt;https//nam10.safelinks.protection.outlook.com/?url=http%3A%2F%2Fwww.mega.com%2F&#38;amp;data=05%7C01%7Chugohern%40bancolombia.com.co%7C3cf027bfc1f54937d03208dabdc48c81%7Cb5e244bdc492495b8b1061bfd453e423%7C0%7C0%7C638030949126903421%7CUnknown%7CTWFpbGZsb3d8eyJWIjoiMC4wLjAwMDAiLCJQIjoiV2luMzIiLCJBTiI6Ik1haWwiLCJXVCI6Mn0%3D%7C3000%7C%7C%7C&#38;amp;sdata=kwK%2BPH5%2BY%2FCwMAyPVDFmHInmfrR3qzb2lgHT1ifmCFc%3D&#38;amp;reserved=0&#38;gt;\" target=\"_blank\" rel=\"noopener\"&#62;www.mega.com&#38;lt;https://nam10.safelinks.protection.outlook.com/?url=http%3A%2F%2Fwww.mega.com%2F&#38;amp;data=05%7C01%7Chugohern%40bancolombia.com.co%7C3cf027bfc1f54937d03208dabdc48c81%7Cb5e244bdc492495b8b1061bfd453e423%7C0%7C0%7C638030949126903421%7CUnknown%7CTWFpbGZsb3d8eyJWIjoiMC4wLjAwMDAiLCJQIjoiV2luMzIiLCJBTiI6Ik1haWwiLCJXVCI6Mn0%3D%7C3000%7C%7C%7C&#38;amp;sdata=kwK%2BPH5%2BY%2FCwMAyPVDFmHInmfrR3qzb2lgHT1ifmCFc%3D&#38;amp;reserved=0&#38;gt;&#60;/a&#62;&#60;br&#62;Twitter&#38;lt;https://nam10.safelinks.protection.outlook.com/?url=http%3A%2F%2Ftwitter.com%2Fmega_int&#38;amp;data=05%7C01%7Chugohern%40bancolombia.com.co%7C3cf027bfc1f54937d03208dabdc48c81%7Cb5e244bdc492495b8b1061bfd453e423%7C0%7C0%7C638030949126903421%7CUnknown%7CTWFpbGZsb3d8eyJWIjoiMC4wLjAwMDAiLCJQIjoiV2luMzIiLCJBTiI6Ik1haWwiLCJXVCI6Mn0%3D%7C3000%7C%7C%7C&#38;amp;sdata=qsfTpLMpuCYlrEYwYJ61y9FoE8ESyZha3dyhl%2BAqHrw%3D&#38;amp;reserved=0&#38;gt; - LinkedIn&#38;lt;https://nam10.safelinks.protection.outlook.com/?url=http%3A%2F%2Fwww.linkedin.com%2Fcompany%2Fmega-international&#38;amp;data=05%7C01%7Chugohern%40bancolombia.com.co%7C3cf027bfc1f54937d03208dabdc48c81%7Cb5e244bdc492495b8b1061bfd453e423%7C0%7C0%7C638030949126903421%7CUnknown%7CTWFpbGZsb3d8eyJWIjoiMC4wLjAwMDAiLCJQIjoiV2luMzIiLCJBTiI6Ik1haWwiLCJXVCI6Mn0%3D%7C3000%7C%7C%7C&#38;amp;sdata=Ighwq7Vu1%2BhW1QLhDrjoIhIze0D6l1GL9W7yaaNnHv8%3D&#38;amp;reserved=0&#38;gt; - YouTube&#38;lt;https://nam10.safelinks.protection.outlook.com/?url=http%3A%2F%2Fwww.youtube.com%2Fmegainternational&#38;amp;data=05%7C01%7Chugohern%40bancolombia.com.co%7C3cf027bfc1f54937d03208dabdc48c81%7Cb5e244bdc492495b8b1061bfd453e423%7C0%7C0%7C638030949126903421%7CUnknown%7CTWFpbGZsb3d8eyJWIjoiMC4wLjAwMDAiLCJQIjoiV2luMzIiLCJBTiI6Ik1haWwiLCJXVCI6Mn0%3D%7C3000%7C%7C%7C&#38;amp;sdata=1J3rpx6igOtKxleFxMcA981k7%2B9RK4EYXlXckQrJBAU%3D&#38;amp;reserved=0&#38;gt;&#60;br&#62;From: ANTONY RAJ Antovarun &#38;lt;aantonyraj@mega.com&#38;gt;&#60;br&#62;Sent: Sunday, February 5, 2023 8:31 PM&#60;br&#62;To: BRIDON Anthony &#38;lt;abridon@mega.com&#38;gt;; PINEDA José Juan &#38;lt;jjpineda@mega.com&#38;gt;&#60;br&#62;Cc: JACOB Laurent &#38;lt;ljacob@mega.com&#38;gt;; SOTELO Hugo &#38;lt;hsotelo@mega.com&#38;gt;; GONZÁLEZ MARTINEZ Guillermo Raúl &#38;lt;ggonzalez@mega.com&#38;gt;&#60;br&#62;Subject: RE: Post Deployment Completed for dev-haev5&#60;br&#62;Hi Anthony,&#60;br&#62;Have added the server to Sophos Group and Azure backup.&#60;br&#62;Updated in clickup app + Updated check list.&#60;br&#62;Antovarun ANTONY RAJ&#60;br&#62;Cloud Architect&#60;br&#62;MEGA Asia Software Pte Ltd&#60;br&#62;&#60;a href=\"http://www.mega.com&#38;lt;https//www.mega.com/?utm_source=pardot-email&#38;amp;utm_medium=email&#38;amp;utm_campaign=corp&#38;gt;\" target=\"_blank\" rel=\"noopener\"&#62;www.mega.com&#38;lt;https://www.mega.com/?utm_source=pardot-email&#38;amp;utm_medium=email&#38;amp;utm_campaign=corp&#38;gt;&#60;/a&#62;&#60;br&#62;LinkedIn&#38;lt;http://www2.mega.com/linkedin&#38;gt; - Twitter&#38;lt;http://www2.mega.com/twitter&#38;gt; - YouTube&#38;lt;http://www2.mega.com/youtube&#38;gt;&#60;br&#62;E&#60;br&#62;aantonyraj@mega.com&#38;lt;mailto:aantonyraj@mega.com&#38;gt;&#60;br&#62;MEGA named as a 2022 Gartner® Peer Insights™ Customers’ Choice for Enterprise Architecture tools&#38;lt;https://www.mega.com/en/product-enterprise-architecture-tool?utm_source=signature-email&#38;amp;utm_medium=email&#38;amp;utm_campaign=corp-ea&#38;gt;&#60;br&#62;From: BRIDON Anthony &#38;lt;abridon@mega.com&#38;lt;mailto:abridon@mega.com&#38;gt;&#38;gt;&#60;br&#62;Sent: Friday, 3 February 2023 9:45 pm&#60;br&#62;To: PINEDA José Juan &#38;lt;jjpineda@mega.com&#38;lt;mailto:jjpineda@mega.com&#38;gt;&#38;gt;; ANTONY RAJ Antovarun &#38;lt;aantonyraj@mega.com&#38;lt;mailto:aantonyraj@mega.com&#38;gt;&#38;gt;&#60;br&#62;Cc: JACOB Laurent &#38;lt;ljacob@mega.com&#38;lt;mailto:ljacob@mega.com&#38;gt;&#38;gt;; SOTELO Hugo &#38;lt;hsotelo@mega.com&#38;lt;mailto:hsotelo@mega.com&#38;gt;&#38;gt;; GONZÁLEZ MARTINEZ Guillermo Raúl &#38;lt;ggonzalez@mega.com&#38;lt;mailto:ggonzalez@mega.com&#38;gt;&#38;gt;&#60;br&#62;Subject: RE: Post Deployment Completed for dev-haev5&#60;br&#62;Hi JJ,&#60;br&#62;Thanks a lot.&#60;br&#62;The DNS record for PPROD should be OK now.&#60;br&#62;@ANTONY RAJ Antovarun&#38;lt;mailto:aantonyraj@mega.com&#38;gt;: could you please handle the last CA tasks for the DEV (no supervision)?&#60;br&#62;Thanks&#60;br&#62;Anthony BRIDON&#60;br&#62;Cloud Manager&#60;br&#62;MEGA International&#60;br&#62;9 avenue René Coty - 75014 Paris - France&#60;br&#62;&#60;a href=\"http://www.mega.com&#38;lt;https//www.mega.com/?utm_source=pardot-email&#38;amp;utm_medium=email&#38;amp;utm_campaign=corp&#38;gt;\" target=\"_blank\" rel=\"noopener\"&#62;www.mega.com&#38;lt;https://www.mega.com/?utm_source=pardot-email&#38;amp;utm_medium=email&#38;amp;utm_campaign=corp&#38;gt;&#60;/a&#62;&#60;br&#62;LinkedIn&#38;lt;http://www2.mega.com/linkedin&#38;gt; - Twitter&#38;lt;http://www2.mega.com/twitter&#38;gt; - YouTube&#38;lt;http://www2.mega.com/youtube&#38;gt;&#60;br&#62;P&#60;br&#62;+33 1 42 75 40 00&#60;br&#62;M&#60;br&#62;+33 6 13 49 03 71&#60;br&#62;E&#60;br&#62;abridon@mega.com&#38;lt;mailto:abridon@mega.com&#38;gt;&#60;br&#62;From: PINEDA José Juan &#38;lt;jjpineda@mega.com&#38;lt;mailto:jjpineda@mega.com&#38;gt;&#38;gt;&#60;br&#62;Sent: jeudi 2 février 2023 23:47&#60;br&#62;To: BRIDON Anthony &#38;lt;abridon@mega.com&#38;lt;mailto:abridon@mega.com&#38;gt;&#38;gt;&#60;br&#62;Cc: JACOB Laurent &#38;lt;ljacob@mega.com&#38;lt;mailto:ljacob@mega.com&#38;gt;&#38;gt;; SOTELO Hugo &#38;lt;hsotelo@mega.com&#38;lt;mailto:hsotelo@mega.com&#38;gt;&#38;gt;; GONZÁLEZ MARTINEZ Guillermo Raúl &#38;lt;ggonzalez@mega.com&#38;lt;mailto:ggonzalez@mega.com&#38;gt;&#38;gt;&#60;br&#62;Subject: Post Deployment Completed for dev-haev5&#60;br&#62;Hi @BRIDON Anthony&#38;lt;mailto:abridon@mega.com&#38;gt;&#60;br&#62;Just a heads up, to let you know that I\'ve finished the Post Deployment For Hospital Albert Einstein. It took me more than excepted since I was working on other cases with Hugo and Guille.&#60;br&#62;You can find the checklist on: \\dfr\\MCS\\00&#38;lt;file://dfr/MCS/00&#38;gt; - MCS CUSTOMERS\\Hospital Albert Einstein (HAE)&#60;br&#62;I know I have the task as well to deploy the 2nd instance for PPROD.&#60;br&#62;I\'ll need your help to push on this, since I raised a ticket to helpdesk to add the DNS record for the PPROD Instance but haven\'t done it yet. Case: 00133376&#60;br&#62;Thanks and Best Regards, ?&#60;br&#62;[A close up of a sign Description automatically generated]&#60;br&#62;José Pineda&#60;br&#62;Cloud Engineer&#60;br&#62;MEGA International&#60;br&#62;Av. Sinaloa Num. 31 Piso 6 Colonia Roma Norte&#60;br&#62;CP 06700 Ciudad de México - México&#60;br&#62;jjpineda@mega.com&#38;lt;mailto:jjpinedar@mega.com&#38;gt; - &#60;a target=\"_blank\"&#62;www.mega.com&#38;lt;http://www.mega.com/&#38;gt;&#60;/a&#62;&#60;br&#62;Twitter&#38;lt;http://twitter.com/mega_int&#38;gt; - LinkedIn&#38;lt;http://www.linkedin.com/company/mega-international&#38;gt; - YouTube&#38;lt;http://www.youtube.com/megainternational&#38;gt;&#60;br&#62;________________________________&#60;br&#62;You aren\'t expected to respond to my email outside of your work hours.&#60;/p&#62;',3,3,3,5,1,1,0,0,0,NULL,NULL,NULL,0,0,0,0,0,NULL,NULL,NULL,NULL,100,20895685,20895685,20895489,0,0,0,0,'2023-10-03 18:50:09'),(2023100902,0,'HIAE - PreProd SSO User not belongs to a group','2023-10-06 12:00:00',NULL,'2023-12-05 13:38:54',NULL,'2023-12-05 13:38:54',10,5,21,1,'&#60;p&#62;Hi, as we are resuming the subject of SSO in PreProd environment, we are trying to connect using SSO, and we are receiving the message: “User does not belongs to any groups”. I used a SAML inspector and found that the SAML assertion is returning the group for the user, but Is not being recognized by hopex.&#60;/p&#62;\n&#60;p&#62;Can you, please, verify why this is happening?&#60;br&#62;&#60;br&#62;&#60;/p&#62;',3,3,3,7,1,1,0,0,0,NULL,NULL,'2023-12-05 13:38:54',0,0,0,0,0,NULL,NULL,NULL,NULL,0,0,5189934,0,0,0,0,0,'2023-10-09 14:03:54'),(2023100903,0,'RE: HIAE - Install HASPKG in PROD','2023-10-05 12:00:00','2023-10-23 13:16:00','2023-10-23 13:16:00','2023-10-09 14:07:15','2023-10-23 13:16:00',10,6,21,1,'&#60;p&#62;Hi, the client Hospital Israelita Albert Einstein, wants the customization package located in (C:\\ProgramData\\MEGA\\Hopex Application Server\\5000\\Modules\\has.custom) at the DEV Server, to be installed in the PROD environment.&#60;/p&#62;\n&#60;p&#62;&#60;br&#62;Can you proceed with the installation?&#60;/p&#62;',3,3,3,7,1,1,0,0,0,'2023-10-05 12:00:00',NULL,NULL,0,0,0,0,0,NULL,NULL,NULL,NULL,0,1559760,1559760,353235,0,0,0,0,'2023-10-09 14:07:15'),(2023100904,0,'HIAE - HOPEX360 Generation Failed','2023-09-27 12:00:00',NULL,'2023-10-24 18:12:20','2023-10-09 14:08:13','2023-10-24 18:12:20',10,5,21,1,'&#60;p&#62;Hi, we are experiencing some HOPEX360 generation Errors, the print of an e-mail follows:&#60;br&#62;[cid:image001.png@01D9F13B.05F495E0]&#60;br&#62;Can you, please , verify, why we are receiving such error message?&#60;/p&#62;\n&#60;p&#62;&#60;br&#62;Best regards.&#60;/p&#62;',3,3,3,7,1,1,0,0,0,NULL,NULL,'2023-10-24 18:12:20',0,0,0,0,0,NULL,NULL,NULL,NULL,0,0,2355140,1044493,0,0,0,0,'2023-10-09 14:08:13'),(2023100905,0,'HIAE - HOPEX360 website of Enterprise Portal','2023-10-05 12:00:00','2023-10-23 13:13:43','2023-10-23 13:13:43','2023-10-09 14:11:25','2023-10-23 13:13:43',10,6,10,1,'&#60;p&#62;Hi, the client Hospital Israelita Albert Einstein, wants to change the Website used to generate the Enterprise Portal to “evl_HOPEX360”.&#60;/p&#62;\n&#60;p&#62;&#60;br&#62;Can you proceed with the modification?&#60;/p&#62;',3,3,3,7,1,1,0,0,0,NULL,NULL,NULL,0,0,0,0,0,NULL,NULL,NULL,NULL,0,1559623,1559623,353485,0,0,0,0,'2023-10-09 14:11:25'),(2023100906,0,'HIAE - HOPEX360 manual generation PROD','2023-10-05 12:00:00','2023-10-23 13:14:34','2023-10-23 13:14:34','2023-10-09 14:20:46','2023-10-23 13:14:34',10,6,10,1,'&#60;p&#62;Hola, el cliente Hospital Israelita Albert Einstein necesita generar manualmente el Hopex360 “evl_HOPEX360” em ambiente Productivo. Puedes generar y disponibilizar en el FTP?&#60;/p&#62;\n&#60;p&#62;&#60;br&#62;Saludos.&#60;/p&#62;',3,3,3,7,1,1,0,0,0,NULL,NULL,NULL,0,0,0,0,0,NULL,NULL,NULL,NULL,0,1559674,1559674,354046,0,0,0,0,'2023-10-09 14:20:46'),(2023100908,0,'HIAE - Diagram \"_Drawing\" attribute absent','2023-09-30 12:00:00',NULL,'2023-11-09 16:59:57','2023-10-09 14:26:11','2023-11-09 16:59:57',10,5,10,1,'&#60;p&#62;Profile: Archimate Functional Administrator&#60;br&#62;As I am trying to delete an Diagram that has no [Described Element] Link, I am getting an error that says: \"O valor (1529926889536240831) do atributo _Drawing não foi encontrado no Objeto Microsserviço Cloud V1\" and the deletion is not completed. The warning is shown in the attachments.&#60;br&#62;As a Postscript note, we had a simmilar problem with reverse engineering databases in the case 00145958.&#60;/p&#62;',3,3,3,7,1,1,0,0,0,NULL,NULL,'2023-11-09 16:59:57',0,0,0,0,0,NULL,NULL,NULL,NULL,0,0,3473997,786371,0,0,0,0,'2023-10-09 14:26:11'),(2023101001,0,'[Portfólio de Aplicações] não aparecem no 360','2023-10-10 21:24:07',NULL,'2023-10-21 01:47:00','2023-10-17 14:25:29','2023-10-21 01:47:00',21,5,24,1,'&#60;p&#62;Conforme anexo, corrigir a publicação do 360 para trazer o portifólio conforme nosso ambiente de PRD.&#60;/p&#62;',3,3,3,3,1,1,0,0,0,NULL,NULL,'2023-10-21 01:47:00',0,0,0,0,0,NULL,NULL,NULL,NULL,0,0,879773,579682,0,0,0,0,'2023-10-10 21:24:07'),(2023101002,0,'Exclusão de Aplicações - Loite1 - Com DE/PARA','2023-10-10 22:00:50',NULL,'2023-10-25 01:58:08','2023-10-17 14:25:29','2023-10-25 01:58:08',21,5,24,1,'&#60;p&#62;Conforme conversamos, segue planilha para execução da Exclusão com DE/PARA&#60;/p&#62;\n&#60;p&#62;Com os seguintes passos:&#60;/p&#62;\n&#60;p&#62;1 - Update do Elemento no Archimate para o novo item do DePARA;&#60;/p&#62;\n&#60;p&#62;2 - Exclusão do Elemento original (apenas pós update) &#60;/p&#62;\n&#60;p&#62;&#60;a href=\"https://sbibae.sharepoint.com/:x:/s/TimedeArquitetura-TransformaoDigital/EWF7XYLFwehGkLpttuu6V5MBs6QeZYfCs_zTNYd2jCaTcw?email=EVE001%40einstein.br&#38;amp;e=AGbJSZ\"&#62;Relação de Sistemas Consolidado - Carga DePara Marcelo 10102023.xlsx&#60;/a&#62;&#60;/p&#62;\n&#60;p&#62;Validar em DEV e depois executar todas em PRD.&#60;/p&#62;\n&#60;p&#62;Obrigado&#60;/p&#62;',5,3,4,6,2,1,0,0,0,NULL,NULL,'2023-10-25 01:58:08',0,0,0,0,0,NULL,NULL,NULL,NULL,0,0,1223838,577479,0,0,0,0,'2023-10-10 22:00:50'),(2023101101,0,'Erro no Campo (Novo): Manipula Dados Sensíveis?','2023-10-11 12:36:51',NULL,'2023-11-30 16:25:44','2023-10-17 14:25:29','2023-11-30 16:25:44',21,5,24,1,'&#60;p&#62;O campo [Manipula Dados Sensíveis?] está sendo apresentado com erro na [Tela de Aplicações]. Ainda não é possível Testar no 360.&#60;/p&#62;\n&#60;p&#62;Conforme imagens abaixo, a label está aparentemente sobreposta ao valor que ao invés de uma Combo (com as opções: Sim ou Não ) está com uma ciaxa de texto digitável que depois de preenchida sobrescreve a label do campo. Após o preenchimento também apresenta erros.&#60;/p&#62;\n&#60;p&#62;Conforme imagens abaixo:&#60;/p&#62;\n&#60;p&#62;&#60;a href=\"/glpi/front/document.send.php?docid=7&#38;itemtype=Ticket&#38;items_id=2023101101\" target=\"_blank\" &#62;&#60;img alt=\"95755b8f-e509fb39-652694a5021ec9.32972212\" width=\"454\" src=\"/glpi/front/document.send.php?docid=7&#38;itemtype=Ticket&#38;items_id=2023101101\" /&#62;&#60;/a&#62;&#60;/p&#62;\n&#60;p&#62;&#60;a href=\"/glpi/front/document.send.php?docid=8&#38;itemtype=Ticket&#38;items_id=2023101101\" target=\"_blank\" &#62;&#60;img alt=\"95755b8f-e509fb39-652694c4c35575.87993169\" width=\"439\" src=\"/glpi/front/document.send.php?docid=8&#38;itemtype=Ticket&#38;items_id=2023101101\" /&#62;&#60;/a&#62;&#60;/p&#62;\n&#60;p&#62; &#60;/p&#62;\n&#60;p&#62;Notas:&#60;/p&#62;\n&#60;p&#62;1 - O erro também acontece em Pré-Prod.&#60;/p&#62;\n&#60;p&#62;2 - Quando o valor é preenchido com [Sim] ele chega a salvar sem o erro da Msg acima, demonstrando que existe alguma consistência mas falta a Combo e o apresentação com o layout sem quebra.&#60;/p&#62;\n&#60;p&#62;&#60;br&#62;&#60;a href=\"/glpi/front/document.send.php?docid=9&#38;itemtype=Ticket&#38;items_id=2023101101\" target=\"_blank\" &#62;&#60;img alt=\"95755b8f-e509fb39-652695877114c3.92942476\" width=\"1364\" src=\"/glpi/front/document.send.php?docid=9&#38;itemtype=Ticket&#38;items_id=2023101101\" /&#62;&#60;/a&#62;&#60;/p&#62;\n&#60;p&#62;3 - Salvando a informação correta ele chega a alinha a apresentação da informação.&#60;/p&#62;\n&#60;p&#62;&#60;a href=\"/glpi/front/document.send.php?docid=10&#38;itemtype=Ticket&#38;items_id=2023101101\" target=\"_blank\" &#62;&#60;img alt=\"95755b8f-e509fb39-652696c65ff656.11473645\" width=\"1351\" src=\"/glpi/front/document.send.php?docid=10&#38;itemtype=Ticket&#38;items_id=2023101101\" /&#62;&#60;/a&#62;&#60;/p&#62;\n&#60;p&#62;IMPORTANTE: realizamos a validação em Pré-Prod. antes da aplicação em Produção?&#60;/p&#62;',4,3,4,4,1,1,0,0,0,NULL,NULL,'2023-11-30 16:25:44',0,0,0,0,0,NULL,NULL,NULL,NULL,0,0,4333733,524918,0,0,0,0,'2023-10-11 12:36:51'),(2023101102,0,'Alterar o Hopex 360 para o Idioma Português Brasil.','2023-10-11 21:22:03',NULL,'2023-11-09 17:02:59','2023-10-17 14:25:29','2023-11-09 17:02:59',10,5,24,1,'&#60;p&#62;Boa tarde, &#60;/p&#62;\n&#60;p&#62;Alterar o 360 para o idioma Português. &#60;/p&#62;\n&#60;p&#62;&#60;a href=\"/glpi/front/document.send.php?docid=11&#38;itemtype=Ticket&#38;items_id=2023101102\" target=\"_blank\" &#62;&#60;img alt=\"95755b8f-e509fb39-6527115acecda7.06824566\" width=\"1363\" src=\"/glpi/front/document.send.php?docid=11&#38;itemtype=Ticket&#38;items_id=2023101102\" /&#62;&#60;/a&#62;&#60;br&#62;&#60;br&#62;&#60;/p&#62;\n&#60;p&#62; &#60;/p&#62;',3,3,3,4,2,1,0,0,0,NULL,NULL,'2023-11-09 17:02:59',0,0,0,0,0,NULL,NULL,NULL,NULL,0,0,2490056,493406,0,0,0,0,'2023-10-11 21:22:03'),(2023101103,0,'Solicitado em 27/09 - Colocar Campos Obrigatórios no Cadastro de Aplicações.','2023-10-11 21:37:31',NULL,'2024-02-22 18:09:33','2023-10-17 14:25:29','2024-07-03 13:32:52',46,5,24,1,'&#60;div class=\"x_elementToProof\"&#62;Bom dia,&#60;/div&#62;\n&#60;div class=\"x_elementToProof\"&#62; &#60;/div&#62;\n&#60;div class=\"x_elementToProof\"&#62;Marcelo conforme conversamos segue mais uma solicitação de ajustes no Hopex.&#60;/div&#62;\n&#60;div class=\"x_elementToProof\"&#62; &#60;/div&#62;\n&#60;div class=\"x_elementToProof\"&#62;\n&#60;ol data-editing-info=\"{&#38;quot;orderedStyleType&#38;quot;:2,&#38;quot;unorderedStyleType&#38;quot;:1}\"&#62;\n&#60;li&#62;Em &#60;strong&#62;Aplicações &#60;/strong&#62;colocar como preenchimento &#60;strong&#62;OBRIGATÓRIO&#60;/strong&#62; para inclusão os seguintes campos:&#60;/li&#62;\n&#60;/ol&#62;\n&#60;div&#62;\n&#60;table id=\"x_tableSelected0\" width=\"161\"&#62;&#60;colgroup&#62;&#60;col class=\"x_ContentPasted0\" width=\"161\"&#62;&#60;/colgroup&#62;\n&#60;tbody&#62;\n&#60;tr&#62;\n&#60;td class=\"x_ContentPasted0\" width=\"161\" height=\"20\"&#62;Nome&#60;/td&#62;\n&#60;/tr&#62;\n&#60;tr&#62;\n&#60;td class=\"x_ContentPasted0\" height=\"20\"&#62;Comentário&#60;/td&#62;\n&#60;/tr&#62;\n&#60;tr&#62;\n&#60;td class=\"x_ContentPasted0\" height=\"20\"&#62;Detentor&#60;/td&#62;\n&#60;/tr&#62;\n&#60;tr&#62;\n&#60;td class=\"x_ContentPasted0\" height=\"20\"&#62;Nível de atendimento (SLA)&#60;/td&#62;\n&#60;/tr&#62;\n&#60;tr&#62;\n&#60;td class=\"x_ContentPasted0\" height=\"20\"&#62;Cloud Computing&#60;/td&#62;\n&#60;/tr&#62;\n&#60;tr&#62;\n&#60;td class=\"x_ContentPasted0\" height=\"20\"&#62;Tipo aplicação&#60;/td&#62;\n&#60;/tr&#62;\n&#60;tr&#62;\n&#60;td class=\"x_ContentPasted0\" height=\"20\"&#62;Responsabilidade &#38;gt; Proprietário local de Aplicativo = Responsáveis na área de Negócio&#60;/td&#62;\n&#60;/tr&#62;\n&#60;tr&#62;\n&#60;td class=\"x_ContentPasted0\" height=\"20\"&#62;Responsabilidade &#38;gt; Proprietário da função de trabalho = Gerência da TI&#60;/td&#62;\n&#60;/tr&#62;\n&#60;tr&#62;\n&#60;td class=\"x_ContentPasted0\" height=\"20\"&#62;Responsabilidade &#38;gt; Proprietário de Informática = Gerente da TI / Coordenador&#60;/td&#62;\n&#60;/tr&#62;\n&#60;tr&#62;\n&#60;td class=\"x_ContentPasted0\" height=\"20\"&#62;Possuí dados sensíveis&#60;/td&#62;\n&#60;/tr&#62;\n&#60;/tbody&#62;\n&#60;/table&#62;\n&#60;/div&#62;\n&#60;div&#62; &#60;/div&#62;\n&#60;div&#62;Obrigado,&#60;/div&#62;\n&#60;/div&#62;',3,3,3,4,2,1,0,0,0,NULL,NULL,'2024-02-22 18:09:33',0,0,0,0,0,NULL,NULL,NULL,NULL,0,0,11565122,492478,0,0,0,0,'2023-10-11 21:37:31'),(2023101104,0,'Na Home do 360 reordenar destaques.','2023-10-11 22:00:40',NULL,'2024-02-22 18:08:32','2023-10-17 14:25:29','2024-07-03 13:33:18',46,5,24,1,'&#60;p&#62; &#60;/p&#62;\n&#60;p class=\"MsoListParagraph\"&#62;&#60;!-- [if !supportLists]--&#62;1.      &#60;!--[endif]--&#62;Alterar a ordem dos itens em destaque na Home&#60;/p&#62;\n&#60;p class=\"MsoNormal\"&#62;AS IS&#60;/p&#62;\n&#60;p class=\"MsoNormal\"&#62;&#60;a href=\"/glpi/front/document.send.php?docid=13&#38;itemtype=Ticket&#38;items_id=2023101104\" target=\"_blank\" &#62;&#60;img alt=\"95755b8f-e509fb39-65271aedebe228.82001150\" width=\"611\" src=\"/glpi/front/document.send.php?docid=13&#38;itemtype=Ticket&#38;items_id=2023101104\" /&#62;&#60;/a&#62;&#60;br&#62;&#60;!--[endif]--&#62;&#60;/p&#62;\n&#60;p class=\"MsoNormal\"&#62;TO BE – solicitação&#60;/p&#62;\n&#60;p class=\"MsoNormal\"&#62;&#60;a href=\"/glpi/front/document.send.php?docid=14&#38;itemtype=Ticket&#38;items_id=2023101104\" target=\"_blank\" &#62;&#60;img alt=\"95755b8f-e509fb39-65271afe3dff14.43133349\" width=\"583\" src=\"/glpi/front/document.send.php?docid=14&#38;itemtype=Ticket&#38;items_id=2023101104\" /&#62;&#60;/a&#62;&#60;br&#62;&#60;!--[endif]--&#62;&#60;/p&#62;',1,3,2,4,2,1,0,0,0,NULL,NULL,'2024-02-22 18:08:32',0,0,0,0,0,NULL,NULL,NULL,NULL,0,0,11563672,491089,0,0,0,0,'2023-10-11 22:00:40'),(2023101105,0,'No Hopex360 em Aplicações: Adicionar colunas na lista de busca.','2023-10-11 22:14:07',NULL,'2024-02-22 18:11:25','2023-10-17 14:25:29','2024-07-03 13:31:53',46,5,24,1,'&#60;p&#62;Atualmente existem poucas colunas na tela de entrada e busca de [Aplicações] no Hopex 360, precisamos revisar as colunas adicionando itens. &#60;/p&#62;\n&#60;p&#62;Visão atual:&#60;/p&#62;\n&#60;p&#62;&#60;a href=\"/glpi/front/document.send.php?docid=15&#38;itemtype=Ticket&#38;items_id=2023101105\" target=\"_blank\" &#62;&#60;img alt=\"95755b8f-e509fb39-65271c206d9444.25788807\" width=\"1369\" src=\"/glpi/front/document.send.php?docid=15&#38;itemtype=Ticket&#38;items_id=2023101105\" /&#62;&#60;/a&#62;&#60;/p&#62;\n&#60;p&#62;Precisamos revisar para:&#60;/p&#62;\n&#60;p&#62;Aplicações - AS IS (Manter)&#60;/p&#62;\n&#60;p&#62;Código - AS IS (Manter)&#60;/p&#62;\n&#60;p&#62;&#60;strong&#62;Comentários &#60;/strong&#62;- TO BE (Adicionar) Item 1 imagens abaixo.&#60;/p&#62;\n&#60;p&#62;&#60;strong&#62;Tipo aplicação&#60;/strong&#62; - TO BE (Adicionar) Item 2 imagens abaixo.&#60;/p&#62;\n&#60;p&#62;&#60;strong&#62;Nível de atendimento (SLA)&#60;/strong&#62; - TO BE (Adicionar) Item 3 imagens abaixo.&#60;/p&#62;\n&#60;p&#62;&#60;strong&#62;Cloud Computing &#60;/strong&#62;- TO BE (Adicionar) Item 4 imagens abaixo.&#60;/p&#62;\n&#60;p&#62;&#60;strong&#62;Manipula dados sensíveis?&#60;/strong&#62; - TO BE (Adicionar) Item 5 imagens abaixo.&#60;/p&#62;\n&#60;p&#62;Versão - AS IS (Manter)&#60;/p&#62;\n&#60;p&#62;Current State - AS IS (Manter)&#60;/p&#62;\n&#60;p&#62;Business Capabilities - AS IS (Manter)&#60;/p&#62;\n&#60;p&#62;Technologies - AS IS (Manter)&#60;/p&#62;\n&#60;p&#62; &#60;/p&#62;\n&#60;p&#62;&#60;a href=\"/glpi/front/document.send.php?docid=16&#38;itemtype=Ticket&#38;items_id=2023101105\" target=\"_blank\" &#62;&#60;img alt=\"95755b8f-e509fb39-65271d0895cff1.09031812\" width=\"697\" src=\"/glpi/front/document.send.php?docid=16&#38;itemtype=Ticket&#38;items_id=2023101105\" /&#62;&#60;/a&#62;&#60;/p&#62;\n&#60;p&#62;&#60;a href=\"/glpi/front/document.send.php?docid=17&#38;itemtype=Ticket&#38;items_id=2023101105\" target=\"_blank\" &#62;&#60;img alt=\"95755b8f-e509fb39-65271d23500f73.62508257\" width=\"697\" src=\"/glpi/front/document.send.php?docid=17&#38;itemtype=Ticket&#38;items_id=2023101105\" /&#62;&#60;/a&#62;&#60;/p&#62;\n&#60;p&#62; &#60;/p&#62;\n&#60;p&#62; &#60;/p&#62;\n&#60;p&#62; &#60;/p&#62;',4,3,4,4,2,1,0,0,0,NULL,NULL,'2024-02-22 18:11:25',0,0,0,0,0,NULL,NULL,NULL,NULL,0,0,11563038,490282,0,0,0,0,'2023-10-11 22:14:07'),(2023101201,0,'Durante a exclusão do app [Action] ele me mostrou uma restrição na exclusão.','2023-10-12 01:05:07',NULL,'2023-10-21 00:43:49','2023-10-17 14:25:29','2023-10-21 00:43:49',21,5,24,1,'&#60;p&#62;Realizei a exclusão mas preciso entender como eliminar o elemento que posso ter deixado órfão.&#60;/p&#62;\n&#60;p&#62;&#60;a href=\"/glpi/front/document.send.php?docid=18&#38;itemtype=Ticket&#38;items_id=2023101201\" target=\"_blank\" &#62;&#60;img alt=\"95755b8f-e509fb39-652745e6d81da3.78897647\" width=\"1363\" src=\"/glpi/front/document.send.php?docid=18&#38;itemtype=Ticket&#38;items_id=2023101201\" /&#62;&#60;/a&#62;&#60;/p&#62;\n&#60;p&#62; &#60;/p&#62;\n&#60;p&#62;Nota: Roberta o [Action] é Tecnologia na planilha do Antônio.&#60;/p&#62;',1,3,2,1,1,1,0,0,0,NULL,NULL,'2023-10-21 00:43:49',0,0,0,0,0,NULL,NULL,NULL,NULL,0,0,776322,480022,0,0,0,0,'2023-10-12 01:05:07'),(2023101202,0,'Realizar atualização dos Ambientes [Não Produtivos]: DEV e PPROD','2023-10-12 03:41:41',NULL,'2023-11-30 16:17:24','2023-10-17 14:25:29','2023-11-30 16:17:24',21,5,24,1,'&#60;p&#62;Boa noite, &#60;/p&#62;\n&#60;p&#62;Conforme falamos em reunião essa semana. Precisamos que os ambientes [não prds] sejam atualizados com a Produção para que possamos ter algo relativamente atualizado e assim possamos realizar validações e desenvolvimentos de relatórios nestes ambientes.&#60;br&#62;&#60;br&#62;Apesar de termos uma série de solicitações em andamento não aguardar sua execução para essa atualização. Pois com a informação preliminar é suficiente para nosso objetivo.&#60;br&#62;&#60;br&#62;&#60;strong&#62;UNICA SOLICITAÇÃO: não atualizar a tabela de usuários &#60;/strong&#62;pois os perfis atuais são de [Não Produtivo] e ainda não temos o Login com SSO para facilitar o acesso. &#60;br&#62;&#60;br&#62;Obrigado&#60;/p&#62;',5,3,4,6,2,1,0,0,0,NULL,NULL,'2023-11-30 16:17:24',0,0,0,0,0,NULL,NULL,NULL,NULL,0,0,4278943,470628,0,0,0,0,'2023-10-12 03:41:41'),(2023101203,0,'Corrigir a geração e download do Hopex360.','2023-10-12 03:46:13',NULL,'2024-02-22 17:58:36','2023-10-17 14:25:29','2024-02-22 17:58:36',21,5,24,1,'&#60;p&#62;Desde 18/09 estamos buscando corrigir e dar uma solução para gerarmos e baixarmos o Hopex360. &#60;/p&#62;\n&#60;p&#62;Precisamos aqui resolver de vez essa pendência.&#60;/p&#62;',4,3,4,3,1,1,0,0,0,NULL,NULL,'2024-02-22 17:58:36',0,0,0,0,0,NULL,NULL,NULL,NULL,0,0,11542343,470356,0,0,0,0,'2023-10-12 03:46:13'),(2023101601,0,'Sem acesso ao portal usuário rsquinello','2023-10-16 13:47:59',NULL,'2023-10-21 00:21:13','2023-10-17 14:25:29','2023-10-21 00:21:13',21,5,28,1,'&#60;p&#62;&#60;a href=\"/glpi/front/document.send.php?docid=19&#38;itemtype=Ticket&#38;items_id=2023101601\" target=\"_blank\" &#62;&#60;img alt=\"95755b8f-e509fb39-652d3ed72d5271.97476000\" width=\"1004\" src=\"/glpi/front/document.send.php?docid=19&#38;itemtype=Ticket&#38;items_id=2023101601\" /&#62;&#60;/a&#62;&#60;/p&#62;',4,3,4,7,1,1,0,0,0,NULL,NULL,'2023-10-21 00:21:13',0,0,0,0,0,NULL,NULL,NULL,NULL,0,0,383594,88650,0,0,0,0,'2023-10-16 13:47:59'),(2023101602,0,'Busca de Views no Archimate (e-mail de 26/09)','2023-10-16 17:40:29',NULL,'2023-10-25 19:06:21','2023-10-17 14:25:29','2023-10-25 19:06:21',10,5,24,1,'&#60;p&#62;Conforme e-mail de 26 de setembro de 2023 12:08&#60;/p&#62;\n&#60;p&#62;Vide anexo.&#60;/p&#62;\n&#60;p&#62;Precisamos de um mecanismo que funcione para localizar as views de Archimate de forma mais efetiva. A busca existente não funciona.&#60;/p&#62;',3,3,3,3,1,1,0,0,0,NULL,NULL,'2023-10-25 19:06:21',0,0,0,0,0,NULL,NULL,NULL,NULL,0,0,782752,74700,0,0,0,0,'2023-10-16 17:40:29'),(2023101801,0,'Solicitações para sustentação e evolução do Hopex para orizon','2023-10-18 14:16:45',NULL,'2023-11-30 14:11:01','2023-10-18 17:20:33','2024-07-03 13:38:40',46,5,12,1,'&#60;p&#62;Sessão de treinamento do Módulo de Dados (IFA) para o arquiteto Rodrigo Mendes (A combinar)&#60;/p&#62;\n&#60;p&#62; &#60;/p&#62;',3,3,3,5,2,1,0,0,0,NULL,NULL,'2023-11-30 14:11:01',0,0,0,0,0,NULL,NULL,NULL,NULL,0,0,3714856,11028,0,0,0,0,'2023-10-18 17:20:33'),(2023101802,0,'Solicitação para sustentação e evolução do Hopex na Orizon','2023-10-18 14:21:16',NULL,'2023-12-05 13:29:35','2023-10-18 17:23:20','2023-12-05 13:29:35',10,5,12,1,'&#60;p&#62;Planejamento para a GMUD na transição da instância do Hopex de HML para PROD (Combinar agenda com o Leandro Mussio)&#60;/p&#62;',3,3,3,5,2,1,0,0,0,NULL,NULL,'2023-12-05 13:29:35',0,0,0,0,0,NULL,NULL,NULL,NULL,0,0,4144099,10924,0,0,0,0,'2023-10-18 17:23:20'),(2023101901,0,'Arcos - Environment Automatic Update Forbidden','2023-10-17 14:02:27',NULL,'2023-11-09 16:58:48','2023-10-23 21:46:40','2023-11-09 16:58:48',10,5,11,1,'&#60;p&#62;I am trying to update the HOPEX version in PROD, from V5 CP5 HF17 to V5 CP6, but as I perform the Environment Automatic Update I am getting the Error that Update is Forbidden. The print is attached.&#60;br&#62;The services would not start, so the instance is not up and we cannot access the tool.&#60;/p&#62;',5,5,6,1,1,1,0,0,0,NULL,NULL,'2023-11-09 16:58:48',0,0,0,0,0,NULL,NULL,NULL,NULL,0,0,1997781,546253,0,0,0,0,'2023-10-19 17:02:56'),(2023102303,0,'HIAE - Source IP Connection DEV','2023-10-20 12:00:00','2023-10-25 14:17:57','2023-10-24 18:18:30','2023-10-23 13:12:18','2023-10-25 14:17:57',28,6,11,1,'&#60;p&#62;Hi, Can you, please, change the security policy for the IP Origin of the RDP DEV environment for my access to:&#60;br&#62;201.95.182.247&#60;br&#62;Thank you.&#60;br&#62;[Ícone Descrição gerada automaticamente]&#60;br&#62;Marcelo T. Hashimoto&#60;br&#62;Arquiteto Corporativo | eVOLVE Gestão Empresarial&#60;br&#62;Tel. (11) 4191-3426&#38;lt;tel:(11)%204195-0510&#38;gt;&#60;br&#62;Site. &#60;a target=\"_blank\"&#62;www.evolvebr.com&#38;lt;http://www.evolvebr.com/&#38;gt;&#60;/a&#62;&#60;br&#62;Endereço. Av. Sagitário, 138 - City 113&#60;br&#62;[Ícone Descrição gerada automaticamente]&#38;lt;https://www.linkedin.com/company/evolve-gest-o-empresarial/&#38;gt;&#60;br&#62;[Ícone Descrição gerada automaticamente]&#38;lt;https://www.youtube.com/channel/UCJQgCFkieklb6r1KYz_P5KA&#38;gt;&#60;/p&#62;',3,3,3,9,1,1,0,0,0,'2023-10-24 14:48:49','2023-10-24 14:48:48','2023-10-24 18:18:30',0,0,0,0,0,NULL,NULL,'2023-10-24 12:00:00','2023-10-24 14:48:50',0,440277,368310,263538,0,0,0,0,'2023-10-23 13:12:18'),(2023102501,0,'Solicitação de Alteração - Hopex 360','2023-10-25 12:00:00',NULL,'2024-01-18 16:08:37','2023-10-25 13:40:13','2024-01-18 16:08:37',10,5,12,1,'&#60;p&#62;Solicitação de mudanças no Portal HOPEX360 da Orizon&#60;/p&#62;',3,3,4,10,1,1,0,0,0,NULL,NULL,'2024-01-18 16:08:37',0,0,0,0,0,NULL,NULL,NULL,NULL,0,0,7358917,6013,0,0,0,0,'2023-10-25 13:40:13'),(2023102502,0,'Tipo de Aplicação','2023-10-25 16:57:28',NULL,'2023-11-30 16:25:19','2023-10-26 11:51:44','2024-07-03 13:37:08',46,5,28,1,'&#60;p&#62;Criar no campo tipo de aplicação a opção: Componentes de Tecnologia.&#60;/p&#62;\n&#60;p&#62;&#60;a href=\"/glpi/front/document.send.php?docid=22&#38;itemtype=Ticket&#38;items_id=2023102502\" target=\"_blank\" &#62;&#60;img alt=\"95755b8f-e509fb39-653948ef7d7d33.73468122\" width=\"777\" src=\"/glpi/front/document.send.php?docid=22&#38;itemtype=Ticket&#38;items_id=2023102502\" /&#62;&#60;/a&#62;&#60;/p&#62;',4,3,3,7,2,1,0,0,0,NULL,NULL,'2023-11-30 16:25:19',0,0,0,0,0,NULL,NULL,NULL,NULL,0,0,3108471,68056,0,0,0,0,'2023-10-25 16:57:28'),(2023110701,0,'Inclusão de IP publico para acesso ao URL de Produção do Hopex do HIAE.','2023-11-07 13:04:41',NULL,'2023-12-05 13:37:03','2023-11-07 17:27:32','2023-12-05 13:37:03',10,5,24,1,'&#60;p&#62;Solicito liberação de IP Publico para Goiânia.&#60;/p&#62;\n&#60;p&#62;IP: 200.174.237.162&#60;/p&#62;\n&#60;p&#62; &#60;/p&#62;',3,3,3,7,2,1,0,0,0,NULL,NULL,'2023-12-05 13:37:03',0,0,0,0,0,NULL,NULL,NULL,NULL,0,0,2421142,15771,0,0,0,0,'2023-11-07 13:04:41'),(2023111001,0,'Customizar: Acrescentar na Pag. de Detalhes da Aplicação a lista de View Archimate que ela existe.','2023-11-10 17:30:43',NULL,'2023-11-30 16:28:39','2023-11-10 18:27:07','2024-07-03 13:36:18',46,5,24,1,'&#60;p&#62;Customizar: Acrescentar na Pag. de Detalhes da Aplicação a lista de View Archimate que ela existe.&#60;/p&#62;\n&#60;ol start=\"1\" data-editing-info=\"{&#38;quot;orderedStyleType&#38;quot;:2,&#38;quot;unorderedStyleType&#38;quot;:1}\"&#62;\n&#60;li&#62;Nos detalhes da Aplicação listas, em Diagramas, este momento não aparece nenhum desenho (img1), entendo que o comportamento ideal será listar qualquer diagrama com o elemento (igual a lista conforme as imagens a seguir)  &#60;/li&#62;\n&#60;/ol&#62;\n&#60;p&#62;img1&#60;/p&#62;\n&#60;p&#62;&#60;a href=\"/glpi/front/document.send.php?docid=23&#38;itemtype=Ticket&#38;items_id=2023111001\" target=\"_blank\" &#62;&#60;img alt=\"95755b8f-e509fb39-654e68a6597452.16632276\" width=\"708\" src=\"/glpi/front/document.send.php?docid=23&#38;itemtype=Ticket&#38;items_id=2023111001\" /&#62;&#60;/a&#62;&#60;/p&#62;\n&#60;p&#62;demais img&#60;/p&#62;\n&#60;p&#62;&#60;a href=\"/glpi/front/document.send.php?docid=24&#38;itemtype=Ticket&#38;items_id=2023111001\" target=\"_blank\" &#62;&#60;img alt=\"95755b8f-e509fb39-654e68ba70bc93.66466086\" width=\"610\" src=\"/glpi/front/document.send.php?docid=24&#38;itemtype=Ticket&#38;items_id=2023111001\" /&#62;&#60;/a&#62;&#60;/p&#62;\n&#60;p&#62;&#60;a href=\"/glpi/front/document.send.php?docid=25&#38;itemtype=Ticket&#38;items_id=2023111001\" target=\"_blank\" &#62;&#60;img alt=\"95755b8f-e509fb39-654e68bf835375.93696753\" width=\"1237\" src=\"/glpi/front/document.send.php?docid=25&#38;itemtype=Ticket&#38;items_id=2023111001\" /&#62;&#60;/a&#62;&#60;/p&#62;\n&#60;p&#62; &#60;/p&#62;',4,3,4,10,2,1,0,0,0,NULL,NULL,'2023-11-30 16:28:39',0,0,0,0,0,NULL,NULL,NULL,NULL,0,0,1724276,3384,0,0,0,0,'2023-11-10 17:30:43'),(2023111002,0,'Reduzir efeito de Cache dos Navegadores sobre o Hopex360','2023-11-10 22:05:51',NULL,'2024-03-05 17:26:18','2023-11-13 13:11:12','2024-03-05 17:26:18',10,5,24,1,'&#60;p&#62;O Hopex360 precisa reduzir seu efeito de Cache nos navegadores, nos meus últimos deploys só consegui ver algo da nova versão em modo [anônimo].&#60;/p&#62;\n&#60;p&#62;Ele sofre um severo cache nos navegadores (principalmente por ser todo static files) trazer um DEV Front-end que possa avaliar os recursos de código para reduzir o cache. &#60;/p&#62;\n&#60;p&#62; &#60;/p&#62;',4,3,4,10,1,1,0,0,0,NULL,NULL,'2024-03-05 17:26:18',0,0,0,0,0,NULL,NULL,NULL,NULL,0,0,10005627,227121,0,0,0,0,'2023-11-10 22:05:51'),(2023111003,0,'Restringir subida de 1 Tipo de Aplicação e 1 Portifólio no Hopex 360','2023-11-10 22:15:30',NULL,'2023-11-30 16:24:35','2023-11-13 12:23:10','2024-07-03 13:37:28',46,5,24,1,'&#60;p&#62;Boa tarde, &#60;/p&#62;\n&#60;p&#62;Precisamos que não subam no Hopex360:&#60;/p&#62;\n&#60;p&#62;1 - Todas as Aplicações com o [Tipo Aplicação]: [ABBs e SBBs]&#60;/p&#62;\n&#60;p&#62;&#60;a href=\"/glpi/front/document.send.php?docid=27&#38;itemtype=Ticket&#38;items_id=2023111003\" target=\"_blank\" &#62;&#60;img alt=\"95755b8f-e509fb39-654eaa9f8a1062.48118245\" width=\"109\" src=\"/glpi/front/document.send.php?docid=27&#38;itemtype=Ticket&#38;items_id=2023111003\" /&#62;&#60;/a&#62;&#60;/p&#62;\n&#60;p&#62;&#60;a href=\"/glpi/front/document.send.php?docid=30&#38;itemtype=Ticket&#38;items_id=2023111003\" target=\"_blank\" &#62;&#60;img alt=\"95755b8f-e509fb39-654eab6650ea50.56441492\" width=\"392\" src=\"/glpi/front/document.send.php?docid=30&#38;itemtype=Ticket&#38;items_id=2023111003\" /&#62;&#60;/a&#62;&#60;/p&#62;\n&#60;p&#62;2 - O Portifólio: [ABB´s e SBB´s]&#60;/p&#62;\n&#60;p&#62;&#60;a href=\"/glpi/front/document.send.php?docid=28&#38;itemtype=Ticket&#38;items_id=2023111003\" target=\"_blank\" &#62;&#60;img alt=\"95755b8f-e509fb39-654eaaed9bf954.71627371\" width=\"398\" src=\"/glpi/front/document.send.php?docid=28&#38;itemtype=Ticket&#38;items_id=2023111003\" /&#62;&#60;/a&#62;&#60;/p&#62;\n&#60;p&#62;&#60;a href=\"/glpi/front/document.send.php?docid=29&#38;itemtype=Ticket&#38;items_id=2023111003\" target=\"_blank\" &#62;&#60;img alt=\"95755b8f-e509fb39-654eab3500c713.06334114\" width=\"1284\" src=\"/glpi/front/document.send.php?docid=29&#38;itemtype=Ticket&#38;items_id=2023111003\" /&#62;&#60;/a&#62;&#60;/p&#62;\n&#60;p&#62; &#60;/p&#62;\n&#60;p&#62;Obrigado&#60;/p&#62;',5,3,4,10,2,1,0,0,0,NULL,NULL,'2023-11-30 16:24:35',0,0,0,0,0,NULL,NULL,NULL,NULL,0,0,1706945,223660,0,0,0,0,'2023-11-10 22:15:30'),(2023111301,0,'Retirar as Aplicações e Portifólio [ABBs e SBBs] do Hopex360','2023-11-13 14:37:26',NULL,'2023-11-30 16:26:22','2023-11-14 17:18:09','2024-07-03 13:36:50',46,5,24,1,'&#60;p&#62;1.1 - Utilizando o flag [Modelo de Aplicativo] parametrizado nas Aplicações para retirar todas da lista de aplicações do 360.&#60;/p&#62;\n&#60;p&#62;&#60;a href=\"/glpi/front/document.send.php?docid=33&#38;itemtype=Ticket&#38;items_id=2023111301\" target=\"_blank\" &#62;&#60;img alt=\"95755b8f-e509fb39-6552349eb017b3.43486278\" width=\"1670\" src=\"/glpi/front/document.send.php?docid=33&#38;itemtype=Ticket&#38;items_id=2023111301\" /&#62;&#60;/a&#62;&#60;/p&#62;\n&#60;p&#62;1.2 - Retirar a Portfólio [ABBs e SBBs] da lista de Portfólios;&#60;/p&#62;\n&#60;p&#62;&#60;a href=\"/glpi/front/document.send.php?docid=31&#38;itemtype=Ticket&#38;items_id=2023111301\" target=\"_blank\" &#62;&#60;img alt=\"95755b8f-e509fb39-65523310011821.19243849\" width=\"1680\" src=\"/glpi/front/document.send.php?docid=31&#38;itemtype=Ticket&#38;items_id=2023111301\" /&#62;&#60;/a&#62;&#60;/p&#62;\n&#60;p&#62;1.3 - Retirar do [CIO Board] na combo dos Portfólios o item [ABBs e SBBs];&#60;/p&#62;\n&#60;p&#62;&#60;a href=\"/glpi/front/document.send.php?docid=32&#38;itemtype=Ticket&#38;items_id=2023111301\" target=\"_blank\" &#62;&#60;img alt=\"95755b8f-e509fb39-6552348e2b39b7.94453423\" width=\"1673\" src=\"/glpi/front/document.send.php?docid=32&#38;itemtype=Ticket&#38;items_id=2023111301\" /&#62;&#60;/a&#62;&#60;/p&#62;\n&#60;p&#62; &#60;/p&#62;',4,3,4,10,2,1,0,0,0,NULL,NULL,'2023-11-30 16:26:22',0,0,0,0,0,NULL,NULL,NULL,NULL,0,0,1475336,96043,0,0,0,0,'2023-11-13 14:37:26'),(2023111302,0,'Customização: [CIO Dashboard] incluir o combo [Tipo de Aplicação] nos filtros gerais.','2023-11-13 15:06:42',NULL,'2023-11-30 16:30:58','2023-11-14 17:17:08','2024-07-03 13:35:26',46,5,24,1,'&#60;p&#62;1 - Incluir nos combos existentes o combo [Tipo de Aplicação]&#60;/p&#62;\n&#60;p&#62;2 - Mudar a ordem dos combos, conforme abaixo.&#60;/p&#62;\n&#60;p&#62;&#60;a href=\"/glpi/front/document.send.php?docid=34&#38;itemtype=Ticket&#38;items_id=2023111302\" target=\"_blank\" &#62;&#60;img alt=\"95755b8f-e509fb39-65523ae3526316.54298512\" width=\"1680\" src=\"/glpi/front/document.send.php?docid=34&#38;itemtype=Ticket&#38;items_id=2023111302\" /&#62;&#60;/a&#62;&#60;/p&#62;',4,3,4,10,2,1,0,0,0,NULL,NULL,'2023-11-30 16:30:58',0,0,0,0,0,NULL,NULL,NULL,NULL,0,0,1473856,94226,0,0,0,0,'2023-11-13 15:06:42'),(2023112101,0,'Criar [Tipo de aplicação]: POCs e Pilotos','2023-11-21 19:02:48',NULL,'2024-02-22 18:02:34','2023-11-22 13:20:49','2024-07-03 13:33:48',46,5,24,1,'&#60;p&#62;Criar no campo tipo de aplicação a opção:  POCs e Pilotos&#60;/p&#62;\n&#60;p&#62;&#60;a href=\"/glpi/front/document.send.php?docid=36&#38;itemtype=Ticket&#38;items_id=2023112101\" target=\"_blank\" &#62;&#60;img alt=\"95755b8f-e509fb39-655cfed1ee8350.15539490\" width=\"475\" src=\"/glpi/front/document.send.php?docid=36&#38;itemtype=Ticket&#38;items_id=2023112101\" /&#62;&#60;/a&#62;&#60;/p&#62;',4,3,4,4,2,1,0,0,0,NULL,NULL,'2024-02-22 18:02:34',0,0,0,0,0,NULL,NULL,NULL,NULL,0,0,8031586,65881,0,0,0,0,'2023-11-21 19:02:48'),(2023112102,0,'Cutomização - No Hopex360 em Aplicações: Adicionar colunas na lista de busca. (2)','2023-11-21 19:47:21',NULL,'2024-02-22 18:03:13','2023-11-22 13:15:35','2024-07-03 13:33:31',46,5,24,1,'&#60;p&#62;Adicionar as colunas da Lista de Aplicações (para busca e ordenação) os campos:&#60;/p&#62;\n&#60;p&#62;&#60;strong&#62;Data de Criação &#60;/strong&#62;&#60;/p&#62;\n&#60;p&#62;&#60;strong&#62;Data de Alteração &#60;/strong&#62;&#60;/p&#62;\n&#60;p&#62;Adicionar nos Detalhes de Aplicações (ao clicar na Aplicação) os campos:&#60;/p&#62;\n&#60;p&#62;&#60;strong&#62;Data de Criação &#60;/strong&#62;(caso não exista)&#60;/p&#62;\n&#60;p&#62;&#60;strong&#62;Usuário de Criação&#60;/strong&#62;&#60;/p&#62;\n&#60;p&#62;&#60;strong&#62;Data de Alteração &#60;/strong&#62;(caso não exista)&#60;strong&#62; &#60;/strong&#62;&#60;/p&#62;\n&#60;p&#62;&#60;strong&#62;Usuário de Alteração&#60;/strong&#62;&#60;/p&#62;\n&#60;p&#62;Usar como referência as informações abaixo:&#60;/p&#62;\n&#60;p&#62;&#60;a href=\"/glpi/front/document.send.php?docid=37&#38;itemtype=Ticket&#38;items_id=2023112102\" target=\"_blank\" &#62;&#60;img alt=\"95755b8f-e509fb39-655d0939e67366.11135812\" width=\"250\" src=\"/glpi/front/document.send.php?docid=37&#38;itemtype=Ticket&#38;items_id=2023112102\" /&#62;&#60;/a&#62;&#60;/p&#62;',4,3,4,10,2,1,0,0,0,NULL,NULL,'2024-02-22 18:03:13',0,0,0,0,0,NULL,NULL,NULL,NULL,0,0,8028952,62894,0,0,0,0,'2023-11-21 19:47:21'),(2023112301,0,'Customização: Criar em Aplicações o campo [Fase de envolvimento da Arquitetura Corp.?]','2023-11-23 17:11:16',NULL,'2024-02-22 18:10:16','2023-11-24 18:24:31','2024-07-03 13:32:30',46,5,24,1,'&#60;p&#62;Boa tarde,&#60;/p&#62;\n&#60;p&#62;Criar em Aplicações o campo [Fase de envolvimento da Arquitetura Corporativa?]&#60;/p&#62;\n&#60;p&#62;Com os seguintes valores pré-validados e apresentados em Combo.&#60;/p&#62;\n&#60;p&#62;Valores:&#60;/p&#62;\n&#60;p&#62;- Concepção&#60;/p&#62;\n&#60;p&#62;- Comitê de TI&#60;/p&#62;\n&#60;p&#62;- Implantação ou Produção&#60;/p&#62;\n&#60;p&#62;- Não se aplica&#60;/p&#62;\n&#60;p&#62; &#60;/p&#62;\n&#60;p&#62;Pode ficar posicionado, também na sessão de Identificação, pode ser abaixo do [Manipula Dados Sensíveis?]&#60;/p&#62;\n&#60;p&#62;&#60;a href=\"/glpi/front/document.send.php?docid=38&#38;itemtype=Ticket&#38;items_id=2023112301\" target=\"_blank\" &#62;&#60;img alt=\"95755b8f-e509fb39-655f87a73752d7.36833609\" width=\"1256\" src=\"/glpi/front/document.send.php?docid=38&#38;itemtype=Ticket&#38;items_id=2023112301\" /&#62;&#60;/a&#62;&#60;/p&#62;\n&#60;p&#62;NOTAS&#60;/p&#62;\n&#60;p&#62;- Não precisa apresentar no Hopex360;&#60;/p&#62;\n&#60;p&#62;- Nem nas colunas de busca de [Aplicações]&#60;/p&#62;\n&#60;p&#62;- Apenas no [Export] como campo, similar a [Manipula Dados Sensíveis?]&#60;/p&#62;\n&#60;p&#62;- Apenas para histórico a significado dos valores. (NÂO COLOCAR NA DESCRIÇÂO)&#60;/p&#62;\n&#60;p&#62;Concepção - No início da definição da solução.&#60;br&#62;Comitê de TI - Com solução definida em contratação.&#60;br&#62;Implantação ou Produção- Implantou sem Comitê ou chegou no comitê já implantada e em uso.&#60;br&#62;Não se aplica - Excluiremos aqui os projetos que não demandam Arq. como as POCs de Inovação.&#60;/p&#62;\n&#60;p&#62; &#60;/p&#62;',3,3,3,4,2,1,0,0,0,NULL,NULL,'2024-02-22 18:10:16',0,0,0,0,0,NULL,NULL,NULL,NULL,0,0,7865940,90795,0,0,0,0,'2023-11-23 17:11:16'),(2023113001,0,'Configuração: Restringir a SOMENTE LEITURA os [Shared Building Blocks Inventory] no perfil [Archimate Functional Administrator]','2023-11-30 18:27:32',NULL,'2024-03-12 20:28:17','2023-12-01 17:35:36','2024-03-12 20:28:17',10,5,24,1,'&#60;p&#62;Boa tarde, &#60;/p&#62;\n&#60;p&#62;Todos os nossos [Arquitetos Federados] estão acessando o Hopex com o perfil [] e neste perfil temos a função [] onde podem executar alterações dos elementos como: Aplicações, Tecnologias, etc ... mas isso ainda é restrito a Arq. Corp. ENTÂO colocar todos os elementos como LEITURA.&#60;/p&#62;\n&#60;p&#62;Perfil&#60;/p&#62;\n&#60;p&#62;&#60;a href=\"/glpi/front/document.send.php?docid=39&#38;itemtype=Ticket&#38;items_id=2023113001\" target=\"_blank\" &#62;&#60;img alt=\"95755b8f-e509fb39-6568d2d70fa6f2.27844363\" width=\"532\" src=\"/glpi/front/document.send.php?docid=39&#38;itemtype=Ticket&#38;items_id=2023113001\" /&#62;&#60;/a&#62;&#60;/p&#62;\n&#60;p&#62; &#60;/p&#62;\n&#60;p&#62;&#60;a href=\"/glpi/front/document.send.php?docid=40&#38;itemtype=Ticket&#38;items_id=2023113001\" target=\"_blank\" &#62;&#60;img alt=\"95755b8f-e509fb39-6568d3ca3df7b8.98379594\" width=\"517\" src=\"/glpi/front/document.send.php?docid=40&#38;itemtype=Ticket&#38;items_id=2023113001\" /&#62;&#60;/a&#62;&#60;/p&#62;\n&#60;p&#62;Exemplo&#60;/p&#62;\n&#60;p&#62;&#60;a href=\"/glpi/front/document.send.php?docid=41&#38;itemtype=Ticket&#38;items_id=2023113001\" target=\"_blank\" &#62;&#60;img alt=\"95755b8f-e509fb39-6568d410231e11.69150965\" width=\"1366\" src=\"/glpi/front/document.send.php?docid=41&#38;itemtype=Ticket&#38;items_id=2023113001\" /&#62;&#60;/a&#62;&#60;/p&#62;',5,3,4,7,2,1,0,0,0,NULL,NULL,'2024-03-12 20:28:17',0,0,0,0,0,NULL,NULL,NULL,NULL,1549749,0,7356696,83284,0,0,0,0,'2023-11-30 18:27:32'),(2023113002,0,'Customização: Adicionar Colunas Portifólio e Adicionar Scroll Horizontal em Aplicações e Tecnologia','2023-11-30 19:13:30',NULL,'2024-02-22 18:00:23','2023-12-01 17:42:56','2024-02-22 18:00:23',21,5,24,1,'&#60;p class=\"MsoNormal\"&#62;Nas listas de consulta do Hopex360 de Tecnologias e Aplicações, realizar os itens abaixo.&#60;/p&#62;\n&#60;p class=\"MsoNormal\"&#62;&#60;a href=\"/glpi/front/document.send.php?docid=42&#38;itemtype=Ticket&#38;items_id=2023113002\" target=\"_blank\" &#62;&#60;img alt=\"95755b8f-e509fb39-6568deae5a6530.95159553\" width=\"886\" src=\"/glpi/front/document.send.php?docid=42&#38;itemtype=Ticket&#38;items_id=2023113002\" /&#62;&#60;/a&#62;&#60;br&#62;&#60;!--[endif]--&#62;&#60;/p&#62;\n&#60;p class=\"MsoNormal\"&#62;1 – Adicionar campo [Portifólios] de forma agregada no campo por linha, como o exemplo de [Business Capabilities] em Aplicações&#60;/p&#62;\n&#60;p class=\"MsoListParagraphCxSpFirst\"&#62;&#60;!-- [if !supportLists]--&#62;1.1- &#60;!--[endif]--&#62; Em Aplicações, colocar como a Nona coluna após [Manipula Dados Sensíveis?];&#60;/p&#62;\n&#60;p class=\"MsoListParagraphCxSpLast\"&#62;&#60;!-- [if !supportLists]--&#62;1.2- &#60;!--[endif]--&#62; Em Tecnologias, colocar como ultima coluna;&#60;/p&#62;\n&#60;p class=\"MsoNormal\"&#62;2 – Corrigir para que a Lista de Aplicações, Tecnologias e outras, tenham barra de Scroll Horizontal;&#60;/p&#62;',5,3,4,4,2,1,0,0,0,NULL,NULL,'2024-02-22 18:00:23',0,0,0,0,0,NULL,NULL,NULL,NULL,0,0,7253213,80966,0,0,0,0,'2023-11-30 19:13:30'),(2023113003,0,'Customização: Desenvolver Relatório com Todos os Campos da Tabela de Aplicações + Portfólios','2023-11-30 19:19:30',NULL,'2024-02-22 17:57:01','2023-12-01 17:38:18','2024-02-22 17:57:01',21,5,24,1,'&#60;p class=\"MsoNormal\"&#62;Este relatório será usado para como a tabela de exportação de aplicações, com todos os campos, adicionada 1 campo/coluna [Portifólios] com a informação concatenada&#60;/p&#62;\n&#60;p class=\"MsoNormal\"&#62;Título: Dados de Aplicações e atributos.&#60;/p&#62;\n&#60;p class=\"MsoNormal\"&#62; &#60;/p&#62;',3,3,3,4,2,1,0,0,0,NULL,NULL,'2024-02-22 17:57:01',0,0,0,0,0,NULL,NULL,NULL,NULL,0,0,7252651,80328,0,0,0,0,'2023-11-30 19:19:30'),(2023113004,0,'Customização: Desenvolver Relatório com Todos os Campos da Tabela de Tecnologia + Portifólios','2023-11-30 19:21:24',NULL,'2024-02-22 17:57:37','2023-12-01 17:40:16','2024-02-22 17:57:37',21,5,24,1,'&#60;p class=\"MsoNormal\"&#62;Este relatório será usado para como a tabela de exportação de Tecnologias, com todos os campos, adicionada 1 campo/coluna [Portifólios] com a informação concatenada.&#60;/p&#62;\n&#60;p class=\"MsoNormal\"&#62;Título: Dados de Tecnologias e atributos.&#60;/p&#62;',3,3,3,4,2,1,0,0,0,NULL,NULL,'2024-02-22 17:57:37',0,0,0,0,0,NULL,NULL,NULL,NULL,0,0,7252573,80332,0,0,0,0,'2023-11-30 19:21:24'),(2023121801,0,'Customização: HOPEX360 &#62; No CIODashboard mover VENDORS para Tecnologia.','2023-12-18 17:19:06',NULL,NULL,'2023-12-19 18:52:55','2024-07-03 13:51:10',46,2,24,1,'&#60;p&#62;O botão de [Vendors] está na aba de Aplicações, quando na verdade apenas Tecnologias tem a informação de VENDORS. Movimentar para a aba correta conforme abaixo.&#60;/p&#62;\n&#60;p&#62;Hoje:&#60;/p&#62;\n&#60;p&#62;&#60;a href=\"/glpi/front/document.send.php?docid=43&#38;itemtype=Ticket&#38;items_id=2023121801\" target=\"_blank\" &#62;&#60;img alt=\"95755b8f-e509fb39-65807edee2c9f0.63247370\" width=\"1340\" src=\"/glpi/front/document.send.php?docid=43&#38;itemtype=Ticket&#38;items_id=2023121801\" /&#62;&#60;/a&#62;&#60;/p&#62;\n&#60;p&#62;Hoje:&#60;/p&#62;\n&#60;p&#62;&#60;a href=\"/glpi/front/document.send.php?docid=45&#38;itemtype=Ticket&#38;items_id=2023121801\" target=\"_blank\" &#62;&#60;img alt=\"95755b8f-e509fb39-65807efb514381.67384871\" width=\"1357\" src=\"/glpi/front/document.send.php?docid=45&#38;itemtype=Ticket&#38;items_id=2023121801\" /&#62;&#60;/a&#62;&#60;/p&#62;\n&#60;p&#62;Ajustado:&#60;/p&#62;\n&#60;p&#62;&#60;a href=\"/glpi/front/document.send.php?docid=44&#38;itemtype=Ticket&#38;items_id=2023121801\" target=\"_blank\" &#62;&#60;img alt=\"95755b8f-e509fb39-65807ee575beb9.34174988\" width=\"1357\" src=\"/glpi/front/document.send.php?docid=44&#38;itemtype=Ticket&#38;items_id=2023121801\" /&#62;&#60;/a&#62;&#60;/p&#62;',3,3,3,4,2,1,0,0,0,NULL,NULL,NULL,0,0,0,0,0,NULL,NULL,NULL,NULL,2507389,0,0,92029,0,0,0,0,'2023-12-18 17:19:06'),(2023121901,0,'Customização: Excluir o [Tipo de Aplicação] [Automação de Escritório]','2023-12-19 19:51:43',NULL,'2024-05-15 15:01:19','2023-12-20 19:20:23','2024-05-15 15:01:19',10,5,24,1,'&#60;p&#62;Boa tarde,&#60;/p&#62;\n&#60;p&#62;Remover o [Tipo de Aplicação] [Automação de Escritório]&#60;/p&#62;\n&#60;p&#62;&#60;a href=\"/glpi/front/document.send.php?docid=46&#38;itemtype=Ticket&#38;items_id=2023121901\" target=\"_blank\" &#62;&#60;img alt=\"95755b8f-e509fb39-6581f4292ad1b3.53680499\" width=\"1397\" src=\"/glpi/front/document.send.php?docid=46&#38;itemtype=Ticket&#38;items_id=2023121901\" /&#62;&#60;/a&#62;&#60;/p&#62;',2,3,2,4,2,1,0,0,0,NULL,NULL,'2024-05-15 15:01:19',0,0,0,0,0,NULL,NULL,NULL,NULL,2507427,0,10262349,84520,0,0,0,0,'2023-12-19 19:51:43'),(2023122101,0,'Customização - Alterar o Horário de Geração do HOPEX360 para 11h am (hoje está 23h / 11 pm)','2023-12-21 12:50:19',NULL,'2024-02-22 17:58:04','2023-12-21 14:22:26','2024-02-22 17:58:04',21,5,24,1,'&#60;p&#62;Olá,&#60;/p&#62;\n&#60;p&#62;Processando no final da nossa manhã, melhoro a capacidade de atualizarmos durante a manhã a apresentar os resultados as áreas a tarde, reduzindo o impacto do D-1. &#60;/p&#62;\n&#60;p&#62;Mesmo quando avançarmos para a publicação do FTP para o S3 mantermos o mesmo horário.&#60;/p&#62;\n&#60;p&#62;Obrigado&#60;/p&#62;\n&#60;p&#62; &#60;/p&#62;',4,3,4,10,2,1,0,0,0,NULL,NULL,'2024-02-22 17:58:04',0,0,0,0,0,NULL,NULL,NULL,NULL,0,0,5461665,5527,0,0,0,0,'2023-12-21 12:50:19'),(2023122601,0,'Dar acesso em um perfil a Aplicações ou Tecnologia com edição a apenas alguns campos dos formulário.','2023-12-26 16:13:26',NULL,'2024-05-15 15:01:39','2024-01-02 15:24:41','2024-05-15 15:01:39',10,5,24,1,'&#60;p&#62;Bom dia, &#60;/p&#62;\n&#60;p&#62;Conseguimos no HOPEX, dar acesso em um perfil a Aplicações ou Tecnologia com edição a apenas alguns campos dos formulário.&#60;/p&#62;\n&#60;p&#62;Obrigado,&#60;/p&#62;',3,3,3,1,2,1,0,0,0,NULL,NULL,'2024-05-15 15:01:39',0,0,0,0,0,NULL,NULL,NULL,NULL,2507193,0,9670900,601875,0,0,0,0,'2023-12-26 16:13:26'),(2023122602,0,'Customizar no Gantt de Aplicativos o [Default Artifact Lifecycle (NE) ] para receber nova fase de Obsoleto e realizar ajustes no 360','2023-12-26 16:29:23',NULL,NULL,'2024-01-02 15:23:41','2024-07-03 13:50:33',46,2,24,1,'&#60;p&#62;Bom dia, &#60;/p&#62;\n&#60;p&#62;1 - No Cad. de Aplicações, ao selecionar o Gantt com Ciclo [Default Artifact Lifecycle (NE) ] deve constar mais uma nova fase [3 - Obsolete], revisando a lista para [1 - Preparation]/[2 - Production]/[4 - Retirement]&#60;/p&#62;\n&#60;p&#62;Representando:&#60;/p&#62;\n&#60;p&#62;[1 - Preparation] - Fases de POC/Implantação/Desenvolvimento&#60;/p&#62;\n&#60;p&#62;[2 - Production] - Iniciado o uso produtivo.&#60;/p&#62;\n&#60;p&#62;[3 - Obsolete] - Sinalizado como Obsoleto mas ainda em uso produtivo.&#60;/p&#62;\n&#60;p&#62;[4 - Retirement] - Descontinuados e aposentado, sem acesso a Produção. Eventualmente com acesso a dados.&#60;/p&#62;\n&#60;p&#62;2 - No HOPEX360 ajustar a Combo e visualização colocando os valor acima (com números para ordenar) na combo.&#60;/p&#62;\n&#60;p&#62;&#60;a href=\"/glpi/front/document.send.php?docid=47&#38;itemtype=Ticket&#38;items_id=2023122602\" target=\"_blank\" &#62;&#60;img alt=\"95755b8f-e509fb39-658afe6dcf90f6.75946169\" width=\"1518\" src=\"/glpi/front/document.send.php?docid=47&#38;itemtype=Ticket&#38;items_id=2023122602\" /&#62;&#60;/a&#62;&#60;/p&#62;\n&#60;p&#62;Ficará (aprox.)&#60;br&#62;&#60;a href=\"/glpi/front/document.send.php?docid=48&#38;itemtype=Ticket&#38;items_id=2023122602\" target=\"_blank\" &#62;&#60;img alt=\"95755b8f-e509fb39-658aff57c56033.74556127\" width=\"382\" src=\"/glpi/front/document.send.php?docid=48&#38;itemtype=Ticket&#38;items_id=2023122602\" /&#62;&#60;/a&#62;&#60;/p&#62;',3,3,3,4,2,1,0,0,0,NULL,NULL,NULL,0,0,0,0,0,NULL,NULL,NULL,NULL,2507452,0,0,600858,0,0,0,0,'2023-12-26 16:29:23'),(2024010501,0,'Erro no Acesso a Aplicações no Archimate (Federados não localizam Aplicações adicionadas)','2024-01-05 12:06:27',NULL,'2024-02-22 18:10:46','2024-01-05 18:23:07','2024-02-22 18:10:46',21,5,24,1,'&#60;p&#62;Bom dia, &#60;/p&#62;\n&#60;p&#62;Acredito que algum erro de configuração de Acesso e Perfis. Mas aplicações adicionadas essa semana não aparecem para Arquiteto Federado.&#60;br&#62;&#60;br&#62;Meu perfil de uso: &#60;a href=\"/glpi/front/document.send.php?docid=49&#38;itemtype=Ticket&#38;items_id=2024010501\" target=\"_blank\" &#62;&#60;img alt=\"95755b8f-e509fb39-6597effa575fc3.57526943\" width=\"240\" src=\"/glpi/front/document.send.php?docid=49&#38;itemtype=Ticket&#38;items_id=2024010501\" /&#62;&#60;/a&#62;&#60;/p&#62;\n&#60;p&#62;Perfil do Federado: &#60;a href=\"/glpi/front/document.send.php?docid=51&#38;itemtype=Ticket&#38;items_id=2024010501\" target=\"_blank\" &#62;&#60;img alt=\"95755b8f-e509fb39-6597f03e428070.63981310\" width=\"323\" src=\"/glpi/front/document.send.php?docid=51&#38;itemtype=Ticket&#38;items_id=2024010501\" /&#62;&#60;/a&#62;&#60;br&#62;&#60;br&#62;Telas minha com acesso e do Fed. a Esq sem localizar o App, Surge.&#60;br&#62;&#60;a href=\"/glpi/front/document.send.php?docid=50&#38;itemtype=Ticket&#38;items_id=2024010501\" target=\"_blank\" &#62;&#60;img alt=\"95755b8f-e509fb39-6597f00e61ad33.88084285\" width=\"3286\" src=\"/glpi/front/document.send.php?docid=50&#38;itemtype=Ticket&#38;items_id=2024010501\" /&#62;&#60;/a&#62;&#60;br&#62;&#60;br&#62;Dois Pontos:&#60;/p&#62;\n&#60;p&#62;1 - Verificar e corrigir pra não ocorrer novamente&#60;/p&#62;\n&#60;p&#62;2 - Todos nós Corporativos podemos também ter o mesmo Perfil [Archimate Enterprise Architec] como os Federados sem interferir nos demais, pra sempre conseguirmos validar a visão deles??? (pensava que todos estavam com o que tenho hoje).&#60;/p&#62;',5,3,4,7,1,1,0,0,0,NULL,NULL,'2024-02-22 18:10:46',0,0,0,0,0,NULL,NULL,NULL,NULL,0,0,4169059,22600,0,0,0,0,'2024-01-05 12:06:27'),(2024010502,0,'Federados com Perfis Errados','2024-01-05 12:28:37',NULL,'2024-01-10 12:37:58','2024-01-05 18:21:43','2024-01-10 12:37:58',21,5,24,1,'&#60;p&#62;Bom dia,&#60;/p&#62;\n&#60;p&#62;Por gentileza, retirar/ensinar como ajustarmos os Perfis dos usuários. Precisamos corrigir o Federado (e ver se existem outros como ele) com o Perfil: [Arquiteto técnico TI] conforme evidências abaixo.&#60;/p&#62;\n&#60;p&#62;Mostrar como captar uma relação de usuários e perfis para correção. &#60;/p&#62;\n&#60;p&#62; &#60;/p&#62;\n&#60;p&#62;&#60;a href=\"/glpi/front/document.send.php?docid=52&#38;itemtype=Ticket&#38;items_id=2024010502\" target=\"_blank\" &#62;&#60;img alt=\"95755b8f-e509fb39-6597f2bde6b106.23725935\" width=\"319\" src=\"/glpi/front/document.send.php?docid=52&#38;itemtype=Ticket&#38;items_id=2024010502\" /&#62;&#60;/a&#62;&#60;/p&#62;\n&#60;p&#62; &#60;/p&#62;\n&#60;p&#62; &#60;/p&#62;',5,3,4,7,1,1,0,0,0,NULL,NULL,'2024-01-10 12:37:58',0,0,0,0,0,NULL,NULL,NULL,NULL,0,0,432561,21186,0,0,0,0,'2024-01-05 12:28:37'),(2024011201,0,'WorkFlow Tab in Project','2024-01-12 15:04:32',NULL,'2024-07-03 13:48:21','2024-01-12 18:06:01','2024-07-03 13:48:21',46,5,11,1,'&#60;p&#62;Hi, Well I´m find several issues using Hopex Aquila!! The last is the WorkFlow Tab in Project object. I can start the workflow in the query projects , but I can´t see the info Workflow Tab. Any tip to show? Thanks in advanced&#60;br&#62;version is for 6.0 aquilla&#60;/p&#62;',3,3,3,3,1,1,0,0,0,NULL,NULL,'2024-07-03 13:48:21',0,0,0,0,0,NULL,NULL,NULL,NULL,274183,0,14668446,10889,0,0,0,0,'2024-01-12 18:06:01'),(2024013101,0,'Customização de Objeto IT Device','2024-01-31 19:37:40',NULL,'2024-02-20 13:04:46','2024-01-31 19:37:40','2024-02-20 13:04:46',10,5,10,1,'&#60;p&#62;Realizar Customização de Objeto IT Device&#60;/p&#62;',3,3,3,4,1,1,0,0,0,NULL,NULL,'2024-02-20 13:04:46',0,0,0,0,0,NULL,NULL,NULL,NULL,0,0,1704426,1,0,0,0,0,'2024-01-31 19:37:40'),(2024013102,0,'Carga de Positions x Persons para o Repositório','2024-01-31 19:38:39',NULL,'2024-02-20 13:05:08','2024-01-31 19:38:39','2024-03-04 17:51:18',10,5,10,1,'&#60;p&#62;Carga de Positions x Persons para o Repositório do Qualiware&#60;/p&#62;',3,3,3,11,1,1,0,0,0,NULL,NULL,'2024-02-20 13:05:08',0,0,0,0,0,NULL,NULL,NULL,NULL,0,0,1704389,1,0,0,0,0,'2024-01-31 19:38:39'),(2024020101,0,'Customização Portal 360 Hopex','2024-02-01 13:29:19',NULL,'2024-02-01 13:29:19','2024-02-01 13:29:19','2024-02-01 13:29:19',10,5,10,1,'&#60;p&#62;Customização Portal 360 Hopex em anexo&#60;/p&#62;',3,3,3,0,1,1,0,0,0,NULL,NULL,NULL,0,0,0,0,0,NULL,NULL,NULL,NULL,0,0,0,1,0,0,0,0,'2024-02-01 13:29:19'),(2024020501,0,'Atualização do Orizon360','2024-02-05 17:29:24',NULL,'2024-03-05 17:25:42','2024-02-06 16:50:22','2024-07-03 13:31:20',46,5,12,1,'&#60;p&#62;Boa tarde,&#60;/p&#62;\n&#60;p&#62;Solicito a verificação na geração do Orizon360 pois a versão esta desatualizada.&#60;/p&#62;\n&#60;p&#62; &#60;/p&#62;\n&#60;p&#62;&#60;a href=\"/glpi/front/document.send.php?docid=55&#38;itemtype=Ticket&#38;items_id=2024020501\" target=\"_blank\" &#62;&#60;img alt=\"95755b8f-e509fb39-65c11acdbd1ec7.29190698\" width=\"1270\" src=\"/glpi/front/document.send.php?docid=55&#38;itemtype=Ticket&#38;items_id=2024020501\" /&#62;&#60;/a&#62;&#60;/p&#62;',4,3,4,10,1,1,0,0,0,NULL,NULL,'2024-03-05 17:25:42',0,0,0,0,0,NULL,NULL,NULL,NULL,0,0,2505378,84058,0,0,0,0,'2024-02-05 17:29:24'),(2024020601,0,'Dois Indicadores de Aplicações com Archimate View e por Status Workflow Archimate View','2024-02-06 01:10:18',NULL,NULL,'2024-02-06 16:54:05','2024-07-03 13:49:36',46,2,24,1,'&#60;p&#62;Aqui solicitamos a construção de dois indicadores no HOPEX360 no CIO Dashboard de Aplicações.&#60;/p&#62;\n&#60;p&#62;1 - Apresentar das Aplicações quais possuem ao menos COM e SEM ao menos uma Archimate View relacionada a Aplicação.&#60;/p&#62;\n&#60;p&#62;2 - As aplicações distribuídas por Status do Workflow, por exemplo: 100 aplicações com Pendente, 10 em Revisão e 10 Aprovadas.&#60;/p&#62;\n&#60;p&#62;Gostaria de apoio para revisar essa definição, frente ao fluxo que construímos e se faz sentido eventualmente unificar em apenas um indicador com as duas informações. Exemplo: Número de Aplicações sem View e os demais Status.&#60;/p&#62;\n&#60;p&#62;Exemplo abaixo da disposição.&#60;/p&#62;\n&#60;p&#62;&#60;a href=\"/glpi/front/document.send.php?docid=56&#38;itemtype=Ticket&#38;items_id=2024020601\" target=\"_blank\" &#62;&#60;img alt=\"95755b8f-e509fb39-65c185f66ecbb3.69043287\" width=\"1680\" src=\"/glpi/front/document.send.php?docid=56&#38;itemtype=Ticket&#38;items_id=2024020601\" /&#62;&#60;/a&#62;&#60;/p&#62;',4,3,4,4,2,1,0,0,0,NULL,NULL,NULL,0,0,0,0,0,NULL,NULL,NULL,NULL,2507490,0,0,56627,0,0,0,0,'2024-02-06 01:10:18'),(2024031101,0,'Como editar a nome do Diagrama?','2024-03-11 16:48:38',NULL,'2024-05-13 19:35:38','2024-03-13 18:07:29','2024-05-13 19:35:38',21,5,24,1,'&#60;p&#62;Não conseguimos localizar como editar esse nome.&#60;/p&#62;\n&#60;p&#62;&#60;a href=\"/glpi/front/document.send.php?docid=57&#38;itemtype=Ticket&#38;items_id=2024031101\" target=\"_blank\" &#62;&#60;img alt=\"95755b8f-e509fb39-65ef3588d05718.52612991\" width=\"1361\" src=\"/glpi/front/document.send.php?docid=57&#38;itemtype=Ticket&#38;items_id=2024031101\" /&#62;&#60;/a&#62;&#60;/p&#62;',1,3,2,1,2,1,0,0,0,NULL,NULL,'2024-05-13 19:35:38',0,0,0,0,0,NULL,NULL,NULL,NULL,0,0,5453220,177531,0,0,0,0,'2024-03-11 16:48:38'),(2024031301,0,'Descrição das aplicações','2024-03-13 20:15:13',NULL,'2024-05-13 19:39:59','2024-03-14 16:34:57','2024-05-13 19:39:59',21,5,28,1,'&#60;p&#62;No ambiente utilizado pelos arquitetos federados, o campo da descrição da aplicação aparece vazia, mesmo que na aplicação esteja preenchida na visão dos corporativos&#60;/p&#62;',4,3,4,3,1,1,0,0,0,NULL,NULL,'2024-05-13 19:39:59',0,0,0,0,0,NULL,NULL,NULL,NULL,0,0,5268286,73184,0,0,0,0,'2024-03-13 20:15:13'),(2024031501,0,'Portal - Campos truncados','2024-03-15 14:09:57',NULL,'2024-04-08 12:06:39','2024-03-15 18:45:24','2024-04-08 12:06:39',10,5,8,1,'&#60;p&#62;No portal 360, os campos Tag (menu Servidores) e Owned Application (Detalhe do IT Server) estão truncados.&#60;/p&#62;\n&#60;p&#62;Print das telas em anexo.&#60;/p&#62;',3,3,3,10,1,1,0,0,0,NULL,NULL,'2024-04-08 12:06:39',0,0,0,0,0,NULL,NULL,NULL,NULL,0,0,2066202,16527,0,0,0,0,'2024-03-15 14:09:57'),(2024031502,0,'Instalação do Aquila no servidor de homologação','2024-03-15 14:15:02',NULL,'2024-04-08 12:06:24','2024-03-15 18:45:10','2024-04-08 12:06:24',10,5,8,1,'&#60;p&#62;Solicito a instalação do Aquila no servidor de homologação para iniciarmos os testes das customizações na nova versão.&#60;/p&#62;',3,3,3,5,2,1,0,0,0,NULL,NULL,'2024-04-08 12:06:24',0,0,0,0,0,NULL,NULL,NULL,NULL,0,0,2065882,16208,0,0,0,0,'2024-03-15 14:15:02'),(2024031503,0,'Envio de e-mail','2024-03-15 14:21:15',NULL,NULL,'2024-03-15 18:44:56','2024-07-03 13:42:07',46,2,8,1,'&#60;p&#62;Solicito o envio de e-mail na conclusão do processo de atualização do portal 360 para:&#60;/p&#62;\n&#60;p&#62;asoares@petros.com.br&#60;/p&#62;\n&#60;p&#62;crissi@petros.com.br&#60;/p&#62;',3,3,3,10,2,1,0,0,0,NULL,NULL,NULL,0,0,0,0,0,NULL,NULL,NULL,NULL,0,0,0,15821,0,0,0,0,'2024-03-15 14:21:15'),(2024031504,0,'Certificado','2024-03-15 14:22:51',NULL,'2024-06-05 21:14:24','2024-03-15 18:44:38','2024-06-05 21:14:24',10,5,8,1,'&#60;p&#62;Configuração do certificado na aplicação do Hopex &#60;/p&#62;\n&#60;p&#62;OBS: o portal já está funcionando corretamente.&#60;/p&#62;',4,3,4,7,1,1,0,0,0,NULL,NULL,'2024-06-05 21:14:24',0,0,0,0,0,NULL,NULL,NULL,NULL,0,0,7109493,15707,0,0,0,0,'2024-03-15 14:22:51'),(2024031505,0,'Associação do objeto Facility com infraestrutura','2024-03-15 14:30:50',NULL,'2024-05-29 19:58:46','2024-03-15 18:44:20','2024-05-29 19:58:46',10,5,8,1,'&#60;p&#62;Não conseguimos associar o objeto Facilities com os componentes instalados nele.&#60;/p&#62;\n&#60;p&#62;Por exemplo: Não consigo informar que um determinado IT Server está localizado em uma determinada Facility.&#60;/p&#62;\n&#60;p&#62;Com isso não conseguimos visualizar a composição de uma Facility nem em que local o servidor está instalado.&#60;/p&#62;\n&#60;p&#62;Criamos um campo customizado para isso, mas entendemos não ser a melhor solução.&#60;/p&#62;',3,3,3,4,2,1,0,0,0,NULL,NULL,'2024-05-29 19:58:46',0,0,0,0,0,NULL,NULL,NULL,NULL,0,0,6499676,15210,0,0,0,0,'2024-03-15 14:30:50'),(2024031506,0,'Associação de Owner com OrgUnit','2024-03-15 14:47:20',NULL,NULL,'2024-03-15 18:43:56','2024-07-03 13:52:20',46,2,8,1,'&#60;p&#62;Hoje só podemos associar o Busines Owner de uma aplicação a uma Person.&#60;/p&#62;\n&#60;p&#62;Gostaríamos de poder associar também a uma OrgUnit, visto que normalmente é uma unidade organizacional do negócio o responsável por determinada aplicação.&#60;/p&#62;',3,3,3,7,2,1,0,0,0,NULL,NULL,NULL,0,0,0,0,0,NULL,NULL,NULL,NULL,0,0,0,14196,0,0,0,0,'2024-03-15 14:47:20'),(2024031508,0,'Migração dos dados vindos do Qualiware','2024-03-15 20:30:03',NULL,NULL,'2024-03-18 13:19:47','2024-07-03 14:04:51',10,2,8,1,'&#60;p&#62;Ajustar a migração dos modelos de dados do Qualiware. &#60;/p&#62;',3,3,3,7,1,1,0,0,0,NULL,NULL,NULL,0,0,0,0,0,NULL,NULL,NULL,NULL,0,0,0,233384,0,0,0,0,'2024-03-15 20:30:03'),(2024032103,0,'Business Dictionary Diagram','2024-03-21 16:42:52',NULL,'2024-04-11 17:09:19','2024-04-11 17:08:45','2024-05-15 19:45:48',10,5,10,1,'&#60;p&#62;The client is trying to connect a \"Concept\" via the \"Concept Component\" arrow, it is not coming in the correct way. First it saves correctly but then it makes arrows that should not be turned on.&#60;br /&#62;Below is the Screenshot&#60;/p&#62;',3,3,3,7,1,1,0,0,0,NULL,NULL,'2024-04-11 17:09:19',0,0,0,0,0,NULL,NULL,NULL,NULL,0,0,1815987,1815953,0,0,0,0,'2024-03-21 16:42:52'),(2024032201,0,'Pacote 1: Novos Campos e ajustes nos perfis Archimate','2024-03-22 19:19:15',NULL,NULL,'2024-03-25 12:48:05','2024-07-01 17:45:08',10,2,28,1,'&#60;p&#62;Criação de campos e ajustes nos perfis de Archimate&#60;/p&#62;',4,3,4,4,2,1,0,0,0,NULL,NULL,NULL,0,0,0,0,0,NULL,NULL,NULL,NULL,0,0,0,235730,0,0,0,0,'2024-03-22 19:19:15'),(2024032801,0,'Inclusão de informações de Servidores','2024-03-28 13:59:07',NULL,'2024-04-01 19:49:53','2024-03-28 16:03:43','2024-04-01 19:49:53',10,5,8,1,'&#60;p&#62;Favor alterar a opção de servidores de acordo com o documento em anexo.&#60;/p&#62;',2,3,2,10,2,1,0,0,0,NULL,NULL,'2024-04-01 19:49:53',0,0,0,0,0,NULL,NULL,NULL,NULL,0,0,366646,7476,0,0,0,0,'2024-03-28 13:59:07'),(2024040101,0,'Arquitetos Federados não estão enxergando todas as tecnologias...','2024-04-01 11:57:12',NULL,'2024-05-13 19:34:27','2024-04-02 13:11:07','2024-07-03 13:29:27',46,5,24,1,'&#60;p&#62;Algumas tecnologias não estão aparecendo para Federados. &#60;/p&#62;\n&#60;p&#62;No exemplo abaixo o [adelmo.filho@einstein.br] como &#60;a href=\"/glpi/front/document.send.php?docid=68&#38;itemtype=Ticket&#38;items_id=2024040101\" target=\"_blank\" &#62;&#60;img alt=\"95755b8f-e509fb39-660aa0e376b9f9.75010646\" width=\"213\" src=\"/glpi/front/document.send.php?docid=68&#38;itemtype=Ticket&#38;items_id=2024040101\" /&#62;&#60;/a&#62;não lista todas as tecnologias que eu logado com o mesmo perfil enxergo.&#60;/p&#62;\n&#60;p&#62;Visão do ADELMO:&#60;a href=\"/glpi/front/document.send.php?docid=67&#38;itemtype=Ticket&#38;items_id=2024040101\" target=\"_blank\" &#62;&#60;img alt=\"95755b8f-e509fb39-660aa0c312efa4.99791212\" width=\"814\" src=\"/glpi/front/document.send.php?docid=67&#38;itemtype=Ticket&#38;items_id=2024040101\" /&#62;&#60;/a&#62;&#60;/p&#62;\n&#60;p&#62;Minha visão:&#60;a href=\"/glpi/front/document.send.php?docid=69&#38;itemtype=Ticket&#38;items_id=2024040101\" target=\"_blank\" &#62;&#60;img alt=\"95755b8f-e509fb39-660aa109710cb0.45862330\" width=\"687\" src=\"/glpi/front/document.send.php?docid=69&#38;itemtype=Ticket&#38;items_id=2024040101\" /&#62;&#60;/a&#62;&#60;/p&#62;\n&#60;p&#62;Precisamos corrigir.&#60;/p&#62;\n&#60;p&#62;Obrigado&#60;/p&#62;\n&#60;p&#62; &#60;/p&#62;',4,3,4,3,1,1,0,0,0,NULL,NULL,'2024-05-13 19:34:27',0,0,0,0,0,NULL,NULL,NULL,NULL,0,0,3656235,90835,0,0,0,0,'2024-04-01 11:57:12'),(2024040201,0,'HOPEX360 faltando Aplicações e Tecnologias','2024-04-02 18:26:13',NULL,'2024-05-13 19:33:19','2024-04-04 12:06:39','2024-07-03 13:29:55',46,5,24,1,'&#60;p&#62;Boa tarde,&#60;/p&#62;\n&#60;p&#62;Os arquivos do HOPEX360 no Azure que eles produzem está com uma quantidade muito menor de aplicações e tecnologias que existe no HOPEXOnline. &#60;/p&#62;\n&#60;p&#62;&#60;a href=\"/glpi/front/document.send.php?docid=70&#38;itemtype=Ticket&#38;items_id=2024040201\" target=\"_blank\" &#62;&#60;img alt=\"95755b8f-e509fb39-660c4d387db6a9.40446923\" width=\"1582\" src=\"/glpi/front/document.send.php?docid=70&#38;itemtype=Ticket&#38;items_id=2024040201\" /&#62;&#60;/a&#62;&#60;/p&#62;\n&#60;p&#62;são apenas 368 &#60;/p&#62;\n&#60;p&#62;Mas em Produção temos são 456 Aplicações e 309 Tecnologias&#60;/p&#62;\n&#60;p&#62;&#60;a href=\"/glpi/front/document.send.php?docid=71&#38;itemtype=Ticket&#38;items_id=2024040201\" target=\"_blank\" &#62;&#60;img alt=\"95755b8f-e509fb39-660c4da726dce1.05439844\" width=\"1363\" src=\"/glpi/front/document.send.php?docid=71&#38;itemtype=Ticket&#38;items_id=2024040201\" /&#62;&#60;/a&#62;&#60;/p&#62;\n&#60;p&#62;&#60;a href=\"/glpi/front/document.send.php?docid=72&#38;itemtype=Ticket&#38;items_id=2024040201\" target=\"_blank\" &#62;&#60;img alt=\"95755b8f-e509fb39-660c4dc2f2b3a5.55847965\" width=\"1360\" src=\"/glpi/front/document.send.php?docid=72&#38;itemtype=Ticket&#38;items_id=2024040201\" /&#62;&#60;/a&#62;&#60;/p&#62;',5,3,4,3,1,1,0,0,0,NULL,NULL,'2024-05-13 19:33:19',0,0,0,0,0,NULL,NULL,NULL,NULL,0,0,3546426,150026,0,0,0,0,'2024-04-02 18:26:13'),(2024040401,0,'Inclusão dos data types dos atributos','2024-04-04 20:13:07',NULL,'2024-04-10 16:59:53','2024-04-05 19:03:51','2024-04-10 16:59:53',10,5,8,1,'&#60;p&#62;Alterar a configuração do Hopex 360 conforme arquivo em anexo.&#60;/p&#62;',2,3,2,10,2,1,0,0,0,NULL,NULL,'2024-04-10 16:59:53',0,0,0,0,0,NULL,NULL,NULL,NULL,0,0,506806,82244,0,0,0,0,'2024-04-04 20:13:07'),(2024041201,0,'Erro ao excluir View','2024-04-12 20:03:52',NULL,'2024-07-03 13:47:48','2024-04-17 12:49:16','2024-07-03 13:47:48',46,5,24,1,'&#60;p&#62;Precisamos de apoio para Excluir uma View.&#60;/p&#62;\n&#60;p&#62;Conforme abaixo.&#60;/p&#62;\n&#60;p&#62;&#60;a href=\"/glpi/front/document.send.php?docid=75&#38;itemtype=Ticket&#38;items_id=2024041201\" target=\"_blank\" &#62;&#60;img alt=\"95755b8f-e509fb39-6619939d3816b4.93948929\" width=\"1364\" src=\"/glpi/front/document.send.php?docid=75&#38;itemtype=Ticket&#38;items_id=2024041201\" /&#62;&#60;/a&#62;&#60;/p&#62;\n&#60;p&#62;&#60;a href=\"/glpi/front/document.send.php?docid=74&#38;itemtype=Ticket&#38;items_id=2024041201\" target=\"_blank\" &#62;&#60;img alt=\"95755b8f-e509fb39-661993553fc1f4.44994906\" width=\"1365\" src=\"/glpi/front/document.send.php?docid=74&#38;itemtype=Ticket&#38;items_id=2024041201\" /&#62;&#60;/a&#62;&#60;/p&#62;',3,3,3,7,1,1,0,0,0,NULL,NULL,'2024-07-03 13:47:48',0,0,0,0,0,NULL,NULL,NULL,NULL,0,0,7062236,405924,0,0,0,0,'2024-04-12 20:03:52'),(2024041601,0,'Catálogo no 360','2024-04-16 12:15:55',NULL,NULL,'2024-04-18 14:11:14','2024-07-03 13:45:30',46,2,28,1,'&#60;p&#62;Levar para o 360 uma visão de catálogo , com as informações conforme modelo anexo. &#60;/p&#62;',3,3,3,4,2,1,0,0,0,NULL,NULL,NULL,0,0,0,0,0,NULL,NULL,NULL,NULL,0,0,0,179719,0,0,0,0,'2024-04-16 12:15:55'),(2024042901,0,'Atividades Ambiente Viterra','2024-04-29 10:25:29',NULL,'2024-05-14 12:26:30','2024-04-29 13:26:27','2024-06-25 14:24:27',10,5,11,1,'&#60;p&#62;&#60;span class=\"ui-provider er bia bas bib bic bid bie bif big bih bii bij bik bil bim bin bio bip biq bir bis bit biu biv biw bix biy biz bja bjb bjc bjd bje bjf bjg\" dir=\"ltr\"&#62;Conforme reuniao realizada, abaixo segue os ajustes a serem realizados:&#60;br&#62;&#60;br&#62;tarefas:&#60;br&#62;Validar os logins que possui acesso ao ambiente de melhoria e base Configuration&#60;br&#62;Validar o campo de justificativa de revisão &#60;br&#62;Alterar Rasci para RACI&#60;br&#62;Corrigir Status dos diagramas&#60;br&#62;Colocar no portal historico de revisao&#60;br&#62;numero da versao&#60;br&#62;justificativa&#60;/span&#62;&#60;/p&#62;',3,3,3,7,1,1,0,0,0,NULL,NULL,'2024-05-14 12:26:30',0,0,0,0,0,NULL,NULL,NULL,NULL,0,0,1303261,10858,0,0,0,0,'2024-04-29 13:26:27'),(2024051301,0,'Criação de TAG - Laudo Comitê','2024-05-13 17:14:43',NULL,'2024-05-28 17:17:24','2024-05-15 15:14:02','2024-05-28 17:17:24',10,5,28,1,'&#60;p&#62;Criar na tela de aplicações a tag  - Laudo Comitê com as seguintes opções: Não aprovado comitê&#60;/p&#62;\n&#60;p&#62;Aprovado comitê&#60;/p&#62;\n&#60;p&#62;Aprovado comitê com ressalvas&#60;/p&#62;',3,3,3,7,2,1,0,0,0,NULL,NULL,'2024-05-28 17:17:24',0,0,0,0,0,NULL,NULL,NULL,NULL,0,0,1296161,165559,0,0,0,0,'2024-05-13 17:14:43'),(2024051401,0,'Relational Schema no diagrama de deploy','2024-05-14 12:26:17',NULL,NULL,'2024-05-14 12:30:41','2024-07-03 13:52:46',46,2,8,1,'&#60;p&#62;Quando associamos um Relational Schema em um diagrama de deploy ele é refletido para todos os outros diagramas (DEV / HML / PRD) alterando a configuração previamente feita.&#60;/p&#62;',5,3,4,3,1,1,0,0,0,NULL,NULL,NULL,0,0,0,0,0,NULL,NULL,NULL,NULL,0,0,0,264,0,0,0,0,'2024-05-14 12:26:17'),(2024060701,0,'Ajuste dos icones no Qualiware','2024-06-07 16:40:52',NULL,'2024-06-07 16:43:28','2024-06-07 16:43:22','2024-06-13 17:01:21',10,5,44,1,'&#60;p&#62;Boa tarde, tudo bem ?&#60;br&#62;Poderia recolocar o icone de sistema no portal do qualiware Viterra Brasil, por favor &#60;/p&#62;',3,3,3,11,1,1,0,0,0,NULL,NULL,'2024-06-07 16:43:28',0,0,0,0,0,NULL,NULL,NULL,NULL,0,0,156,150,0,0,0,0,'2024-06-07 16:40:52'),(2024061101,0,'Treinamento','2024-06-11 12:23:34',NULL,'2024-06-19 19:01:37','2024-06-13 17:02:00','2024-06-19 19:01:37',10,5,44,1,'&#60;p&#62;Objetivo: ensinar a desenvolver uma cadeia de valor do 0 e ajustar a cadeia ja existente&#60;/p&#62;',3,3,3,11,1,1,0,0,0,NULL,NULL,'2024-06-19 19:01:37',0,0,0,0,0,NULL,NULL,NULL,NULL,0,0,715083,189506,0,0,0,0,'2024-06-11 12:23:34'),(2024061701,0,'Desenvolver o novo layout do portal qualiware Viterra Brasil: https://','2024-06-17 17:52:58',NULL,NULL,'2024-06-19 18:55:39','2024-06-19 18:55:50',10,2,44,1,'&#60;p&#62;Desenvolver o novo layout do portal qualiware Viterra Brasil: https://portal.br.viterra.online/viterrabrasil/&#60;br&#62;&#60;br&#62;Poderia por gentilizar começar pela lateral esquerda da tela, ajustando o menu e seus conteudos de acordo o PPt enviado &#60;br&#62;&#60;br&#62;Vou enviar um email com o PPt, pois não estou conseguindo enviar por aqui, devido alguma regra da minha empresa&#60;/p&#62;',3,3,3,0,1,1,0,0,0,NULL,NULL,NULL,0,0,0,0,0,NULL,NULL,NULL,NULL,0,0,0,176561,0,0,0,0,'2024-06-17 17:52:58'),(2024061901,0,'Query dos relacionamentos dos processos','2024-06-19 19:04:07',NULL,'2024-06-21 12:17:42','2024-06-21 12:14:23','2024-06-25 14:23:51',10,5,44,1,'&#60;p&#62;Poderia criar uma query onde possa ser visualizado os relacionamentos entre processos da cadeia de valor, por favor &#60;/p&#62;',3,3,3,11,1,1,0,0,0,NULL,NULL,'2024-06-21 12:17:42',0,0,0,0,0,NULL,NULL,NULL,NULL,0,0,148415,148216,0,0,0,0,'2024-06-19 19:04:07'),(2024062501,0,'Remover Itens do Portal','2024-06-25 13:38:28',NULL,'2024-06-25 14:15:59','2024-06-25 13:38:28','2024-06-25 14:15:59',10,5,44,1,'&#60;p&#62;Remover lista de itens do portal&#60;/p&#62;\n&#60;p&#62; &#60;/p&#62;',3,3,3,11,1,1,0,0,0,NULL,NULL,'2024-06-25 14:15:59',0,0,0,0,0,NULL,NULL,NULL,NULL,0,0,2251,1,0,0,0,0,'2024-06-25 13:38:28'),(2024062502,0,'Criação do Compliance - Education','2024-06-21 16:00:00',NULL,'2024-06-25 14:21:13','2024-06-25 14:19:47','2024-06-25 14:21:13',10,5,44,1,'&#60;p&#62;Favor realizar criação do Acknowledge para registrar os De Acordo do documento&#60;/p&#62;',3,3,3,11,1,1,0,0,0,NULL,NULL,'2024-06-25 14:21:13',0,0,0,0,0,NULL,NULL,NULL,NULL,0,0,339673,339587,0,0,0,0,'2024-06-25 14:19:47');

--
-- Table structure for table `glpi_tickets_contracts`
--

CREATE TABLE `glpi_tickets_contracts` (
  `id` int(10) unsigned NOT NULL AUTO_INCREMENT,
  `tickets_id` int(10) unsigned NOT NULL DEFAULT '0',
  `contracts_id` int(10) unsigned NOT NULL DEFAULT '0',
  PRIMARY KEY (`id`),
  UNIQUE KEY `unicity` (`tickets_id`,`contracts_id`),
  KEY `contracts_id` (`contracts_id`)
) ENGINE=InnoDB DEFAULT CHARSET=utf8mb4 COLLATE=utf8mb4_unicode_ci ROW_FORMAT=DYNAMIC;

--
-- Dumping data for table `glpi_tickets_contracts`
--


--
-- Table structure for table `glpi_tickets_tickets`
--

CREATE TABLE `glpi_tickets_tickets` (
  `id` int(10) unsigned NOT NULL AUTO_INCREMENT,
  `tickets_id_1` int(10) unsigned NOT NULL DEFAULT '0',
  `tickets_id_2` int(10) unsigned NOT NULL DEFAULT '0',
  `link` int(11) NOT NULL DEFAULT '1',
  PRIMARY KEY (`id`),
  UNIQUE KEY `unicity` (`tickets_id_1`,`tickets_id_2`),
  KEY `tickets_id_2` (`tickets_id_2`)
) ENGINE=InnoDB AUTO_INCREMENT=4 DEFAULT CHARSET=utf8mb4 COLLATE=utf8mb4_unicode_ci ROW_FORMAT=DYNAMIC;

--
-- Dumping data for table `glpi_tickets_tickets`
--

INSERT INTO `glpi_tickets_tickets` VALUES (3,2023101802,2023101801,1);

--
-- Table structure for table `glpi_tickets_users`
--

CREATE TABLE `glpi_tickets_users` (
  `id` int(10) unsigned NOT NULL AUTO_INCREMENT,
  `tickets_id` int(10) unsigned NOT NULL DEFAULT '0',
  `users_id` int(10) unsigned NOT NULL DEFAULT '0',
  `type` int(11) NOT NULL DEFAULT '1',
  `use_notification` tinyint(4) NOT NULL DEFAULT '1',
  `alternative_email` varchar(255) COLLATE utf8mb4_unicode_ci DEFAULT NULL,
  PRIMARY KEY (`id`),
  UNIQUE KEY `unicity` (`tickets_id`,`type`,`users_id`,`alternative_email`),
  KEY `user` (`users_id`,`type`)
) ENGINE=InnoDB AUTO_INCREMENT=452 DEFAULT CHARSET=utf8mb4 COLLATE=utf8mb4_unicode_ci ROW_FORMAT=DYNAMIC;

--
-- Dumping data for table `glpi_tickets_users`
--

INSERT INTO `glpi_tickets_users` VALUES (41,27,19,1,1,'jsjimenez@evolvebr.com'),(43,28,21,1,1,'marcelo.takashi@evolvebr.com'),(44,29,11,1,1,'adriano.pereira@evolvebr.com'),(45,29,10,1,1,'henrique.santos@evolvebr.com'),(47,30,21,1,1,'marcelo.takashi@evolvebr.com'),(49,31,19,1,1,'jsjimenez@evolvebr.com'),(51,32,21,1,1,'marcelo.takashi@evolvebr.com'),(152,125,12,1,1,''),(153,125,10,2,1,'henrique.santos@evolvebr.com'),(154,125,11,2,1,'adriano.pereira@evolvebr.com'),(164,2023092901,11,1,1,'adriano.pereira@evolvebr.com'),(165,2023092902,11,1,1,'adriano.pereira@evolvebr.com'),(166,2023092903,11,1,1,'adriano.pereira@evolvebr.com'),(167,2023092904,11,1,1,'adriano.pereira@evolvebr.com'),(168,2023092905,11,1,1,'adriano.pereira@evolvebr.com'),(169,2023092906,11,1,1,'adriano.pereira@evolvebr.com'),(170,2023092907,11,1,1,'adriano.pereira@evolvebr.com'),(171,2023092908,11,1,1,'adriano.pereira@evolvebr.com'),(172,2023092909,11,1,1,'adriano.pereira@evolvebr.com'),(173,2023092910,11,1,1,'adriano.pereira@evolvebr.com'),(174,2023092911,11,1,1,'adriano.pereira@evolvebr.com'),(175,2023092912,11,1,1,'adriano.pereira@evolvebr.com'),(176,2023092913,11,1,1,'adriano.pereira@evolvebr.com'),(177,2023092914,11,1,1,'adriano.pereira@evolvebr.com'),(178,2023092915,11,1,1,'adriano.pereira@evolvebr.com'),(179,2023092916,11,1,1,'adriano.pereira@evolvebr.com'),(180,2023092917,11,1,1,'adriano.pereira@evolvebr.com'),(181,2023092918,11,1,1,'adriano.pereira@evolvebr.com'),(184,2023092920,11,1,1,'adriano.pereira@evolvebr.com'),(185,2023092921,11,1,1,'adriano.pereira@evolvebr.com'),(186,2023092922,11,1,1,'adriano.pereira@evolvebr.com'),(187,2023092923,11,1,1,'adriano.pereira@evolvebr.com'),(188,2023092924,11,1,1,'adriano.pereira@evolvebr.com'),(189,2023092925,11,1,1,'adriano.pereira@evolvebr.com'),(190,2023092926,11,1,1,'adriano.pereira@evolvebr.com'),(191,2023092927,11,1,1,'adriano.pereira@evolvebr.com'),(192,2023092928,11,1,1,'adriano.pereira@evolvebr.com'),(193,2023092929,11,1,1,'adriano.pereira@evolvebr.com'),(194,2023092930,11,1,1,'adriano.pereira@evolvebr.com'),(195,2023092931,11,1,1,'adriano.pereira@evolvebr.com'),(196,2023092932,11,1,1,'adriano.pereira@evolvebr.com'),(197,2023092933,11,1,1,'adriano.pereira@evolvebr.com'),(198,2023092934,11,1,1,'adriano.pereira@evolvebr.com'),(199,2023092935,11,1,1,'adriano.pereira@evolvebr.com'),(200,2023092936,11,1,1,'adriano.pereira@evolvebr.com'),(201,2023092936,11,2,1,'adriano.pereira@evolvebr.com'),(202,2023092937,11,1,1,'adriano.pereira@evolvebr.com'),(203,2023092938,11,1,1,'adriano.pereira@evolvebr.com'),(204,2023092939,11,1,1,'adriano.pereira@evolvebr.com'),(205,2023092940,11,1,1,'adriano.pereira@evolvebr.com'),(206,2023092941,11,1,1,'adriano.pereira@evolvebr.com'),(207,2023092942,11,1,1,'adriano.pereira@evolvebr.com'),(208,2023100203,11,1,1,'adriano.pereira@evolvebr.com'),(209,2023100204,11,1,1,'adriano.pereira@evolvebr.com'),(210,2023100205,11,1,1,'adriano.pereira@evolvebr.com'),(211,2023100206,11,1,1,'adriano.pereira@evolvebr.com'),(213,2023092901,10,1,1,'henrique.santos@evolvebr.com'),(214,2023092902,10,1,1,'henrique.santos@evolvebr.com'),(215,2023092903,10,1,1,'henrique.santos@evolvebr.com'),(216,2023092904,10,1,1,'henrique.santos@evolvebr.com'),(217,2023092905,10,1,1,'henrique.santos@evolvebr.com'),(218,2023092906,10,1,1,'henrique.santos@evolvebr.com'),(219,2023092907,10,1,1,'henrique.santos@evolvebr.com'),(220,2023092909,10,1,1,'henrique.santos@evolvebr.com'),(221,2023092910,10,1,1,'henrique.santos@evolvebr.com'),(222,2023092911,10,1,1,'henrique.santos@evolvebr.com'),(223,2023092912,10,1,1,'henrique.santos@evolvebr.com'),(224,2023092913,10,1,1,'henrique.santos@evolvebr.com'),(225,2023092914,10,1,1,'henrique.santos@evolvebr.com'),(226,2023092915,10,1,1,'henrique.santos@evolvebr.com'),(227,2023092917,10,1,1,'henrique.santos@evolvebr.com'),(228,2023100203,10,1,1,'henrique.santos@evolvebr.com'),(229,2023100205,10,1,1,'henrique.santos@evolvebr.com'),(230,2023100207,10,1,1,'henrique.santos@evolvebr.com'),(231,2023100209,10,1,1,'henrique.santos@evolvebr.com'),(232,2023100211,10,1,1,'henrique.santos@evolvebr.com'),(233,2023100212,10,1,1,'henrique.santos@evolvebr.com'),(234,2023100213,10,1,1,'henrique.santos@evolvebr.com'),(235,2023100215,10,1,1,'henrique.santos@evolvebr.com'),(236,2023100216,10,1,1,'henrique.santos@evolvebr.com'),(237,2023100217,10,1,1,'henrique.santos@evolvebr.com'),(238,2023100218,10,1,1,'henrique.santos@evolvebr.com'),(239,2023100220,10,1,1,'henrique.santos@evolvebr.com'),(240,2023100221,10,1,1,'henrique.santos@evolvebr.com'),(241,2023100222,10,1,1,'henrique.santos@evolvebr.com'),(242,2023100223,10,1,1,'henrique.santos@evolvebr.com'),(243,2023100225,10,1,1,'henrique.santos@evolvebr.com'),(244,2023100226,10,1,1,'henrique.santos@evolvebr.com'),(245,2023100227,10,1,1,'henrique.santos@evolvebr.com'),(246,2023100230,10,1,1,'henrique.santos@evolvebr.com'),(247,2023100231,10,1,1,'henrique.santos@evolvebr.com'),(248,2023100232,10,1,1,'henrique.santos@evolvebr.com'),(249,2023100233,10,1,1,'henrique.santos@evolvebr.com'),(250,2023100234,10,1,1,'henrique.santos@evolvebr.com'),(251,2023100235,10,1,1,'henrique.santos@evolvebr.com'),(252,2023100236,10,1,1,'henrique.santos@evolvebr.com'),(253,2023100237,10,1,1,'henrique.santos@evolvebr.com'),(254,2023100238,10,1,1,'henrique.santos@evolvebr.com'),(255,2023100239,10,1,1,'henrique.santos@evolvebr.com'),(256,2023100240,10,1,1,'henrique.santos@evolvebr.com'),(257,2023100301,10,1,1,'henrique.santos@evolvebr.com'),(258,2023100302,10,1,1,'henrique.santos@evolvebr.com'),(259,2023100303,10,1,1,'henrique.santos@evolvebr.com'),(260,2023100304,10,1,1,'henrique.santos@evolvebr.com'),(261,2023100305,10,1,1,'henrique.santos@evolvebr.com'),(262,2023100306,10,1,1,'henrique.santos@evolvebr.com'),(263,2023100307,10,1,1,'henrique.santos@evolvebr.com'),(264,2023100308,10,1,1,'henrique.santos@evolvebr.com'),(265,2023100309,10,1,1,'henrique.santos@evolvebr.com'),(266,2023100310,10,1,1,'henrique.santos@evolvebr.com'),(267,2023100311,10,1,1,'henrique.santos@evolvebr.com'),(268,2023100312,10,1,1,'henrique.santos@evolvebr.com'),(269,2023100313,10,1,1,'henrique.santos@evolvebr.com'),(270,2023100314,10,1,1,'henrique.santos@evolvebr.com'),(271,124,10,1,1,'henrique.santos@evolvebr.com'),(272,2023100905,21,1,1,'marcelo.takashi@evolvebr.com'),(273,2023100906,21,1,1,'marcelo.takashi@evolvebr.com'),(275,2023100908,21,1,1,'marcelo.takashi@evolvebr.com'),(276,2023100902,21,1,1,'marcelo.takashi@evolvebr.com'),(277,2023100903,21,1,1,'marcelo.takashi@evolvebr.com'),(278,2023100904,21,1,1,'marcelo.takashi@evolvebr.com'),(279,2023101001,24,1,1,''),(280,2023101002,24,1,1,''),(281,2023101101,24,1,1,''),(282,2023101102,24,1,1,''),(283,2023101103,24,1,1,''),(284,2023101104,24,1,1,''),(285,2023101105,24,1,1,''),(286,2023101201,24,1,1,''),(287,2023101202,24,1,1,''),(288,2023101203,24,1,1,''),(289,2023101601,28,1,1,''),(290,2023101602,24,1,1,''),(291,2023101001,21,2,1,''),(292,2023101002,21,2,1,''),(293,2023101101,21,2,1,''),(294,2023101102,21,2,1,''),(295,2023101103,21,2,1,''),(296,2023101104,21,2,1,''),(297,2023101105,21,2,1,''),(298,2023101201,21,2,1,''),(299,2023101202,21,2,1,''),(300,2023101203,21,2,1,''),(301,2023101601,21,2,1,''),(302,2023101602,21,2,1,''),(303,2023101801,12,1,1,'pinocencio@orizon.com.br'),(304,2023101801,10,2,1,'henrique.santos@evolvebr.com'),(305,2023101802,12,1,1,'pinocencio@orizon.com.br'),(307,2023101901,10,2,1,'henrique.santos@evolvebr.com'),(310,2023102303,10,2,1,'henrique.santos@evolvebr.com'),(311,2023101801,19,2,0,''),(312,2023101802,19,2,0,''),(313,2023102501,12,1,1,'pinocencio@orizon.com.br'),(314,2023102501,10,2,1,'henrique.santos@evolvebr.com'),(315,2023102502,28,1,1,''),(316,2023110701,24,1,1,''),(317,2023110701,10,2,1,'henrique.santos@evolvebr.com'),(318,2023110701,21,2,1,'marcelo.takashi@evolvebr.com'),(319,2023102502,21,2,1,'marcelo.takashi@evolvebr.com'),(320,2023111001,24,1,1,''),(321,2023111001,10,2,1,'henrique.santos@evolvebr.com'),(322,2023111002,24,1,1,''),(323,2023111003,24,1,1,''),(324,2023111003,21,2,1,'marcelo.takashi@evolvebr.com'),(327,2023111301,24,1,1,''),(328,2023111302,24,1,1,''),(329,2023111302,10,2,1,'henrique.santos@evolvebr.com'),(330,2023111302,11,2,1,'adriano.pereira@evolvebr.com'),(331,2023111301,10,2,1,'henrique.santos@evolvebr.com'),(332,2023111301,11,2,1,'adriano.pereira@evolvebr.com'),(333,2023112101,24,1,1,''),(334,2023112102,24,1,1,''),(335,2023112101,21,2,1,'marcelo.takashi@evolvebr.com'),(336,2023112102,21,2,1,'marcelo.takashi@evolvebr.com'),(337,2023112301,24,1,1,''),(338,2023112301,21,2,1,'marcelo.takashi@evolvebr.com'),(339,2023113001,24,1,1,''),(340,2023113002,24,1,1,''),(341,2023113003,24,1,1,''),(342,2023113004,24,1,1,''),(343,2023113002,21,2,1,'marcelo.takashi@evolvebr.com'),(344,2023113004,21,2,1,'marcelo.takashi@evolvebr.com'),(345,2023113003,21,2,1,'marcelo.takashi@evolvebr.com'),(346,2023113001,21,2,1,'marcelo.takashi@evolvebr.com'),(347,2023121801,24,1,1,''),(349,2023121901,24,1,1,''),(350,2023121901,21,2,1,'marcelo.takashi@evolvebr.com'),(351,2023122101,24,1,1,''),(352,2023122101,21,2,1,'marcelo.takashi@evolvebr.com'),(353,2023122601,24,1,1,''),(354,2023122602,24,1,1,''),(355,2023122602,21,2,1,'marcelo.takashi@evolvebr.com'),(356,2023122601,21,2,1,'marcelo.takashi@evolvebr.com'),(357,2024010501,24,1,1,''),(358,2024010502,24,1,1,''),(359,2024010502,21,2,1,'marcelo.takashi@evolvebr.com'),(360,2024010501,21,2,1,'marcelo.takashi@evolvebr.com'),(364,2024013101,8,1,1,'asoares@petros.com.br'),(365,2024013101,10,2,1,'henrique.santos@evolvebr.com'),(367,2024013102,10,2,1,'henrique.santos@evolvebr.com'),(368,2024020101,8,1,1,'asoares@petros.com.br'),(369,2024020101,10,2,1,'henrique.santos@evolvebr.com'),(370,2024020501,12,1,1,''),(371,2024020601,24,1,1,''),(372,2024020601,21,2,1,'marcelo.takashi@evolvebr.com'),(373,2024020501,10,2,1,'henrique.santos@evolvebr.com'),(374,2023111002,21,2,1,'marcelo.takashi@evolvebr.com'),(377,2024031101,24,1,1,''),(381,2024031301,28,1,1,''),(382,2024031301,21,2,1,'marcelo.takashi@evolvebr.com'),(383,2024031501,8,1,1,''),(384,2024031502,8,1,1,''),(385,2024031503,8,1,1,''),(386,2024031504,8,1,1,''),(387,2024031505,8,1,1,''),(388,2024031506,8,1,1,''),(391,2024031506,10,2,1,'henrique.santos@evolvebr.com'),(392,2024031505,10,2,1,'henrique.santos@evolvebr.com'),(393,2024031504,10,2,1,'henrique.santos@evolvebr.com'),(394,2024031503,10,2,1,'henrique.santos@evolvebr.com'),(395,2024031502,10,2,1,'henrique.santos@evolvebr.com'),(396,2024031501,10,2,1,'henrique.santos@evolvebr.com'),(397,2024031508,8,1,1,''),(398,2024031101,21,2,1,'marcelo.takashi@evolvebr.com'),(399,2024031508,10,2,1,'henrique.santos@evolvebr.com'),(402,2024032103,10,1,1,'henrique.santos@evolvebr.com'),(403,2024011201,10,1,1,'henrique.santos@evolvebr.com'),(404,2024032201,28,1,1,''),(412,2024032201,21,2,1,'marcelo.takashi@evolvebr.com'),(414,2024032801,8,1,1,''),(415,2024032801,10,2,1,'henrique.santos@evolvebr.com'),(416,2024040101,24,1,1,''),(417,2024040101,21,2,1,'marcelo.takashi@evolvebr.com'),(418,2024040201,24,1,1,''),(419,2024040201,21,2,1,'marcelo.takashi@evolvebr.com'),(420,2024040401,8,1,1,''),(421,2024040401,10,2,1,'henrique.santos@evolvebr.com'),(422,2024041201,24,1,1,''),(423,2024041601,28,1,1,''),(424,2024041201,10,2,1,'henrique.santos@evolvebr.com'),(430,2024042901,10,2,1,'henrique.santos@evolvebr.com'),(432,2024051301,28,1,1,''),(433,2024051401,8,1,1,''),(434,2024051401,10,2,1,'henrique.santos@evolvebr.com'),(435,2024051301,10,2,1,'henrique.santos@evolvebr.com'),(436,2024060701,44,1,1,''),(437,2024061101,44,1,1,''),(438,2024060701,10,2,1,'henrique.santos@evolvebr.com'),(439,2024061101,10,2,1,'henrique.santos@evolvebr.com'),(440,2024061701,44,1,1,''),(441,2024061701,10,2,1,'henrique.santos@evolvebr.com'),(442,2024061901,44,1,1,''),(443,2024061901,10,2,1,'henrique.santos@evolvebr.com'),(444,2024061901,46,2,0,''),(445,2024062501,44,1,1,'otavio.zaparoli@viterra.com'),(446,2024062501,10,2,1,'henrique.santos@evolvebr.com'),(447,2024062502,44,1,1,'otavio.zaparoli@viterra.com'),(448,2024062502,10,2,1,'henrique.santos@evolvebr.com'),(449,2024042901,44,1,1,'otavio.zaparoli@viterra.com'),(450,2024041601,10,2,1,'henrique.santos@evolvebr.com'),(451,2023121801,10,2,1,'henrique.santos@evolvebr.com');

--
-- Table structure for table `glpi_ticketsatisfactions`
--

CREATE TABLE `glpi_ticketsatisfactions` (
  `id` int(10) unsigned NOT NULL AUTO_INCREMENT,
  `tickets_id` int(10) unsigned NOT NULL DEFAULT '0',
  `type` int(11) NOT NULL DEFAULT '1',
  `date_begin` timestamp NULL DEFAULT NULL,
  `date_answered` timestamp NULL DEFAULT NULL,
  `satisfaction` int(11) DEFAULT NULL,
  `comment` text COLLATE utf8mb4_unicode_ci,
  PRIMARY KEY (`id`),
  UNIQUE KEY `tickets_id` (`tickets_id`)
) ENGINE=InnoDB DEFAULT CHARSET=utf8mb4 COLLATE=utf8mb4_unicode_ci ROW_FORMAT=DYNAMIC;

--
-- Dumping data for table `glpi_ticketsatisfactions`
--


--
-- Table structure for table `glpi_tickettasks`
--

CREATE TABLE `glpi_tickettasks` (
  `id` int(10) unsigned NOT NULL AUTO_INCREMENT,
  `uuid` varchar(255) COLLATE utf8mb4_unicode_ci DEFAULT NULL,
  `tickets_id` int(10) unsigned NOT NULL DEFAULT '0',
  `taskcategories_id` int(10) unsigned NOT NULL DEFAULT '0',
  `date` timestamp NULL DEFAULT NULL,
  `users_id` int(10) unsigned NOT NULL DEFAULT '0',
  `users_id_editor` int(10) unsigned NOT NULL DEFAULT '0',
  `content` longtext COLLATE utf8mb4_unicode_ci,
  `is_private` tinyint(4) NOT NULL DEFAULT '0',
  `actiontime` int(11) NOT NULL DEFAULT '0',
  `begin` timestamp NULL DEFAULT NULL,
  `end` timestamp NULL DEFAULT NULL,
  `state` int(11) NOT NULL DEFAULT '1',
  `users_id_tech` int(10) unsigned NOT NULL DEFAULT '0',
  `groups_id_tech` int(10) unsigned NOT NULL DEFAULT '0',
  `date_mod` timestamp NULL DEFAULT NULL,
  `date_creation` timestamp NULL DEFAULT NULL,
  `tasktemplates_id` int(10) unsigned NOT NULL DEFAULT '0',
  `timeline_position` tinyint(4) NOT NULL DEFAULT '0',
  `sourceitems_id` int(10) unsigned NOT NULL DEFAULT '0',
  `sourceof_items_id` int(10) unsigned NOT NULL DEFAULT '0',
  PRIMARY KEY (`id`),
  UNIQUE KEY `uuid` (`uuid`),
  KEY `date` (`date`),
  KEY `date_mod` (`date_mod`),
  KEY `date_creation` (`date_creation`),
  KEY `users_id` (`users_id`),
  KEY `users_id_editor` (`users_id_editor`),
  KEY `tickets_id` (`tickets_id`),
  KEY `is_private` (`is_private`),
  KEY `taskcategories_id` (`taskcategories_id`),
  KEY `state` (`state`),
  KEY `users_id_tech` (`users_id_tech`),
  KEY `groups_id_tech` (`groups_id_tech`),
  KEY `begin` (`begin`),
  KEY `end` (`end`),
  KEY `tasktemplates_id` (`tasktemplates_id`),
  KEY `sourceitems_id` (`sourceitems_id`),
  KEY `sourceof_items_id` (`sourceof_items_id`)
) ENGINE=InnoDB DEFAULT CHARSET=utf8mb4 COLLATE=utf8mb4_unicode_ci ROW_FORMAT=DYNAMIC;

--
-- Dumping data for table `glpi_tickettasks`
--


--
-- Table structure for table `glpi_tickettemplatehiddenfields`
--

CREATE TABLE `glpi_tickettemplatehiddenfields` (
  `id` int(10) unsigned NOT NULL AUTO_INCREMENT,
  `tickettemplates_id` int(10) unsigned NOT NULL DEFAULT '0',
  `num` int(11) NOT NULL DEFAULT '0',
  PRIMARY KEY (`id`),
  UNIQUE KEY `unicity` (`tickettemplates_id`,`num`)
) ENGINE=InnoDB AUTO_INCREMENT=4 DEFAULT CHARSET=utf8mb4 COLLATE=utf8mb4_unicode_ci ROW_FORMAT=DYNAMIC;

--
-- Dumping data for table `glpi_tickettemplatehiddenfields`
--

INSERT INTO `glpi_tickettemplatehiddenfields` VALUES (3,2,65),(1,2,66),(2,2,83);

--
-- Table structure for table `glpi_tickettemplatemandatoryfields`
--

CREATE TABLE `glpi_tickettemplatemandatoryfields` (
  `id` int(10) unsigned NOT NULL AUTO_INCREMENT,
  `tickettemplates_id` int(10) unsigned NOT NULL DEFAULT '0',
  `num` int(11) NOT NULL DEFAULT '0',
  PRIMARY KEY (`id`),
  UNIQUE KEY `unicity` (`tickettemplates_id`,`num`)
) ENGINE=InnoDB AUTO_INCREMENT=2 DEFAULT CHARSET=utf8mb4 COLLATE=utf8mb4_unicode_ci ROW_FORMAT=DYNAMIC;

--
-- Dumping data for table `glpi_tickettemplatemandatoryfields`
--

INSERT INTO `glpi_tickettemplatemandatoryfields` VALUES (1,1,21);

--
-- Table structure for table `glpi_tickettemplatepredefinedfields`
--

CREATE TABLE `glpi_tickettemplatepredefinedfields` (
  `id` int(10) unsigned NOT NULL AUTO_INCREMENT,
  `tickettemplates_id` int(10) unsigned NOT NULL DEFAULT '0',
  `num` int(11) NOT NULL DEFAULT '0',
  `value` text COLLATE utf8mb4_unicode_ci,
  PRIMARY KEY (`id`),
  KEY `tickettemplates_id` (`tickettemplates_id`)
) ENGINE=InnoDB DEFAULT CHARSET=utf8mb4 COLLATE=utf8mb4_unicode_ci ROW_FORMAT=DYNAMIC;

--
-- Dumping data for table `glpi_tickettemplatepredefinedfields`
--


--
-- Table structure for table `glpi_tickettemplates`
--

CREATE TABLE `glpi_tickettemplates` (
  `id` int(10) unsigned NOT NULL AUTO_INCREMENT,
  `name` varchar(255) COLLATE utf8mb4_unicode_ci DEFAULT NULL,
  `entities_id` int(10) unsigned NOT NULL DEFAULT '0',
  `is_recursive` tinyint(4) NOT NULL DEFAULT '0',
  `comment` text COLLATE utf8mb4_unicode_ci,
  PRIMARY KEY (`id`),
  KEY `name` (`name`),
  KEY `entities_id` (`entities_id`),
  KEY `is_recursive` (`is_recursive`)
) ENGINE=InnoDB AUTO_INCREMENT=3 DEFAULT CHARSET=utf8mb4 COLLATE=utf8mb4_unicode_ci ROW_FORMAT=DYNAMIC;

--
-- Dumping data for table `glpi_tickettemplates`
--

INSERT INTO `glpi_tickettemplates` VALUES (1,'Default',0,1,NULL),(2,'Modelo Suporte',0,0,'');

--
-- Table structure for table `glpi_ticketvalidations`
--

CREATE TABLE `glpi_ticketvalidations` (
  `id` int(10) unsigned NOT NULL AUTO_INCREMENT,
  `entities_id` int(10) unsigned NOT NULL DEFAULT '0',
  `users_id` int(10) unsigned NOT NULL DEFAULT '0',
  `tickets_id` int(10) unsigned NOT NULL DEFAULT '0',
  `users_id_validate` int(10) unsigned NOT NULL DEFAULT '0',
  `comment_submission` text COLLATE utf8mb4_unicode_ci,
  `comment_validation` text COLLATE utf8mb4_unicode_ci,
  `status` int(11) NOT NULL DEFAULT '2',
  `submission_date` timestamp NULL DEFAULT NULL,
  `validation_date` timestamp NULL DEFAULT NULL,
  `timeline_position` tinyint(4) NOT NULL DEFAULT '0',
  PRIMARY KEY (`id`),
  KEY `entities_id` (`entities_id`),
  KEY `users_id` (`users_id`),
  KEY `users_id_validate` (`users_id_validate`),
  KEY `tickets_id` (`tickets_id`),
  KEY `submission_date` (`submission_date`),
  KEY `validation_date` (`validation_date`),
  KEY `status` (`status`)
) ENGINE=InnoDB DEFAULT CHARSET=utf8mb4 COLLATE=utf8mb4_unicode_ci ROW_FORMAT=DYNAMIC;

--
-- Dumping data for table `glpi_ticketvalidations`
--


--
-- Table structure for table `glpi_transfers`
--

CREATE TABLE `glpi_transfers` (
  `id` int(10) unsigned NOT NULL AUTO_INCREMENT,
  `name` varchar(255) COLLATE utf8mb4_unicode_ci DEFAULT NULL,
  `keep_ticket` int(11) NOT NULL DEFAULT '0',
  `keep_networklink` int(11) NOT NULL DEFAULT '0',
  `keep_reservation` int(11) NOT NULL DEFAULT '0',
  `keep_history` int(11) NOT NULL DEFAULT '0',
  `keep_device` int(11) NOT NULL DEFAULT '0',
  `keep_infocom` int(11) NOT NULL DEFAULT '0',
  `keep_dc_monitor` int(11) NOT NULL DEFAULT '0',
  `clean_dc_monitor` int(11) NOT NULL DEFAULT '0',
  `keep_dc_phone` int(11) NOT NULL DEFAULT '0',
  `clean_dc_phone` int(11) NOT NULL DEFAULT '0',
  `keep_dc_peripheral` int(11) NOT NULL DEFAULT '0',
  `clean_dc_peripheral` int(11) NOT NULL DEFAULT '0',
  `keep_dc_printer` int(11) NOT NULL DEFAULT '0',
  `clean_dc_printer` int(11) NOT NULL DEFAULT '0',
  `keep_supplier` int(11) NOT NULL DEFAULT '0',
  `clean_supplier` int(11) NOT NULL DEFAULT '0',
  `keep_contact` int(11) NOT NULL DEFAULT '0',
  `clean_contact` int(11) NOT NULL DEFAULT '0',
  `keep_contract` int(11) NOT NULL DEFAULT '0',
  `clean_contract` int(11) NOT NULL DEFAULT '0',
  `keep_software` int(11) NOT NULL DEFAULT '0',
  `clean_software` int(11) NOT NULL DEFAULT '0',
  `keep_document` int(11) NOT NULL DEFAULT '0',
  `clean_document` int(11) NOT NULL DEFAULT '0',
  `keep_cartridgeitem` int(11) NOT NULL DEFAULT '0',
  `clean_cartridgeitem` int(11) NOT NULL DEFAULT '0',
  `keep_cartridge` int(11) NOT NULL DEFAULT '0',
  `keep_consumable` int(11) NOT NULL DEFAULT '0',
  `date_mod` timestamp NULL DEFAULT NULL,
  `date_creation` timestamp NULL DEFAULT NULL,
  `comment` text COLLATE utf8mb4_unicode_ci,
  `keep_disk` int(11) NOT NULL DEFAULT '0',
  `keep_certificate` int(11) NOT NULL DEFAULT '0',
  `clean_certificate` int(11) NOT NULL DEFAULT '0',
  `lock_updated_fields` int(11) NOT NULL DEFAULT '0',
  PRIMARY KEY (`id`),
  KEY `name` (`name`),
  KEY `date_mod` (`date_mod`),
  KEY `date_creation` (`date_creation`)
) ENGINE=InnoDB AUTO_INCREMENT=2 DEFAULT CHARSET=utf8mb4 COLLATE=utf8mb4_unicode_ci ROW_FORMAT=DYNAMIC;

--
-- Dumping data for table `glpi_transfers`
--

INSERT INTO `glpi_transfers` VALUES (1,'complete',2,2,1,1,1,1,1,1,1,1,1,1,1,1,1,1,1,1,1,1,1,1,1,1,1,1,1,1,NULL,NULL,NULL,1,1,1,0);

--
-- Table structure for table `glpi_unmanageds`
--

CREATE TABLE `glpi_unmanageds` (
  `id` int(10) unsigned NOT NULL AUTO_INCREMENT,
  `entities_id` int(10) unsigned NOT NULL DEFAULT '0',
  `is_recursive` tinyint(4) NOT NULL DEFAULT '0',
  `name` varchar(255) COLLATE utf8mb4_unicode_ci DEFAULT NULL,
  `serial` varchar(255) COLLATE utf8mb4_unicode_ci DEFAULT NULL,
  `otherserial` varchar(255) COLLATE utf8mb4_unicode_ci DEFAULT NULL,
  `contact` varchar(255) COLLATE utf8mb4_unicode_ci DEFAULT NULL,
  `contact_num` varchar(255) COLLATE utf8mb4_unicode_ci DEFAULT NULL,
  `date_mod` timestamp NULL DEFAULT NULL,
  `comment` text COLLATE utf8mb4_unicode_ci,
  `locations_id` int(10) unsigned NOT NULL DEFAULT '0',
  `networks_id` int(10) unsigned NOT NULL DEFAULT '0',
  `manufacturers_id` int(10) unsigned NOT NULL DEFAULT '0',
  `is_deleted` tinyint(4) NOT NULL DEFAULT '0',
  `users_id` int(10) unsigned NOT NULL DEFAULT '0',
  `groups_id` int(10) unsigned NOT NULL DEFAULT '0',
  `states_id` int(10) unsigned NOT NULL DEFAULT '0',
  `users_id_tech` int(10) unsigned NOT NULL DEFAULT '0',
  `groups_id_tech` int(10) unsigned NOT NULL DEFAULT '0',
  `is_dynamic` tinyint(4) NOT NULL DEFAULT '0',
  `date_creation` timestamp NULL DEFAULT NULL,
  `autoupdatesystems_id` int(10) unsigned NOT NULL DEFAULT '0',
  `sysdescr` text COLLATE utf8mb4_unicode_ci,
  `agents_id` int(10) unsigned NOT NULL DEFAULT '0',
  `itemtype` varchar(100) COLLATE utf8mb4_unicode_ci DEFAULT NULL,
  `accepted` tinyint(4) NOT NULL DEFAULT '0',
  `hub` tinyint(4) NOT NULL DEFAULT '0',
  `ip` varchar(255) COLLATE utf8mb4_unicode_ci DEFAULT NULL,
  `snmpcredentials_id` int(10) unsigned NOT NULL DEFAULT '0',
  `last_inventory_update` timestamp NULL DEFAULT NULL,
  PRIMARY KEY (`id`),
  KEY `name` (`name`),
  KEY `entities_id` (`entities_id`),
  KEY `is_recursive` (`is_recursive`),
  KEY `manufacturers_id` (`manufacturers_id`),
  KEY `groups_id` (`groups_id`),
  KEY `users_id` (`users_id`),
  KEY `locations_id` (`locations_id`),
  KEY `networks_id` (`networks_id`),
  KEY `states_id` (`states_id`),
  KEY `groups_id_tech` (`groups_id_tech`),
  KEY `is_deleted` (`is_deleted`),
  KEY `date_mod` (`date_mod`),
  KEY `is_dynamic` (`is_dynamic`),
  KEY `serial` (`serial`),
  KEY `otherserial` (`otherserial`),
  KEY `date_creation` (`date_creation`),
  KEY `autoupdatesystems_id` (`autoupdatesystems_id`),
  KEY `agents_id` (`agents_id`),
  KEY `snmpcredentials_id` (`snmpcredentials_id`),
  KEY `users_id_tech` (`users_id_tech`)
) ENGINE=InnoDB DEFAULT CHARSET=utf8mb4 COLLATE=utf8mb4_unicode_ci ROW_FORMAT=DYNAMIC;

--
-- Dumping data for table `glpi_unmanageds`
--


--
-- Table structure for table `glpi_usbvendors`
--

CREATE TABLE `glpi_usbvendors` (
  `id` int(10) unsigned NOT NULL AUTO_INCREMENT,
  `entities_id` int(10) unsigned NOT NULL DEFAULT '0',
  `is_recursive` tinyint(4) NOT NULL DEFAULT '0',
  `vendorid` varchar(4) COLLATE utf8mb4_unicode_ci NOT NULL,
  `deviceid` varchar(4) COLLATE utf8mb4_unicode_ci DEFAULT NULL,
  `name` varchar(255) COLLATE utf8mb4_unicode_ci DEFAULT NULL,
  `comment` text COLLATE utf8mb4_unicode_ci,
  `date_creation` timestamp NULL DEFAULT NULL,
  `date_mod` timestamp NULL DEFAULT NULL,
  PRIMARY KEY (`id`),
  UNIQUE KEY `unicity` (`vendorid`,`deviceid`),
  KEY `deviceid` (`deviceid`),
  KEY `name` (`name`),
  KEY `entities_id` (`entities_id`),
  KEY `is_recursive` (`is_recursive`),
  KEY `date_mod` (`date_mod`),
  KEY `date_creation` (`date_creation`)
) ENGINE=InnoDB DEFAULT CHARSET=utf8mb4 COLLATE=utf8mb4_unicode_ci ROW_FORMAT=DYNAMIC;

--
-- Dumping data for table `glpi_usbvendors`
--


--
-- Table structure for table `glpi_usercategories`
--

CREATE TABLE `glpi_usercategories` (
  `id` int(10) unsigned NOT NULL AUTO_INCREMENT,
  `name` varchar(255) COLLATE utf8mb4_unicode_ci DEFAULT NULL,
  `comment` text COLLATE utf8mb4_unicode_ci,
  `date_mod` timestamp NULL DEFAULT NULL,
  `date_creation` timestamp NULL DEFAULT NULL,
  PRIMARY KEY (`id`),
  KEY `name` (`name`),
  KEY `date_mod` (`date_mod`),
  KEY `date_creation` (`date_creation`)
) ENGINE=InnoDB AUTO_INCREMENT=2 DEFAULT CHARSET=utf8mb4 COLLATE=utf8mb4_unicode_ci ROW_FORMAT=DYNAMIC;

--
-- Dumping data for table `glpi_usercategories`
--

INSERT INTO `glpi_usercategories` VALUES (1,'Evolve','','2023-06-20 16:04:10','2023-06-20 16:04:10');

--
-- Table structure for table `glpi_useremails`
--

CREATE TABLE `glpi_useremails` (
  `id` int(10) unsigned NOT NULL AUTO_INCREMENT,
  `users_id` int(10) unsigned NOT NULL DEFAULT '0',
  `is_default` tinyint(4) NOT NULL DEFAULT '0',
  `is_dynamic` tinyint(4) NOT NULL DEFAULT '0',
  `email` varchar(255) COLLATE utf8mb4_unicode_ci DEFAULT NULL,
  PRIMARY KEY (`id`),
  UNIQUE KEY `unicity` (`users_id`,`email`),
  KEY `email` (`email`),
  KEY `is_default` (`is_default`),
  KEY `is_dynamic` (`is_dynamic`)
) ENGINE=InnoDB AUTO_INCREMENT=33 DEFAULT CHARSET=utf8mb4 COLLATE=utf8mb4_unicode_ci ROW_FORMAT=DYNAMIC;

--
-- Dumping data for table `glpi_useremails`
--

INSERT INTO `glpi_useremails` VALUES (1,10,1,0,'henrique.santos@evolvebr.com'),(2,11,1,0,'adriano.pereira@evolvebr.com'),(3,12,1,0,'pinocencio@orizon.com.br'),(4,8,1,0,'asoares@petros.com.br'),(5,13,1,0,'carlos.galbiatti@viterra.com'),(6,14,1,0,'marcelo.koga@viterra.com'),(7,15,1,0,'gerciara.calixto@softtek.com'),(8,16,1,0,'henrique.ribeiro@hypera.com.br'),(9,17,1,0,'alessandro.osouza@einstein.br'),(10,18,1,0,'crissi@petros.com.br'),(12,20,1,0,'bruno.motta@evolvebr.com'),(13,21,1,0,'marcelo.takashi@evolvebr.com'),(14,22,1,0,'henrique.santos@evolvebr.com'),(15,24,1,0,'gustavo.ferro@einstein.br'),(17,26,1,0,'juliana.carvalho@evolvebr.com'),(19,28,1,0,'roberta.squinello@einstein.br'),(20,29,1,0,'alessandro.souza@einstein.br'),(21,30,1,0,'nilson.cupertino@einstein.br'),(22,32,1,0,'adriany.ribeiro@unimednacional.coop.br'),(23,33,1,0,'fabio.boro@unimednacional.coop.br'),(24,34,1,0,'leonardo.camporesi@unimednacional.coop.br'),(25,36,1,0,'gustavo.pinfildi@unimednacional.coop.br'),(26,37,1,0,'bianca.souza@centralnacionalunimed.com.br'),(27,39,1,0,'diogo.silva@unimednacional.coop.br'),(28,40,1,0,'igor.silva@unimednacional.coop.br'),(29,42,1,0,'rodrigo.frazao@stone.com.br'),(30,43,1,0,'miriam.aharonovitz@viterra.com'),(31,44,1,0,'otavio.zaparoli@viterra.com'),(32,45,1,0,'priscilla.laprega@viterra.com');

--
-- Table structure for table `glpi_usertitles`
--

CREATE TABLE `glpi_usertitles` (
  `id` int(10) unsigned NOT NULL AUTO_INCREMENT,
  `name` varchar(255) COLLATE utf8mb4_unicode_ci DEFAULT NULL,
  `comment` text COLLATE utf8mb4_unicode_ci,
  `date_mod` timestamp NULL DEFAULT NULL,
  `date_creation` timestamp NULL DEFAULT NULL,
  PRIMARY KEY (`id`),
  KEY `name` (`name`),
  KEY `date_mod` (`date_mod`),
  KEY `date_creation` (`date_creation`)
) ENGINE=InnoDB DEFAULT CHARSET=utf8mb4 COLLATE=utf8mb4_unicode_ci ROW_FORMAT=DYNAMIC;

--
-- Dumping data for table `glpi_usertitles`
--


--
-- Table structure for table `glpi_virtualmachinestates`
--

CREATE TABLE `glpi_virtualmachinestates` (
  `id` int(10) unsigned NOT NULL AUTO_INCREMENT,
  `name` varchar(255) COLLATE utf8mb4_unicode_ci NOT NULL DEFAULT '',
  `comment` text COLLATE utf8mb4_unicode_ci,
  `date_mod` timestamp NULL DEFAULT NULL,
  `date_creation` timestamp NULL DEFAULT NULL,
  PRIMARY KEY (`id`),
  KEY `name` (`name`),
  KEY `date_mod` (`date_mod`),
  KEY `date_creation` (`date_creation`)
) ENGINE=InnoDB DEFAULT CHARSET=utf8mb4 COLLATE=utf8mb4_unicode_ci ROW_FORMAT=DYNAMIC;

--
-- Dumping data for table `glpi_virtualmachinestates`
--


--
-- Table structure for table `glpi_virtualmachinesystems`
--

CREATE TABLE `glpi_virtualmachinesystems` (
  `id` int(10) unsigned NOT NULL AUTO_INCREMENT,
  `name` varchar(255) COLLATE utf8mb4_unicode_ci NOT NULL DEFAULT '',
  `comment` text COLLATE utf8mb4_unicode_ci,
  `date_mod` timestamp NULL DEFAULT NULL,
  `date_creation` timestamp NULL DEFAULT NULL,
  PRIMARY KEY (`id`),
  KEY `name` (`name`),
  KEY `date_mod` (`date_mod`),
  KEY `date_creation` (`date_creation`)
) ENGINE=InnoDB DEFAULT CHARSET=utf8mb4 COLLATE=utf8mb4_unicode_ci ROW_FORMAT=DYNAMIC;

--
-- Dumping data for table `glpi_virtualmachinesystems`
--


--
-- Table structure for table `glpi_virtualmachinetypes`
--

CREATE TABLE `glpi_virtualmachinetypes` (
  `id` int(10) unsigned NOT NULL AUTO_INCREMENT,
  `name` varchar(255) COLLATE utf8mb4_unicode_ci NOT NULL DEFAULT '',
  `comment` text COLLATE utf8mb4_unicode_ci,
  `date_mod` timestamp NULL DEFAULT NULL,
  `date_creation` timestamp NULL DEFAULT NULL,
  PRIMARY KEY (`id`),
  KEY `name` (`name`),
  KEY `date_mod` (`date_mod`),
  KEY `date_creation` (`date_creation`)
) ENGINE=InnoDB DEFAULT CHARSET=utf8mb4 COLLATE=utf8mb4_unicode_ci ROW_FORMAT=DYNAMIC;

--
-- Dumping data for table `glpi_virtualmachinetypes`
--


--
-- Table structure for table `glpi_vlans`
--

CREATE TABLE `glpi_vlans` (
  `id` int(10) unsigned NOT NULL AUTO_INCREMENT,
  `entities_id` int(10) unsigned NOT NULL DEFAULT '0',
  `is_recursive` tinyint(4) NOT NULL DEFAULT '0',
  `name` varchar(255) COLLATE utf8mb4_unicode_ci DEFAULT NULL,
  `comment` text COLLATE utf8mb4_unicode_ci,
  `tag` int(11) NOT NULL DEFAULT '0',
  `date_mod` timestamp NULL DEFAULT NULL,
  `date_creation` timestamp NULL DEFAULT NULL,
  PRIMARY KEY (`id`),
  KEY `name` (`name`),
  KEY `entities_id` (`entities_id`),
  KEY `is_recursive` (`is_recursive`),
  KEY `tag` (`tag`),
  KEY `date_mod` (`date_mod`),
  KEY `date_creation` (`date_creation`)
) ENGINE=InnoDB DEFAULT CHARSET=utf8mb4 COLLATE=utf8mb4_unicode_ci ROW_FORMAT=DYNAMIC;

--
-- Dumping data for table `glpi_vlans`
--


--
-- Table structure for table `glpi_vobjects`
--

CREATE TABLE `glpi_vobjects` (
  `id` int(10) unsigned NOT NULL AUTO_INCREMENT,
  `itemtype` varchar(100) COLLATE utf8mb4_unicode_ci DEFAULT NULL,
  `items_id` int(10) unsigned NOT NULL DEFAULT '0',
  `data` text COLLATE utf8mb4_unicode_ci,
  `date_mod` timestamp NULL DEFAULT NULL,
  `date_creation` timestamp NULL DEFAULT NULL,
  PRIMARY KEY (`id`),
  UNIQUE KEY `unicity` (`itemtype`,`items_id`),
  KEY `item` (`itemtype`,`items_id`),
  KEY `date_mod` (`date_mod`),
  KEY `date_creation` (`date_creation`)
) ENGINE=InnoDB DEFAULT CHARSET=utf8mb4 COLLATE=utf8mb4_unicode_ci ROW_FORMAT=DYNAMIC;

--
-- Dumping data for table `glpi_vobjects`
--


--
-- Table structure for table `glpi_wifinetworks`
--

CREATE TABLE `glpi_wifinetworks` (
  `id` int(10) unsigned NOT NULL AUTO_INCREMENT,
  `entities_id` int(10) unsigned NOT NULL DEFAULT '0',
  `is_recursive` tinyint(4) NOT NULL DEFAULT '0',
  `name` varchar(255) COLLATE utf8mb4_unicode_ci DEFAULT NULL,
  `essid` varchar(255) COLLATE utf8mb4_unicode_ci DEFAULT NULL,
  `mode` varchar(255) COLLATE utf8mb4_unicode_ci DEFAULT NULL COMMENT 'ad-hoc, access_point',
  `comment` text COLLATE utf8mb4_unicode_ci,
  `date_mod` timestamp NULL DEFAULT NULL,
  `date_creation` timestamp NULL DEFAULT NULL,
  PRIMARY KEY (`id`),
  KEY `entities_id` (`entities_id`),
  KEY `is_recursive` (`is_recursive`),
  KEY `essid` (`essid`),
  KEY `name` (`name`),
  KEY `date_mod` (`date_mod`),
  KEY `date_creation` (`date_creation`)
) ENGINE=InnoDB DEFAULT CHARSET=utf8mb4 COLLATE=utf8mb4_unicode_ci ROW_FORMAT=DYNAMIC;

--
-- Dumping data for table `glpi_wifinetworks`
--



